--
-- Host: localhost    Database: philipp_winterrodeln_wiki
-- ------------------------------------------------------




--
-- Table structure for table `page`
--

CREATE TABLE `page` (
  page_id int(10) unsigned NOT NULL AUTO_INCREMENT,
  page_namespace int(11) NOT NULL,
  page_title varchar(255) CHARACTER SET utf8 COLLATE utf8_bin NOT NULL,
  page_restrictions tinyblob NOT NULL,
  page_is_redirect tinyint(3) unsigned NOT NULL DEFAULT '0',
  page_is_new tinyint(3) unsigned NOT NULL DEFAULT '0',
  page_random double unsigned NOT NULL,
  page_touched binary(14) NOT NULL DEFAULT '\0\0\0\0\0\0\0\0\0\0\0\0\0\0',
  page_latest int(10) unsigned NOT NULL,
  page_len int(10) unsigned NOT NULL,
  page_content_model varbinary(32) DEFAULT NULL,
  page_links_updated varbinary(14) DEFAULT NULL,
  page_lang varbinary(35) DEFAULT NULL,
  PRIMARY KEY (page_id),
  UNIQUE KEY name_title (page_namespace,page_title),
  KEY page_random (page_random),
  KEY page_len (page_len),
  KEY page_redirect_namespace_len (page_is_redirect,page_namespace,page_len)
) ENGINE=MyISAM AUTO_INCREMENT=2083 DEFAULT CHARSET=utf8;

--
-- Dumping data for table `page`
--

INSERT INTO page VALUES (5,0,'Birgitzer_Alm_(vom_Adelshof)','',0,0,0.245395658322,0x3230313730343231313632363231,12403,8351,0x77696B6974657874,0x3230313730313039313133343437,NULL);
INSERT INTO page VALUES (228,0,'Brandstatt_Alm','',0,0,0.420865595755,0x3230313730333235323230363132,12495,6254,0x77696B6974657874,0x3230313730313134323135363236,NULL);
INSERT INTO page VALUES (237,0,'Gleirschalm','',0,0,0.267926731142,0x3230313730333236323132353238,12078,5844,0x77696B6974657874,0x3230313730313039313133343433,NULL);
INSERT INTO page VALUES (251,0,'Juifenalm','',0,0,0.320622258017,0x3230313730333230323231373038,12312,6609,0x77696B6974657874,0x3230313730313039313133353438,NULL);
INSERT INTO page VALUES (283,0,'Schattenlagant','',0,0,0.925867554414,0x3230313730323236313330323031,11442,5537,0x77696B6974657874,0x3230313630313130323031393331,NULL);
INSERT INTO page VALUES (761,0,'Pleisenhütte_Axamer_Lizum','',0,0,0.33473706828,0x3230313730333236303430333539,12404,5975,0x77696B6974657874,0x3230313730313039313133323033,NULL);
INSERT INTO page VALUES (793,0,'Prantner_Alm','',0,0,0.975670831008,0x3230313730333139313735363037,11394,4508,0x77696B6974657874,0x3230313630313130323030363339,NULL);
INSERT INTO page VALUES (926,0,'Hühnerspiel','',0,0,0.87216336172,0x3230313730313239313730323530,10822,6123,0x77696B6974657874,0x3230313630313130323031353433,NULL);
INSERT INTO page VALUES (1417,0,'Grindelwald_-_First','',0,0,0.640240649077,0x3230313730333239323332343439,12260,9027,0x77696B6974657874,0x3230313631323038313633373431,NULL);
INSERT INTO page VALUES (1804,0,'Haunold','',0,0,0.202512472779,0x3230313730333232303630373538,11258,4441,0x77696B6974657874,0x3230313730313137323132363532,NULL);
INSERT INTO page VALUES (355,0,'Kemater_Alm_(Gasthaus)','',0,0,0.770945735412,0x3230313730313137323132383539,12515,1951,0x77696B6974657874,0x3230313730313137323132393130,NULL);
INSERT INTO page VALUES (356,0,'Maria_Waldrast_(Klostergasthaus)','',0,0,0.021824966909,0x3230313530393038313930303331,9183,1826,NULL,0x3230313530393038323031313338,NULL);
INSERT INTO page VALUES (357,0,'Krinnenalpe_(Gasthaus)','',0,0,0.422007001783,0x3230313730313132323034393131,5527,1099,NULL,0x3230313730313137323133303435,NULL);
INSERT INTO page VALUES (358,0,'Larstig_Alm_(Gasthaus)','',0,0,0.746338456577,0x3230313530393038313930303331,6983,1600,NULL,0x3230313530393038323031363531,NULL);
INSERT INTO page VALUES (359,0,'Lehnberghaus_(Gasthaus)','',0,0,0.79085762362,0x3230313730313131313931363336,12438,1469,0x77696B6974657874,0x3230313730313131313931363338,NULL);
INSERT INTO page VALUES (360,0,'Liechtensteinhaus_(Gasthaus)','',0,0,0.226321696251,0x3230313530393038313930303331,3683,1371,NULL,0x3230313530393038313935323436,NULL);
INSERT INTO page VALUES (361,0,'Lindauer_Hütte_(Gasthaus)','',0,0,0.9573146328,0x3230313530393038313930303331,5965,1517,NULL,0x3230313530393038313933373231,NULL);
INSERT INTO page VALUES (362,0,'Meißner_Haus_(Gasthaus)','',0,0,0.990841043284,0x3230313530393038313930303331,11469,2030,0x77696B6974657874,0x3230313530393038313935393239,NULL);
INSERT INTO page VALUES (363,0,'Milderaun_Alm_(Gasthaus)','',0,0,0.590452460099,0x3230313630313132323030343435,11892,1196,0x77696B6974657874,0x3230313630313132323030343435,NULL);
INSERT INTO page VALUES (364,0,'Moonlight-Bar','',0,0,0.26113951404,0x3230313631313238323035383135,12211,1343,0x77696B6974657874,0x3230313631313238323130353239,NULL);
INSERT INTO page VALUES (365,0,'Mutterer_Alm_(Gasthaus)','',0,0,0.601568574877,0x3230313530393038313930303331,9272,1311,NULL,0x3230313530393038313931373436,NULL);
INSERT INTO page VALUES (395,0,'Vorarlberg','',0,0,0.329166337552,0x3230313730343231313632363231,9070,381,NULL,NULL,NULL);
INSERT INTO page VALUES (396,0,'Steiermark','',0,0,0.419857416536,0x3230313730343231313632363231,9076,366,NULL,NULL,NULL);
INSERT INTO page VALUES (397,0,'Tirol','',0,0,0.896511648088,0x3230313730373130323131383530,10986,1466,0x77696B6974657874,0x3230313431323033323330323432,NULL);
INSERT INTO page VALUES (833,0,'Tirol_Oberland','',0,0,0.295231042657,0x3230313730343231313632363231,10945,1221,0x77696B6974657874,0x3230313431313236313835333139,NULL);
INSERT INTO page VALUES (834,0,'Tirol_Unterland','',0,0,0.698035112516,0x3230313730343231313632363231,11782,1085,0x77696B6974657874,0x3230313630313034323030353337,NULL);
INSERT INTO page VALUES (835,0,'Osttirol','',0,0,0.247561928582,0x3230313730343231313632363231,10597,762,0x77696B6974657874,0x3230313430393039323130313336,NULL);
INSERT INTO page VALUES (836,0,'Südtirol','',0,0,0.461877854356,0x3230313730343231313632363231,10675,729,0x77696B6974657874,0x3230313431313036313531313032,NULL);
INSERT INTO page VALUES (837,0,'Kärnten','',0,0,0.597744706979,0x3230313730343231313632363231,4150,447,NULL,NULL,NULL);
INSERT INTO page VALUES (838,0,'Nordtirol','',0,0,0.936588774986,0x3230313730343231313632363231,12306,2449,0x77696B6974657874,0x3230313631323231323131343433,NULL);
INSERT INTO page VALUES (839,0,'Salzburg','',0,0,0.497455784328,0x3230313730343231313632363231,9074,597,NULL,NULL,NULL);
INSERT INTO page VALUES (879,0,'Oberösterreich','',0,0,0.833904954222,0x3230313730343231313632363231,4153,502,NULL,NULL,NULL);
INSERT INTO page VALUES (880,0,'Niederösterreich','',0,0,0.183306500609,0x3230313730343231313632363231,12172,801,0x77696B6974657874,0x3230313631313138313632323330,NULL);
INSERT INTO page VALUES (881,0,'Schweiz','',0,0,0.442140848848,0x3230313730353135323132393336,10320,694,NULL,NULL,NULL);
INSERT INTO page VALUES (882,0,'Innsbruck','',0,0,0.729341263059,0x3230313730343231313632363231,11026,1531,0x77696B6974657874,0x3230313431323130323132363135,NULL);
INSERT INTO page VALUES (1353,0,'Stubaital_Wipptal','',0,0,0.681565462273,0x3230313730343231313632363231,9077,835,NULL,NULL,NULL);
INSERT INTO page VALUES (1354,0,'Seefeld_Leutasch','',0,0,0.983349633505,0x3230313730343231313632363231,9075,566,NULL,NULL,NULL);



--
-- Table structure for table `categorylinks`
--

CREATE TABLE categorylinks (
  cl_from int(10) unsigned NOT NULL DEFAULT '0',
  cl_to varchar(255) CHARACTER SET utf8 COLLATE utf8_bin NOT NULL DEFAULT '',
  cl_sortkey varbinary(230) NOT NULL DEFAULT '',
  cl_timestamp timestamp NOT NULL DEFAULT CURRENT_TIMESTAMP ON UPDATE CURRENT_TIMESTAMP,
  cl_sortkey_prefix varchar(255) CHARACTER SET utf8 COLLATE utf8_bin NOT NULL DEFAULT '',
  cl_collation varbinary(32) NOT NULL DEFAULT '',
  cl_type enum('page','subcat','file') NOT NULL DEFAULT 'page',
  UNIQUE KEY cl_from (cl_from,cl_to),
  KEY cl_timestamp (cl_to,cl_timestamp),
  KEY cl_sortkey (cl_to,cl_type,cl_sortkey,cl_from),
  KEY cl_collation_ext (cl_collation,cl_to,cl_type,cl_from)
) ENGINE=MyISAM DEFAULT CHARSET=utf8;

--
-- Dumping data for table `categorylinks`
--

INSERT INTO categorylinks VALUES (5,'Rodelbahn',0x4249524749545A455220414C4D2028564F4D204144454C53484F4629,'2008-09-25 19:42:54','',0x757070657263617365,'page');
INSERT INTO categorylinks VALUES (228,'Rodelbahn',0x4252414E44535441545420414C4D,'2008-10-31 18:20:02','',0x757070657263617365,'page');
INSERT INTO categorylinks VALUES (237,'Rodelbahn',0x474C454952534348414C4D,'2008-10-31 18:20:28','',0x757070657263617365,'page');
INSERT INTO categorylinks VALUES (251,'Rodelbahn',0x4A554946454E414C4D,'2008-10-31 18:20:51','',0x757070657263617365,'page');
INSERT INTO categorylinks VALUES (283,'Rodelbahn',0x534348415454454E4C4147414E54,'2008-10-31 18:21:50','',0x757070657263617365,'page');
INSERT INTO categorylinks VALUES (355,'Gasthaus',0x4B454D4154455220414C4D2028474153544841555329,'2008-10-31 19:10:23','',0x757070657263617365,'page');
INSERT INTO categorylinks VALUES (356,'Gasthaus',0x4D415249412057414C445241535420284B4C4F53544552474153544841555329,'2008-10-31 19:10:24','',0x757070657263617365,'page');
INSERT INTO categorylinks VALUES (357,'Gasthaus',0x4B52494E4E454E414C50452028474153544841555329,'2008-10-31 19:10:25','',0x757070657263617365,'page');
INSERT INTO categorylinks VALUES (357,'In_Arbeit',0x4B52494E4E454E414C50452028474153544841555329,'2008-10-31 19:45:43','',0x757070657263617365,'page');
INSERT INTO categorylinks VALUES (358,'Gasthaus',0x4C41525354494720414C4D2028474153544841555329,'2008-10-31 19:10:27','',0x757070657263617365,'page');
INSERT INTO categorylinks VALUES (359,'Gasthaus',0x4C45484E42455247484155532028474153544841555329,'2008-10-31 19:10:28','',0x757070657263617365,'page');
INSERT INTO categorylinks VALUES (360,'Gasthaus',0x4C4945434854454E535445494E484155532028474153544841555329,'2008-10-31 19:10:30','',0x757070657263617365,'page');
INSERT INTO categorylinks VALUES (361,'Gasthaus',0x4C494E44415545522048C39C5454452028474153544841555329,'2008-10-31 19:10:31','',0x757070657263617365,'page');
INSERT INTO categorylinks VALUES (362,'Gasthaus',0x4D4549C39F4E455220484155532028474153544841555329,'2008-10-31 19:10:32','',0x757070657263617365,'page');
INSERT INTO categorylinks VALUES (363,'Gasthaus',0x4D494C44455241554E20414C4D2028474153544841555329,'2015-11-07 22:25:03','',0x757070657263617365,'page');
INSERT INTO categorylinks VALUES (363,'In_Arbeit',0x4D494C44455241554E20414C4D2028474153544841555329,'2015-11-07 22:25:03','',0x757070657263617365,'page');
INSERT INTO categorylinks VALUES (364,'Gasthaus',0x4D4F4F4E4C494748542D424152,'2008-10-31 19:10:36','',0x757070657263617365,'page');
INSERT INTO categorylinks VALUES (365,'Gasthaus_(geschlossen)',0x4D5554544552455220414C4D2028474153544841555329,'2014-02-02 19:20:08','',0x757070657263617365,'page');
INSERT INTO categorylinks VALUES (395,'Region',0x564F5241524C42455247,'2008-10-31 20:47:36','',0x757070657263617365,'page');
INSERT INTO categorylinks VALUES (396,'Region',0x5354454945524D41524B,'2008-10-31 20:47:50','',0x757070657263617365,'page');
INSERT INTO categorylinks VALUES (397,'Region',0x5449524F4C,'2008-10-31 20:48:05','',0x757070657263617365,'page');
INSERT INTO categorylinks VALUES (761,'Rodelbahn',0x504C454953454E48C39C545445204158414D4552204C495A554D,'2010-03-16 12:06:13','',0x757070657263617365,'page');
INSERT INTO categorylinks VALUES (793,'Rodelbahn',0x5052414E544E455220414C4D,'2010-06-18 12:04:41','',0x757070657263617365,'page');
INSERT INTO categorylinks VALUES (833,'Region',0x5449524F4C204F4245524C414E44,'2010-12-30 09:44:11','',0x757070657263617365,'page');
INSERT INTO categorylinks VALUES (834,'Region',0x5449524F4C20554E5445524C414E44,'2010-12-30 09:45:32','',0x757070657263617365,'page');
INSERT INTO categorylinks VALUES (835,'Region',0x4F53545449524F4C,'2010-12-30 09:49:40','',0x757070657263617365,'page');
INSERT INTO categorylinks VALUES (836,'Region',0x53C39C445449524F4C,'2010-12-30 09:56:18','',0x757070657263617365,'page');
INSERT INTO categorylinks VALUES (837,'In_Arbeit',0x4BC384524E54454E,'2010-12-30 10:02:16','',0x757070657263617365,'page');
INSERT INTO categorylinks VALUES (837,'Region',0x4BC384524E54454E,'2010-12-30 10:02:16','',0x757070657263617365,'page');
INSERT INTO categorylinks VALUES (838,'Region',0x4E4F52445449524F4C,'2014-11-23 17:29:35','',0x757070657263617365,'page');
INSERT INTO categorylinks VALUES (839,'In_Arbeit',0x53414C5A42555247,'2010-12-30 10:05:57','',0x757070657263617365,'page');
INSERT INTO categorylinks VALUES (839,'Region',0x53414C5A42555247,'2010-12-30 10:05:57','',0x757070657263617365,'page');
INSERT INTO categorylinks VALUES (879,'In_Arbeit',0x4F424552C396535445525245494348,'2011-01-17 18:59:44','',0x757070657263617365,'page');
INSERT INTO categorylinks VALUES (879,'Region',0x4F424552C396535445525245494348,'2011-01-17 18:59:44','',0x757070657263617365,'page');
INSERT INTO categorylinks VALUES (880,'Region',0x4E4945444552C396535445525245494348,'2011-01-17 19:04:25','',0x757070657263617365,'page');
INSERT INTO categorylinks VALUES (881,'Region',0x5343485745495A,'2011-01-17 19:10:11','',0x757070657263617365,'page');
INSERT INTO categorylinks VALUES (882,'Region',0x494E4E53425255434B,'2011-01-17 19:12:43','',0x757070657263617365,'page');
INSERT INTO categorylinks VALUES (926,'Rodelbahn',0x48C39C484E4552535049454C,'2011-02-06 18:31:18','',0x757070657263617365,'page');
INSERT INTO categorylinks VALUES (1353,'Region',0x53545542414954414C205749505054414C,'2013-11-24 09:02:31','',0x757070657263617365,'page');
INSERT INTO categorylinks VALUES (1354,'Region',0x53454546454C44204C45555441534348,'2013-11-24 18:42:35','',0x757070657263617365,'page');
INSERT INTO categorylinks VALUES (1417,'Rodelbahn',0x4752494E44454C57414C44202D204649525354,'2014-01-10 12:22:17','',0x757070657263617365,'page');
INSERT INTO categorylinks VALUES (1804,'In_Arbeit',0x4841554E4F4C44,'2015-01-03 22:57:41','',0x757070657263617365,'page');
INSERT INTO categorylinks VALUES (1804,'Rodelbahn',0x4841554E4F4C44,'2015-01-03 22:57:41','',0x757070657263617365,'page');


--
-- Table structure for table `revision`
--

CREATE TABLE revision (
  rev_id int(10) unsigned NOT NULL AUTO_INCREMENT,
  rev_page int(10) unsigned NOT NULL,
  rev_text_id int(10) unsigned NOT NULL,
  rev_comment varbinary(767) NOT NULL,
  rev_user int(10) unsigned NOT NULL DEFAULT '0',
  rev_user_text varchar(255) CHARACTER SET utf8 COLLATE utf8_bin NOT NULL DEFAULT '',
  rev_timestamp binary(14) NOT NULL DEFAULT '\0\0\0\0\0\0\0\0\0\0\0\0\0\0',
  rev_minor_edit tinyint(3) unsigned NOT NULL DEFAULT '0',
  rev_deleted tinyint(3) unsigned NOT NULL DEFAULT '0',
  rev_len int(10) unsigned DEFAULT NULL,
  rev_parent_id int(10) unsigned DEFAULT NULL,
  rev_sha1 varbinary(32) NOT NULL DEFAULT '',
  rev_content_format varbinary(64) DEFAULT NULL,
  rev_content_model varbinary(32) DEFAULT NULL,
  PRIMARY KEY (rev_page,rev_id),
  UNIQUE KEY rev_id (rev_id),
  KEY rev_timestamp (rev_timestamp),
  KEY page_timestamp (rev_page,rev_timestamp),
  KEY user_timestamp (rev_user,rev_timestamp),
  KEY usertext_timestamp (rev_user_text,rev_timestamp),
  KEY page_user_timestamp (rev_page,rev_user,rev_timestamp)
) ENGINE=MyISAM AUTO_INCREMENT=12721 DEFAULT CHARSET=utf8 MAX_ROWS=10000000 AVG_ROW_LENGTH=1024;

--
-- Dumping data for table `revision`
--

INSERT INTO revision VALUES (3683,360,3595,0x506F736974696F6E2065696E676566C3BC6774,1,'Philipp',0x3230313031323237323230303430,0,0,1371,3307,0x306735746E637569686B6D3633696D6C6C78756B30397564726866746A726E,NULL,NULL);
INSERT INTO revision VALUES (4150,837,4053,0x277B7B496E204172626569747D7D2720766F72616E67657374656C6C742E,72,'Phibot',0x3230313130313234323033353133,1,0,447,3704,0x69326E663268376830796777633872627972357169616A6C3877687A617873,NULL,NULL);
INSERT INTO revision VALUES (4153,879,4056,0x277B7B496E204172626569747D7D2720766F72616E67657374656C6C742E,72,'Phibot',0x3230313130313234323033353234,1,0,502,3919,0x716D646566737862707465326F7233363836376C36386A756C6F323964656A,NULL,NULL);
INSERT INTO revision VALUES (5527,357,5412,0x277B7B4B65696E2047617374686175736265617566747261677465727D7D272067656CC3B6736368742E,72,'Phibot',0x3230313131323034313130303231,1,0,1099,5432,0x6E316132637363617571367075346536663332366D77373379323036337865,NULL,NULL);
INSERT INTO revision VALUES (5965,361,5844,0x466F746F20617573676574617573636874,31,'Georg',0x3230313230323232323233383032,0,0,1517,5573,0x72667032787433346574386269706D307A39683468623170617A3070327133,NULL,NULL);
INSERT INTO revision VALUES (6983,358,6844,0x47617374726F4C696665204C696E6B20656E746665726E74202865722066756E6B74696F6E6965727465206E69636874206D656872292E,72,'Phibot',0x3230313231313234313735363538,1,0,1600,3475,0x62683076393533306F64656968747A777373346F786C74746E326F6B646C6E,NULL,NULL);
INSERT INTO revision VALUES (9070,395,8907,0x446965206E657565203C726F64656C6261686E746162656C6C653E20697374206E756E20696D2045696E7361747A203A2D29,1,'Philipp',0x3230313430313136323131343336,0,0,381,8552,0x313079777265326C356B3363727934663470713871717165716A6264366E72,NULL,NULL);
INSERT INTO revision VALUES (9074,839,8911,0x446965206E657565203C726F64656C6261686E746162656C6C653E20697374206E756E20696D2045696E7361747A203A2D29,1,'Philipp',0x3230313430313136323132353139,0,0,597,4163,0x6C74343275353969376B6A76356D65626E33747A336B326B61337366307766,NULL,NULL);
INSERT INTO revision VALUES (9075,1354,8912,0x446965206E657565203C726F64656C6261686E746162656C6C653E20697374206E756E20696D2045696E7361747A203A2D29,1,'Philipp',0x3230313430313136323132363539,0,0,566,8238,0x376B686A7A736A74616B6F6974616C64337035777537676835346631326177,NULL,NULL);
INSERT INTO revision VALUES (9076,396,8913,0x446965206E657565203C726F64656C6261686E746162656C6C653E20697374206E756E20696D2045696E7361747A203A2D29,1,'Philipp',0x3230313430313136323132393434,0,0,366,8896,0x6B317A7A6E3672643072336F6339737874643963303272756D6E6C366D3830,NULL,NULL);
INSERT INTO revision VALUES (9077,1353,8914,0x446965206E657565203C726F64656C6261686E746162656C6C653E20697374206E756E20696D2045696E7361747A203A2D29,1,'Philipp',0x3230313430313136323133333533,0,0,835,8891,0x397077646A7574723569756C7769303279767A7670656C66346F686F776578,NULL,NULL);
INSERT INTO revision VALUES (9183,356,8719,0x5068696C697070207665727363686F62205365697465205B5B4B6C6F737465726761737468617573204D617269612057616C64726173745D5D206E616368205B5B4D617269612057616C647261737420284B6C6F737465726761737468617573295D5D3A205B5B557365723A476572616C645D5D3A202244696520536569746520736F6C6C74652061756620224D617269612057616C647261737420284B6C6F737465726761737468617573292220756D62656E616E6E742077657264656E2C2064616D69742073696520696D206170686162657469736368656E205665727A656963686E6973206175636820676566756E64656E20776972642E22,1,'Philipp',0x3230313430313237323133393137,1,0,1826,8880,0x667668656B70726B627974676634366338346B6E783363673233346A677867,NULL,NULL);
INSERT INTO revision VALUES (9272,365,9103,0x4B617465676F726965206765C3A46E646572742E,1,'Philipp',0x3230313430323032323032303038,1,0,1311,9250,0x667A3078686376377666736F693736356C6A6A3378643439317A3462356B71,NULL,NULL);
INSERT INTO revision VALUES (10320,881,10143,0x4C696E6B207A7520687474703A2F2F7777772E726F64656C6E2D7363687765697A2E63682F2065696E676566C3BC67742E,1,'Philipp',0x3230313430353230303834373439,0,0,694,10157,0x316C6E767178666D31786F737738336C68356178316E6D706670783074766E,NULL,NULL);
INSERT INTO revision VALUES (10597,835,10413,0x4C696E6B20617566205469726F6C2D41746C617320526F64656C6261686E656E,14,'Bany-tyrol',0x3230313430393039323130313337,1,0,762,9073,0x307776786E6C30736E6C3575716C67766F743235747577673669316E693939,NULL,NULL);
INSERT INTO revision VALUES (10675,836,10489,0x576569746572652053C3BC647469726F6C6572204261686E656E2022496E20417262656974222028506F736974696F6E732D4B6F6F7264696E6174656E206665686C656E2061626572206E6F636829,14,'Bany-tyrol',0x3230313431303235313430383239,1,0,729,9503,0x306C71633739763161646D71756961346938326F6533706833353063693575,NULL,NULL);
INSERT INTO revision VALUES (10822,926,10634,0x506172616D6574657220224B6F7272656B747572203D205365697465222062656920566F726C6167652022427574746F6E6C6569737465222065696E676566C3BC67742E,72,'Phibot',0x3230313431313235323130363336,1,0,6123,10154,0x336C726A673936667069776B33676E746B6872306166666D66356865383761,NULL,NULL);
INSERT INTO revision VALUES (10945,833,10757,0x4C696E6B732064617A75,14,'Bany-tyrol',0x3230313431313236313835333139,1,0,1221,9080,0x74646838636B656C776D6E6B636A77337A646D32636E7775336232776E6269,NULL,NULL);
INSERT INTO revision VALUES (10986,397,10796,0x22496E2041726265697422207A65696774206E756E206E7572206D656872204E6F72647469726F6C2028697374206E756E20616C7320526567696F6E20696E2064657220526567696F6E656E646174656E62616E6B2076657266C3BC67626172292E,1,'Philipp',0x3230313431323033323330323432,1,0,1466,10596,0x6F797379676273306A74656F386A7732616B6A637369697732683538716173,NULL,NULL);
INSERT INTO revision VALUES (11026,882,10836,0x5472656E6E756E672053747562616974616C2F5769707074616C,14,'Bany-tyrol',0x3230313431323130323132363136,1,0,1531,9078,0x6C377A6E666E7A716B77383630396E68687672717A766467787A306B71396B,NULL,NULL);
INSERT INTO revision VALUES (11258,1804,11067,0x48616C74657374656C6C652065696E676566C3BC67742E,1,'Philipp',0x3230313530313037323135303532,0,0,4441,11257,0x746E6B3935646C31796E31777273306363653168716A7A337875303278756C,NULL,NULL);
INSERT INTO revision VALUES (11394,793,11203,0x436974796275732066C3A4687274206A65747A742074C3A4676C6963683B20496E666F20766F6E2048722E20476F676C2F5072616E746E657220416C6D2E2044616E6B6521,14,'Bany-tyrol',0x3230313530313231323235303035,1,0,4508,10867,0x736F6E7133676C633462636B70686663383730306574616233337336337838,NULL,NULL);
INSERT INTO revision VALUES (11442,283,11251,0x566572616C746574656E204C696E6B2065727365747A742E,1,'Philipp',0x3230313530313236323235303339,1,0,5537,7929,0x64306636346F6C39683667756161677163756D6F626B3277797A6B6D6E6767,NULL,NULL);
INSERT INTO revision VALUES (11469,362,11278,'',23,'Sven',0x3230313530323032313030323036,0,0,2030,11468,0x337A6466616631687962666765346C746D306A676374707161396436346F61,NULL,NULL);
INSERT INTO revision VALUES (11782,834,11586,0x42657A69726B202D3E20526567696F6E2028617566204772756E6420766F6E20466565646261636B206461737320526F64656C6261686E656E20696E2066616C736368656E2042657A69726B656E207665727A656963686E65742073696E64292E,1,'Philipp',0x3230313630313034323030353338,0,0,1085,11086,0x636B3276707876336D72713973706C37693373736D716E3130696C65796A69,NULL,NULL);
INSERT INTO revision VALUES (11892,363,11689,0x4C696E6B73206175736765746175736368742E,1,'Philipp',0x3230313630313132323030343435,1,0,1196,11727,0x306C3779666B6F6B6572716D6D6679343332696E6E37713568367976353770,NULL,NULL);
INSERT INTO revision VALUES (12078,237,11875,0x4C696E6B207A7520496D7072657373696F6E656E2065696E676566C3BC67742E,1,'Philipp',0x3230313630323237323233353532,0,0,5844,11349,0x6436393972786F79617468616C366C7074657A77716262376B7765636C376B,NULL,NULL);
INSERT INTO revision VALUES (12172,880,11969,0x2F2A20323220526F64656C6261686E656E20696E204E6965646572C3B6737465727265696368202A2F,110,'Mitterhofer',0x3230313631313138313632323238,0,0,801,9072,0x6E6964376F7A797670763636696E62686B316C6638643764716E6130747630,NULL,NULL);
INSERT INTO revision VALUES (12211,364,12008,0x466F746F20617573676574617573636874202864616E6B65205B5B557365723A54686F6D61735D5D20756E64204D617274696E2047756767656E6265726765722E,1,'Philipp',0x3230313631313238323035383135,0,0,1343,7069,0x74696371326A7262697168353978316B7A67326169367164376E76746F7177,NULL,NULL);
INSERT INTO revision VALUES (12260,1417,12056,0x5765626175736B756E6674206B6F72726967696572742E,1,'Philipp',0x3230313631323038313633373331,1,0,9027,12236,0x7375707832757561756A647A646D63316E37346A74736F337A7731766F6333,NULL,NULL);
INSERT INTO revision VALUES (12306,838,12101,0x48696572206269747465206B65696E65204B6F6E74616B74696E666F73207A75204761737462657472696562656E202D2D3E20496E666F20646972656B742062656920646572205365697465206465732048657265626E657220416C6D776972742065696E676574726167656E2E,14,'Bany-tyrol',0x3230313631323231323131333538,1,0,2449,12304,0x636A6E796F636864796E63716F69796F71783179637439343973786E74646C,NULL,NULL);
INSERT INTO revision VALUES (12312,251,12106,0x486F6D65706167652D4C696E6B20646572204A756966656E616C6D,14,'Bany-tyrol',0x3230313631323232323332303536,1,0,6609,11915,0x6F6F746B656571677176703739786E6C70387A6D357131377A77347271796E,NULL,NULL);
INSERT INTO revision VALUES (12403,5,12193,0x46616872706C616E20526F64656C627573204178616D6572204C697A756D,104,'Simon04',0x3230313730313039313032383234,0,0,8351,10752,0x6D6C716D353068323669776878666B6E336A74776E3468343372336D717133,NULL,NULL);
INSERT INTO revision VALUES (12404,761,12194,0x46616872706C616E20526F64656C627573204178616D6572204C697A756D,104,'Simon04',0x3230313730313039313032393535,0,0,5975,11486,0x6B30696C7A30373468316D7A38676C6C6F387A666D796B3172696B656E7972,NULL,NULL);
INSERT INTO revision VALUES (12438,359,12224,0x536372697074206861747465206B65696E6520467265756465206D69742064656D20466F726D6174206465722054656C65666F6E2D4E722E20696E206465722052422D426F78,14,'Bany-tyrol',0x3230313730313131313931363336,1,0,1469,12396,0x357A76356563756873726F646179337235373478706C6B37306B32697A766E,NULL,NULL);
INSERT INTO revision VALUES (12495,228,12277,0x53747265636B656E66C3BC6872756E6720646572204C696E696520353930206B6F72726967696572742E,72,'Phibot',0x3230313730313134323135363132,1,0,6254,12490,0x6161636779686438666E78327734306F32727A7177636F366B643531333436,NULL,NULL);
INSERT INTO revision VALUES (12515,355,12295,0x4C61757420526F64656C6261686E62657269636874206E69636874206D656872207261756368667265692E,1,'Philipp',0x3230313730313137323132383539,0,0,1951,11921,0x69656D697763666866347463796D316B77367A62653566357363656C796870,NULL,NULL);



--
-- Table structure for table `text`
--

CREATE TABLE `text` (
  old_id int(10) unsigned NOT NULL AUTO_INCREMENT,
  old_text mediumblob NOT NULL,
  old_flags tinyblob NOT NULL,
  PRIMARY KEY (old_id)
) ENGINE=MyISAM AUTO_INCREMENT=12499 DEFAULT CHARSET=utf8 MAX_ROWS=10000000 AVG_ROW_LENGTH=10240;

--
-- Dumping data for table `text`
--

INSERT INTO text VALUES (3595,0x7B7B4761737468617573626F780A7C20506F736974696F6E202020202020202020203D2034372E363233333133204E2031352E38333332363620450A7C2048C3B6686520202020202020202020202020203D20313337300A7C204265747265696265722020202020202020203D200A7C205369747A706CC3A4747A6520202020202020203D200A7C20C39C6265726E61636874756E672020202020203D200A7C205261756368667265692020202020202020203D200A7C20526F64656C7665726C6569682020202020203D200A7C2048616E6479656D7066616E672020202020203D2041313B20542D4D6F62696C652F54656C6572696E673B204F72616E67653B20447265690A7C20486F6D6570616765202020202020202020203D20687474703A2F2F7777772E6C6965636874656E737465696E686175732E61740A7C20452D4D61696C2020202020202020202020203D204C6965636874656E737465696E68617573506F6C6C6572657340616F6E2E61740A7C2054656C65666F6E20202020202020202020203D202B34332D323636342D323334330A7C2042696C6420202020202020202020202020203D2047617374686175735F4C6965636874656E737465696E686175735F30312E6A70670A7C20526F64656C6261686E656E202020202020203D205B5B486972736368656E6B6F67656C5D5D0A7D7D0A446173204265726772657374617572616E74204C6965636874656E737465696E6861757320697374207A75676C6569636820537461727470756E6B742064657220526F64656C6261686E20616D20486972736368656E6B6F67656C2E2045732069737420C3BC6265722064696520526F64656C6261686E20696E2065696E6572205374756E6465207A75204675C39F206F646572206D697420646572204B6162696E656E756D6C6175666261686E20657272656963686261722E20204C656968726F64656C6E206769627420657320626569206465722054616C73746174696F6E20766F6D204C696674210A0A2A20272727C39666666E756E67737A656974656E2727273A204461732052657374617572616E74206861742077C3A46872656E6420646572205363686962657472696562737A656974656E20616E20616C6C656E20576F6368656E746167656E206765C3B666666E65742E0A2A2027272748616E6479202D20456D7066616E6720626569206465722048C3BC7474652727273A3C62722F3E5A7520626561636874656E206973742C20646173732064657220456D7066616E6720766F6E20646572205765747465726C61676520756E6420766F6D2076657277656E646574656E204D6F62696C74656C65666F6E20616268C3A46E67742E3C62722F3E5374616E643A20323030382D30312D30330A2A2A2041313A204A610A2A2A20542D4D6F62696C652F54656C6572696E673A204A610A2A2A204F72616E67653A204A610A2A2A20447265693A204A610A2A2027272742657369747A65722F50C3A463687465722727273A200A2A20272727506F7374616E736368726966742727273A20486972736368656E6B6F67656C203232323B20323638302053656D6D6572696E673B20C3967374657272656963680A2A20272727536965686520617563682727273A0A2A20272727526F64656C6261686E2727273A0A2A2A205B5B486972736368656E6B6F67656C5D5D0A0A0A7B7B47617374686175736265617566747261677465727C4E616D653D4672616E7A204761747465726D6179727C467261753D4E65696E7C452D4D61696C3D665F6761747465726D61797240686F746D61696C2E636F6D7C452D4D61696C206765736368C3BC747A743D4E65696E7D7D0A0A0A5B5B4B617465676F7269653A47617374686175735D5D,0x7574662D38);
INSERT INTO text VALUES (4053,0x7B7B496E204172626569747D7D0A526F64656C6261686E656E20696E204BC3A4726E74656E3A0A3C7772676D6170206C61743D2234362E37363632303622206C6F6E3D2231332E37383233343922207A6F6F6D3D2239222F3E0A7B7B476F6F676C654D6170732048696E776569737D7D0A0A4C656964657220686162656E2077697220696E204BC3A4726E74656E206E6F6368206B65696E6520526F64656C6261686E2061756667656E6F6D6D656E2E205369652073696E64206162657220736568722077696C6C6B6F6D6D656E2C20756E73206461626569207A75205B5B48696C66653A4E6575655F526F64656C6261686E7C68656C66656E5D5D2E0A0A0A7B7B4261686E746162656C6C65205A65696368656E65726B6CC3A472756E677D7D0A0A3D3D2053696568652061756368203D3D0A2A205B5B4F73747469726F6C5D5D0A2A20466F72756D3A0A5B5B496D6167653A57696E746572726F64656C6E312E706E677C36303070787C6C696E6B3D687474703A2F2F77696E746572726F64656C6E2D666F72756D2E6F72672F5D5D0A0A5B5B4B617465676F7269653A526567696F6E5D5D0A5B5B4B617465676F7269653A496E204172626569745D5D,0x7574662D38);
INSERT INTO text VALUES (4056,0x7B7B496E204172626569747D7D0A526F64656C6261686E656E20696E204F626572C3B67374657272656963683A0A3C7772676D6170206C61743D2234372E38323937353222206C6F6E3D2231332E39333334313122207A6F6F6D3D2239222F3E0A7B7B476F6F676C654D6170732048696E776569737D7D0A0A4C656964657220686162656E2077697220696E204F626572C3B6737465727265696368206E6F6368206B65696E6520526F64656C6261686E2061756667656E6F6D6D656E2E205369652073696E64206162657220736568722077696C6C6B6F6D6D656E2C20756E73206461626569207A75205B5B48696C66653A4E6575655F526F64656C6261686E7C68656C66656E5D5D2E0A0A0A7B7B4261686E746162656C6C65205A65696368656E65726B6CC3A472756E677D7D0A0A3D3D2053696568652061756368203D3D0A2A205B5B53616C7A627572675D5D0A2A205B5B4E6965646572C3B67374657272656963685D5D0A2A205B5B5374656965726D61726B5D5D0A2A20466F72756D3A0A5B5B496D6167653A57696E746572726F64656C6E312E706E677C36303070787C6C696E6B3D687474703A2F2F77696E746572726F64656C6E2D666F72756D2E6F72672F5D5D0A0A5B5B4B617465676F7269653A526567696F6E5D5D0A5B5B4B617465676F7269653A496E204172626569745D5D,0x7574662D38);
INSERT INTO text VALUES (5412,0x7B7B496E204172626569747C47617374686175737D7D0A7B7B4761737468617573626F780A7C20506F736974696F6E202020202020202020203D2034372E343739373737204E2031302E35383836363220450A7C2048C3B6686520202020202020202020202020203D20313533300A7C204265747265696265722020202020202020203D204D617274696E20526965660A7C205369747A706CC3A4747A6520202020202020203D200A7C20C39C6265726E61636874756E672020202020203D20323020506572736F6E656E0A7C205261756368667265692020202020202020203D200A7C20526F64656C7665726C6569682020202020203D200A7C2048616E6479656D7066616E672020202020203D200A7C20486F6D6570616765202020202020202020203D20687474703A2F2F7777772E6B72696E6E656E616C70652D7469726F6C2E61740A7C20452D4D61696C2020202020202020202020203D20696E666F406B72696E6E656E616C70652D7469726F6C2E61740A7C2054656C65666F6E20202020202020202020203D202B34332D353637352D383138393B202B34332D3637362D353535393030300A7C2042696C6420202020202020202020202020203D200A7C20526F64656C6261686E656E202020202020203D205B5B4B72696E6E656E616C706C696674655D5D0A7D7D0A0A0A0A0A2A20272727C39666666E756E67737A656974656E2727273A204D697474652044657A656D62657220626973204F737465726D6F6E7461672028696D20536F6D6D6572204D69747465204D616920626973204D69747465204F6B746F626572292E0A2A2027272748616E6479202D20456D7066616E6720626569206465722048C3BC7474652727273A3C62722F3E5A7520626561636874656E206973742C20646173732064657220456D7066616E6720766F6E20646572205765747465726C61676520756E6420766F6D2076657277656E646574656E204D6F62696C74656C65666F6E20616268C3A46E67742E3C62722F3E5374616E643A200A2A2A2041313A202727756E62656B616E6E7427270A2A2A20542D4D6F62696C652F54656C6572696E673A202727756E62656B616E6E7427270A2A2A204F72616E67653A202727756E62656B616E6E7427270A2A2A20447265693A202727756E62656B616E6E7427270A2A202727274265747265696265722727273A204D617274696E20526965660A2A20272727506F7374616E736368726966742727273A20204B72696E6E656E616C70653B2036363732204EC3A47373656C77C3A46E676C653B20417573747269610A2A20272727536965686520617563682727273A0A2A2A20687474703A2F2F7777772E6B72696E6E656E616C70652D7469726F6C2E61740A2A20272727526F64656C6261686E2727273A0A2A2A205B5B4B72696E6E656E616C706C696674655D5D0A0A0A0A0A0A5B5B4B617465676F7269653A47617374686175735D5D0A5B5B4B617465676F7269653A496E204172626569745D5D,0x7574662D38);
INSERT INTO text VALUES (5844,0x7B7B4761737468617573626F780A7C20506F736974696F6E202020202020202020203D2034372E303334343336204E20392E38333536383420450A7C2048C3B6686520202020202020202020202020203D200A7C204265747265696265722020202020202020203D200A7C205369747A706CC3A4747A6520202020202020203D200A7C20C39C6265726E61636874756E672020202020203D200A7C205261756368667265692020202020202020203D204A610A7C20526F64656C7665726C6569682020202020203D200A7C2048616E6479656D7066616E672020202020203D2041310A7C20486F6D6570616765202020202020202020203D20687474703A2F2F6D656D626572732E616F6E2E61742F6C696E64617565726875657474650A7C20452D4D61696C2020202020202020202020203D206C696E646175657268756574746540616F6E2E61740A7C2054656C65666F6E20202020202020202020203D202B34332D353535392D3538323B202B34332D3636342D353033333435360A7C2042696C6420202020202020202020202020203D2047617374686175735F4C696E64617565725F48C3BC7474655F323031322D30322D31382E6A7067E2808E200A7C20526F64656C6261686E656E202020202020203D205B5B4C696E64617565722048C3BC7474655D5D0A7D7D0A44696520736368C3B66E2067656C6567656E652048C3BC747465206465732064657574736368656E20416C70656E76657265696E7320626965746574206175636820C39C6265726E61636874756E67736DC3B6676C6963686B656974656E202842657474656E20756E64204C61676572292E20496E2064656E205A656974656E2C20696E2064656E656E206469652048C3BC7474652067657363686C6F7373656E206861742C20697374206465722057696E7465727261756D20286D6974205374726F6D2C2057617373657220756E6420486F6C7A29206765C3B666666E65742E0A0A2A20272727C39666666E756E67737A656974656E2727273A204469652048C3BC7474652068617420766F6E2032362E2044657A656D6265722062697320456E64652046656272756172206475726368676568656E64206765C3B666666E657420756E6420616220456E6465204665627275617220616E2064656E20576F6368656E656E64656E2062697320416E66616E6720417072696C2028776F6265692022456E646522206A65206E616368204A616872206574776173207661726969657274292E0A2A2027272748616E6479202D20456D7066616E6720626569206465722048C3BC7474652727273A3C62722F3E5A7520626561636874656E206973742C20646173732064657220456D7066616E6720766F6E20646572205765747465726C61676520756E6420766F6D2076657277656E646574656E204D6F62696C74656C65666F6E20616268C3A46E67742E3C62722F3E5374616E643A20323030362D30322D32350A2A2A2041313A204A610A2A2A20542D4D6F62696C652F54656C6572696E673A204E65696E0A2A2A204F72616E67653A204E65696E0A2A2A20447265693A204E65696E0A2A2027272742657369747A65722F50C3A463687465722727273A200A2A20272727506F7374616E736368726966742727273A204272616E642031323B2036373038204272616E643B20C3967374657272656963680A2A20272727536965686520617563682727273A0A2A2A205B687474703A2F2F7777772E616C70656E76657265696E2E61742F6875657474656E486F6D652F44452F486F6D652F696E6465782E7068703F6875657474654E723D303539332048C3BC7474656E73656974652064657320416C70656E76657265696E735D0A2A20272727526F64656C6261686E2727273A0A2A2A205B5B4C696E64617565722048C3BC7474655D5D0A0A0A7B7B47617374686175736265617566747261677465727C4E616D653D47656F72677C467261753D4E65696E7C452D4D61696C3D726F64656C6261686E40676D782E6E65747C452D4D61696C206765736368C3BC747A743D4E65696E7D7D0A0A0A5B5B4B617465676F7269653A47617374686175735D5D,0x7574662D38);
INSERT INTO text VALUES (6844,0x7B7B4761737468617573626F780A7C20506F736974696F6E202020202020202020203D2034372E313433333333204E2031312E30303133333320450A7C2048C3B6686520202020202020202020202020203D20313737370A7C204265747265696265722020202020202020203D2046616D2E204C75647769672053636865696265720A7C205369747A706CC3A4747A6520202020202020203D200A7C20C39C6265726E61636874756E672020202020203D204E65696E0A7C205261756368667265692020202020202020203D204A610A7C20526F64656C7665726C6569682020202020203D204A61200A7C2048616E6479656D7066616E672020202020203D2041310A7C20486F6D6570616765202020202020202020203D204E65696E0A7C20452D4D61696C2020202020202020202020203D204E65696E0A7C2054656C65666F6E20202020202020202020203D202B34332D353235352D353137383B202B34332D353235352D353539300A7C2042696C6420202020202020202020202020203D2047617374686175735F4C6172737469675F416C6D5F323030392D30322D31352E6A70670A7C20526F64656C6261686E656E202020202020203D205B5B486F726C61636874616C5D5D0A7D7D0A44656D204261636820656E746C616E672E2E2E0A4465722057656720766F6E204E69656465727468616920696E7320486F726C61636874616C206973742065696E206272656974657220416C6D7765672C20646572206D697420676572696E676572205374656967756E672C2064656D204261636820656E746C616E672C20647572636873207275686967652054616C207A696568742E0A4E6163682034204B696C6F6D657465726E20756E642072756E642065696E6572205374756E6465204765687A656974206572726569636874206D616E206469652077756E646572736368C3B66E2067656C6567656E65204C617273746967616C6D202831373737206D292E204765C3B666666E6574206973742064696573652064616E6E2074C3A4676C69636820766F6E204D697474652044657A656D6265722062697320456E646520417072696C2E20417563682066C3BC72204B696E6465722073656872206775742067656569676E65742E200A46C3BC722057696E74657277616E646572657220656D70666965686C74207369636820646572207365687220736F6E6E6967652048C3B668656E7765672022426572676D616864657277656722207265746F7572206E616368204E6965646572746861692E0A0A2A20272727C39666666E756E67737A656974656E2727273A204D697474652044657A656D626572202D20456E646520417072696C2074C3A4676C696368206765C3B666666E657420766F6E2031302E3030202D2031382E30302055687220200A2A2027272748616E6479202D20456D7066616E6720626569206465722048C3BC7474652727273A3C62722F3E5A7520626561636874656E206973742C20646173732064657220456D7066616E6720766F6E20646572205765747465726C61676520756E6420766F6D2076657277656E646574656E204D6F62696C74656C65666F6E20616268C3A46E67742E3C62722F3E5374616E643A200A2A2A2041313A204A610A2A2A20542D4D6F62696C652F54656C6572696E673A2027274E45494E27270A2A2A204F72616E67653A2027274E45494E27270A2A2A20447265693A2027274E45494E27270A2A2027272742657369747A65722F50C3A463687465722727273A2046616D2E204C75647769672053636865696265720A2A20272727506F7374616E736368726966742727273A204E6965646572746861692032353B2036343431204E6965646572746861693B20C3967374657272656963680A2A20272727536965686520617563682727273A0A2A20272727526F64656C6261686E2727273A0A2A2A205B5B486F726C61636874616C5D5D0A0A7B7B47617374686175736265617566747261677465727C4E616D653D20C396747A74616C20546F757269736D7573202D20496E666F726D6174696F6E20556D68617573656E2D4E6965646572746861697C467261753D4E65696E7C452D4D61696C3D696E666F406F65747A74616C2D6D697474652E636F6D7C452D4D61696C206765736368C3BC747A743D4E65696E7D7D0A0A5B5B4B617465676F7269653A47617374686175735D5D,0x7574662D38);
INSERT INTO text VALUES (8719,0x7B7B4761737468617573626F780A7C20506F736974696F6E202020202020202020203D2034372E313330363637204E2031312E34303630373220450A7C2048C3B6686520202020202020202020202020203D20313633380A7C204265747265696265722020202020202020203D200A7C205369747A706CC3A4747A6520202020202020203D200A7C20C39C6265726E61636874756E672020202020203D204A610A7C205261756368667265692020202020202020203D204A610A7C20526F64656C7665726C6569682020202020203D204A610A7C2048616E6479656D7066616E672020202020203D204E65696E0A7C20486F6D6570616765202020202020202020203D200A7C20452D4D61696C2020202020202020202020203D206D617269612D77616C647261737440616F6E2E61740A7C2054656C65666F6E20202020202020202020203D202B34332D353237332D363231393B202B34332D3636342D343133303837390A7C2042696C6420202020202020202020202020203D2047617374686175735F4D617269615F57616C64726173745F323031312D30312D30392E6A70670A7C20526F64656C6261686E656E202020202020203D205B5B4D617269612057616C64726173745D5D0A7D7D0A4D617269612057616C6472617374206973742065696E2062656C6965627465722057616C6C6661687274736F72742C20646572206964796C6C6973636820616D204675C39F6520646572205365726C6573206C696567742028766F6E20646F727420617573207374617274657420696D20536F6D6D65722061756368206465722062656C6965627465737465204175667374696567206175662064696573656E2042657267292E20446965204C6567656E646520756D2064696520456E7473746568756E67206B616E6E20696E2064656E204C696E6B7320756E74656E206E61636867656C6573656E2077657264656E2E20446173204B6C6F73746572676173746861757320686174207A77656920676572C3A4756D6967652053747562656E206D69742053656C62737462656469656E756E672E2044656D2057617373657220646572204D617269612057616C6472617374205175656C6C652028646965206175636820696D2057696E74657220666C6965C39F742920776972642065696E65204865696C7769726B756E67206E6163686765736167742E0A0A2A20272727C39666666E756E67737A656974656E2727273A2054C3A4676C696368206269732032333A303020556872206765C3B666666E65742E0A2A2027272748616E6479202D20456D7066616E6720626569206465722048C3BC7474652727273A3C62722F3E5A7520626561636874656E206973742C20646173732064657220456D7066616E6720766F6E20646572205765747465726C61676520756E6420766F6D2076657277656E646574656E204D6F62696C74656C65666F6E20616268C3A46E67742E3C62722F3E5374616E643A20323031332D31322D32300A2A2A2041313A204E65696E0A2A2A20542D4D6F62696C652F54656C6572696E673A204E65696E0A2A2A20447265693A204E65696E0A2A2027272742657369747A65722F50C3A463687465722727273A200A2A20272727506F7374616E736368726966742727273A202036313433204D617472656920616D204272656E6E65723B20C3967374657272656963680A2A20272727536965686520617563682727273A0A2A2A205B687474703A2F2F7777772E746973636F7665722E61742F6D617269612D77616C647261737420746973636F7665725D2028496E666F726D6174696F6E656E2066C3BC722065696E656E2042657375636820696D20536F6D6D6572290A2A2A205B687474703A2F2F7777772E736572766974656E2E64652F6F657374657272656963682F4B4C4F45535445522F4B5F57414C44524153542F48415550545445494C5F4B5F57414C44524153542E48544D4C204465722057616C6C6661687274736F7274204D617269612057616C64726173745D0A2A2A205B687474703A2F2F7777772E736167656E2E61742F74657874652F736167656E2F6F657374657272656963682F7469726F6C2F616C6C67656D65696E2F726166662F6D617269615F77616C64726173742E68746D20446965204C6567656E646520766F6E204D617269612057616C64726173745D0A2A20272727526F64656C6261686E2727273A0A2A2A205B5B4D617269612057616C64726173745D5D0A0A7B7B57657474657270726F676E6F73657C6D6574656F626C7565203D206D617269612D77616C64726173745F61745F31333630307D7D0A7B7B436C6561727D7D0A7B7B47617374686175736265617566747261677465727C4E616D653D47657268617264204E657376616462617C467261753D4E65696E7C452D4D61696C3D67657268617264406E657373792E61747C452D4D61696C206765736368C3BC747A743D4E65696E7D7D0A0A0A5B5B4B617465676F7269653A47617374686175735D5D,0x7574662D38);
INSERT INTO text VALUES (8907,0x526F64656C6261686E656E20696E20566F7261726C626572673A0A3C7772676D6170206C61743D2234372E32343030383422206C6F6E3D22392E39383130373922207A6F6F6D3D223922202F3E0A7B7B476F6F676C654D6170732048696E776569737D7D0A0A3C726F64656C6261686E746162656C6C653E0A20203C726567696F6E3E566F7261726C626572673C2F726567696F6E3E0A3C2F726F64656C6261686E746162656C6C653E0A0A7B7B4261686E746162656C6C65205A65696368656E65726B6CC3A472756E677D7D0A0A0A3D3D2053696568652061756368203D3D0A2A205B5B5469726F6C5D5D0A2A205B5B5374656965726D61726B7C5374656965726D61726B2F4E6965646572C3B67374657272656963685D5D0A2A205B5B57696E746572726F64656C6E3A4E65752061756667656E6F6D6D656E6520526F64656C6261686E656E7C4E65752061756667656E6F6D6D656E6520526F64656C6261686E656E5D5D0A0A5B5B4B617465676F7269653A526567696F6E5D5D,0x7574662D38);
INSERT INTO text VALUES (8911,0x7B7B496E204172626569747D7D0A526F64656C6261686E656E20696E2053616C7A627572673A0A3C7772676D6170206C61743D2234372E34383030383822206C6F6E3D2231332E30343930313122207A6F6F6D3D2239222F3E0A7B7B476F6F676C654D6170732048696E776569737D7D0A0A4C656964657220686162656E2077697220696E2053616C7A62757267206E6F6368206B65696E6520526F64656C6261686E2061756667656E6F6D6D656E2E205369652073696E642061626572206865727A6C6963682077696C6C6B6F6D6D656E2C20756E73206461626569207A75205B5B48696C66653A4E6575655F526F64656C6261686E7C68656C66656E5D5D2E0A0A466F6C67656E64652045696E7472C3A467652073696E642067657261646520696E204172626569743A0A3C726F64656C6261686E746162656C6C653E0A20203C726567696F6E20696E5F6172626569743D226A61223E53616C7A627572673C2F726567696F6E3E0A3C2F726F64656C6261686E746162656C6C653E0A0A7B7B4261686E746162656C6C65205A65696368656E65726B6CC3A472756E677D7D0A0A3D3D2053696568652061756368203D3D0A2A205B5B4BC3A4726E74656E5D5D0A2A205B5B5469726F6C20556E7465726C616E645D5D0A2A20466F72756D3A0A5B5B496D6167653A57696E746572726F64656C6E312E706E677C36303070787C6C696E6B3D687474703A2F2F77696E746572726F64656C6E2D666F72756D2E6F72672F5D5D0A0A5B5B4B617465676F7269653A526567696F6E5D5D0A5B5B4B617465676F7269653A496E204172626569745D5D,0x7574662D38);
INSERT INTO text VALUES (8912,0x526F64656C6261686E656E2064657220526567696F6E2027272753656566656C642F4C65757461736368272727202873696568652061756368205B5B496E6E73627275636B5D5D2C205B5B5469726F6C204F6265726C616E645D5D5D293A0A3C7772676D6170206C61743D2234372E343222206C6F6E3D2231312E323222202F3E0A7B7B476F6F676C654D6170732048696E776569737D7D0A0A3C726F64656C6261686E746162656C6C653E0A20203C726567696F6E3E53656566656C642C204C657574617363683C2F726567696F6E3E0A3C2F726F64656C6261686E746162656C6C653E0A0A7B7B4261686E746162656C6C65205A65696368656E65726B6CC3A472756E677D7D0A0A3D3D2053696568652061756368203D3D0A2A205B5B496E6E73627275636B5D5D0A2A205B5B5469726F6C204F6265726C616E645D5D0A2A205B5B4E61747572726F64656C6261686E5F47C3BC746573696567656C7C41757367657A656963686E65746520526F64656C6261686E656E20696E205469726F6C5D5D0A2A205B5B57696E746572726F64656C6E3A4E65752061756667656E6F6D6D656E6520526F64656C6261686E656E7C4E65752061756667656E6F6D6D656E6520526F64656C6261686E656E5D5D0A2A20466F72756D3A0A5B5B496D6167653A57696E746572726F64656C6E312E706E677C36303070787C6C696E6B3D687474703A2F2F77696E746572726F64656C6E2D666F72756D2E6F72672F5D5D0A0A5B5B4B617465676F7269653A526567696F6E5D5D,0x7574662D38);
INSERT INTO text VALUES (8913,0x526F64656C6261686E656E20696E20646572205374656965726D61726B3A0A3C7772676D6170206C61743D2234372E32373932323922206C6F6E3D2231352E30373332343222207A6F6F6D3D223822202F3E0A7B7B476F6F676C654D6170732048696E776569737D7D0A0A526F64656C6261686E656E20696E20646572205374656965726D61726B20756E6420646572204E6163686261727363686166743A0A3C726F64656C6261686E746162656C6C653E0A20203C726567696F6E3E5374656965726D61726B3C2F726567696F6E3E0A3C2F726F64656C6261686E746162656C6C653E0A0A7B7B4261686E746162656C6C65205A65696368656E65726B6CC3A472756E677D7D0A0A0A3D3D2053696568652061756368203D3D0A2A205B5B4E6965646572C3B67374657272656963685D5D0A2A205B5B4BC3A4726E74656E5D5D0A2A205B5B4F626572C3B67374657272656963685D5D0A0A0A5B5B4B617465676F7269653A526567696F6E5D5D,0x7574662D38);
INSERT INTO text VALUES (8914,0x526F64656C6261686E656E2064657220526567696F6E2053747562616974616C2F5769707074616C3A0A3C7772676D6170206C61743D2234372E303522206C6F6E3D2231312E343222202F3E0A7B7B476F6F676C654D6170732048696E776569737D7D0A0A3D3D2053747562616974616C203D3D0A3C726F64656C6261686E746162656C6C653E0A20203C726567696F6E3E53747562616974616C3C2F726567696F6E3E0A3C2F726F64656C6261686E746162656C6C653E0A0A3D3D205769707074616C203D3D0A3C726F64656C6261686E746162656C6C653E0A20203C726567696F6E3E5769707074616C3C2F726567696F6E3E0A3C2F726F64656C6261686E746162656C6C653E0A0A3D3D20696E20417262656974203D3D0A4465722045696E747261672064657220666F6C67656E64656E20526F64656C6261686E656E20626566696E6465742073696368206E6F636820696E204172626569743A0A3C726F64656C6261686E746162656C6C653E0A20203C726567696F6E20696E5F6172626569743D226A61223E53747562616974616C3C2F726567696F6E3E0A20203C726567696F6E20696E5F6172626569743D226A61223E5769707074616C3C2F726567696F6E3E0A3C2F726F64656C6261686E746162656C6C653E0A0A7B7B4261686E746162656C6C65205A65696368656E65726B6CC3A472756E677D7D0A0A0A3D3D2053696568652061756368203D3D0A2A205B5B496E6E73627275636B5D5D0A2A205B5B5469726F6C204F6265726C616E645D5D0A2A205B5B5469726F6C20556E7465726C616E645D5D0A2A205B5B4E61747572726F64656C6261686E2047C3BC746573696567656C7C41757367657A656963686E65746520526F64656C6261686E656E20696E205469726F6C5D5D0A2A205B5B57696E746572726F64656C6E3A4E65752061756667656E6F6D6D656E6520526F64656C6261686E656E7C4E65752061756667656E6F6D6D656E6520526F64656C6261686E656E5D5D0A2A20466F72756D3A0A5B5B496D6167653A57696E746572726F64656C6E312E706E677C36303070787C6C696E6B3D687474703A2F2F77696E746572726F64656C6E2D666F72756D2E6F72672F5D5D0A0A5B5B4B617465676F7269653A526567696F6E5D5D,0x7574662D38);
INSERT INTO text VALUES (9103,0x7B7B4761737468617573626F780A7C20506F736974696F6E202020202020202020203D2034372E323130353339204E2031312E33333434363520450A7C2048C3B6686520202020202020202020202020203D20313630380A7C204265747265696265722020202020202020203D200A7C205369747A706CC3A4747A6520202020202020203D200A7C20C39C6265726E61636874756E672020202020203D200A7C205261756368667265692020202020202020203D200A7C20526F64656C7665726C6569682020202020203D200A7C2048616E6479656D7066616E672020202020203D200A7C20486F6D6570616765202020202020202020203D200A7C20452D4D61696C2020202020202020202020203D200A7C2054656C65666F6E20202020202020202020203D202B34332D3531322D3534383034330A7C2042696C6420202020202020202020202020203D2047617374686175735F4D757474657265725F416C6D5F30312E6A70670A7C20526F64656C6261686E656E202020202020203D205B5B4D7574746572657220416C6D202D2046616D696C69656E726F64656C6261686E5D5D0A7D7D0A446965204D7574746572657220416C6D206C6965677420C3B673746C69636820646572204265726773746174696F6E20646572204D7574746572657220416C6D204261686E20286175662064657220616E646572656E20536569746520646572205363686970697374652920756E6420686174206465727A6569742027272767657363686C6F7373656E2727272E2044696520416C6D20736F6C6C7465206E69636874206D69742064656D205B5B4D7574746572657220416C6D2045726C65626E697372657374617572616E745D5D20646972656B74206E6562656E20646572204265726773746174696F6E20646572204D7574746572657220416C6D204261686E207665727765636873656C742077657264656E2C20646173206E696368742067657363686C6F7373656E206973742E0A0A2A20272727C39666666E756E67737A656974656E2727273A20446965204D7574746572657220416C6D206861742067657363686C6F7373656E20285374616E643A20352E312E32303035290A2A2027272748616E6479202D20456D7066616E6720626569206465722048C3BC7474652727273A3C62722F3E5A7520626561636874656E206973742C20646173732064657220456D7066616E6720766F6E20646572205765747465726C61676520756E6420766F6D2076657277656E646574656E204D6F62696C74656C65666F6E20616268C3A46E67742E3C62722F3E5374616E643A200A2A2A2041313A202727756E62656B616E6E7427270A2A2A20542D4D6F62696C652F54656C6572696E673A202727756E62656B616E6E7427270A2A2A204F72616E67653A202727756E62656B616E6E7427270A2A2A20447265693A202727756E62656B616E6E7427270A2A2027272742657369747A65722F50C3A463687465722727273A200A2A20272727506F7374616E736368726966742727273A2020200A2A20272727536965686520617563682727273A0A2A2A205B5B4D7574746572657220416C6D2045726C65626E697372657374617572616E745D5D0A2A20272727526F64656C6261686E2727273A0A2A2A205B5B4D7574746572657220416C6D202D2046616D696C69656E726F64656C6261686E5D5D0A2A2A205B5B4D7574746572657220416C6D202D2053706F7274726F64656C6261686E5D5D0A0A0A5B5B4B617465676F7269653A4761737468617573202867657363686C6F7373656E295D5D,0x7574662D38);
INSERT INTO text VALUES (10143,0x526F64656C6261686E656E20696E20646572202727275363687765697A27272720287369656865206175636820687474703A2F2F7777772E726F64656C6E2D7363687765697A2E63682F293A0A0A3C7772676D6170206C61743D2234362E39333930313222206C6F6E3D22382E34323130323122207A6F6F6D3D223822202F3E0A7B7B476F6F676C654D6170732048696E776569737D7D0A0A3C726F64656C6261686E746162656C6C653E0A20203C726567696F6E3E5363687765697A3C2F726567696F6E3E0A20203C726F64656C6261686E20696E5F6172626569743D226E65696E223E5472696573656E6265726720537465673C2F726F64656C6261686E3E0A3C2F726F64656C6261686E746162656C6C653E0A0A466F6C67656E64652045696E7472C3A4676520696E20646572205363687765697A2073696E642067657261646520696E204172626569743A0A3C726F64656C6261686E746162656C6C653E0A20203C726567696F6E20696E5F6172626569743D226A61223E5363687765697A3C2F726567696F6E3E0A20203C726F64656C6261686E20696E5F6172626569743D226A61223E4772696E64656C77616C64202D204B6C65696E6520536368656964656767202D2057656E67656E3C2F726F64656C6261686E3E0A3C2F726F64656C6261686E746162656C6C653E0A0A0A7B7B4261686E746162656C6C65205A65696368656E65726B6CC3A472756E677D7D0A0A3D3D2053696568652061756368203D3D0A2A205B5B52656E6E7465726D696E65205363687765697A5D5D0A2A205B5B566F7261726C626572675D5D0A2A20466F72756D3A0A5B5B496D6167653A57696E746572726F64656C6E312E706E677C36303070787C6C696E6B3D687474703A2F2F77696E746572726F64656C6E2D666F72756D2E6F72672F5D5D0A0A5B5B4B617465676F7269653A526567696F6E5D5D,0x7574662D38);
INSERT INTO text VALUES (10413,0x526F64656C6261686E656E20696E204F73747469726F6C3A0A3C7772676D6170206C61743D2234362E39303731323222206C6F6E3D2231322E36303430363522202F3E0A7B7B476F6F676C654D6170732048696E776569737D7D0A0A3C726F64656C6261686E746162656C6C653E0A20203C726567696F6E3E4F73747469726F6C3C2F726567696F6E3E0A3C2F726F64656C6261686E746162656C6C653E0A0A466F6C67656E64652045696E7472C3A467652073696E6420696E204F73747469726F6C2067657261646520696E204172626569743A0A3C726F64656C6261686E746162656C6C653E0A20203C726567696F6E20696E5F6172626569743D226A61223E4F73747469726F6C3C2F726567696F6E3E0A3C2F726F64656C6261686E746162656C6C653E0A0A7B7B4261686E746162656C6C65205A65696368656E65726B6CC3A472756E677D7D0A0A3D3D2053696568652061756368203D3D0A2A205B5B5469726F6C20556E7465726C616E645D5D0A2A205B5B53C3BC647469726F6C5D5D0A2A205B5B4BC3A4726E74656E5D5D0A2A205B5B4E61747572726F64656C6261686E5F47C3BC746573696567656C7C41757367657A656963686E65746520526F64656C6261686E656E20696E205469726F6C5D5D0A2A205B5B57696E746572726F64656C6E3A4E65752061756667656E6F6D6D656E6520526F64656C6261686E656E7C4E65752061756667656E6F6D6D656E6520526F64656C6261686E656E5D5D0A2A205B687474703A2F2F7469726F6C61746C61732E7569626B2E61632E61742F746F706963732F73706F7274732F646174612E70792F63617465676F72793F6C616E673D64653B61627265763D726F64656C6261686E656E205469726F6C2D41746C617320526F64656C6261686E656E5D0A2A20466F72756D3A0A5B5B496D6167653A57696E746572726F64656C6E312E706E677C36303070787C6C696E6B3D687474703A2F2F77696E746572726F64656C6E2D666F72756D2E6F72672F5D5D0A0A5B5B4B617465676F7269653A526567696F6E5D5D,0x7574662D38);
INSERT INTO text VALUES (10489,0x526F64656C6261686E656E20696E2053C3BC647469726F6C3A0A3C7772676D6170206C61743D2234362E36313336303122206C6F6E3D2231312E353739353922207A6F6F6D3D223922202F3E0A7B7B476F6F676C654D6170732048696E776569737D7D0A0A3C726F64656C6261686E746162656C6C653E0A20203C726567696F6E3E53C3BC647469726F6C3C2F726567696F6E3E0A3C2F726F64656C6261686E746162656C6C653E0A0A44696520666F6C67656E64656E204261686E65696E7472C3A4676520696E2053C3BC647469726F6C2073696E642067657261646520696E204172626569743A0A3C726F64656C6261686E746162656C6C653E0A20203C726567696F6E20696E5F6172626569743D226A61223E53C3BC647469726F6C3C2F726567696F6E3E0A20203C726F64656C6261686E20696E5F6172626569743D226A61223E5A616E73202D2047616D70656E20416C6D3C2F726F64656C6261686E3E0A20203C726F64656C6261686E20696E5F6172626569743D226A61223E52616E7569202D205A616E733C2F726F64656C6261686E3E0A20203C726F64656C6261686E20696E5F6172626569743D226A61223E4D6572616E20323030303C2F726F64656C6261686E3E0A20203C726F64656C6261686E20696E5F6172626569743D226A61223E526F64656C7765672056C3B672616E657220416C6DE2808E3C2F726F64656C6261686E3E0A3C2F726F64656C6261686E746162656C6C653E0A0A0A7B7B4261686E746162656C6C65205A65696368656E65726B6CC3A472756E677D7D0A0A3D3D2053696568652061756368203D3D0A2A205B5B4E6F72647469726F6C5D5D0A2A205B5B4F73747469726F6C5D5D0A2A20466F72756D3A0A5B5B496D6167653A57696E746572726F64656C6E312E706E677C36303070787C6C696E6B3D687474703A2F2F77696E746572726F64656C6E2D666F72756D2E6F72672F5D5D0A0A5B5B4B617465676F7269653A526567696F6E5D5D,0x7574662D38);
INSERT INTO text VALUES (10634,0x[encoded data, 12246 characters],0x7574662D38);
INSERT INTO text VALUES (10757,0x526F64656C6261686E656E20696D205469726F6C6572204F6265726C616E64202873696568652061756368205B5B496E6E73627275636B7C496E6E73627275636B204C616E645D5D2C205B5B5469726F6C20556E7465726C616E645D5D293A0A3C7772676D6170206C61743D2234372E32323332393922206C6F6E3D2231302E39343531323922202F3E0A7B7B476F6F676C654D6170732048696E776569737D7D0A0A3D3D205B5B53656566656C64204C657574617363685D5D203D3D0A3C726F64656C6261686E746162656C6C653E0A20203C726567696F6E3E53656566656C642C204C657574617363683C2F726567696F6E3E0A3C2F726F64656C6261686E746162656C6C653E0A0A3D3D20496E6E73627275636B2057657374203D3D0A3C726F64656C6261686E746162656C6C653E0A20203C726567696F6E3E496E6E73627275636B20576573743C2F726567696F6E3E0A3C2F726F64656C6261686E746162656C6C653E0A0A3D3D20C396747A74616C203D3D0A3C726F64656C6261686E746162656C6C653E0A20203C726567696F6E3EC396747A74616C3C2F726567696F6E3E0A3C2F726F64656C6261686E746162656C6C653E0A0A3D3D2057656974657265204261686E656E20696D204F6265726C616E64203D3D0A3C726F64656C6261686E746162656C6C653E0A20203C726567696F6E3E5469726F6C202D204F6265726C616E643C2F726567696F6E3E0A20203C726567696F6E206F7065726174696F6E3D222D223EC396747A74616C3C2F726567696F6E3E0A20203C726567696F6E206F7065726174696F6E3D222D223E496E6E73627275636B20576573743C2F726567696F6E3E0A20203C726567696F6E206F7065726174696F6E3D222D223E53656566656C642C204C657574617363683C2F726567696F6E3E0A3C2F726F64656C6261686E746162656C6C653E0A0A3D3D20696E20417262656974203D3D0A466F6C67656E646520526F64656C6261686E65696E7472C3A4676520696D205469726F6C6572204F6265726C616E642073696E64206E6F636820696E204172626569743A0A3C726F64656C6261686E746162656C6C653E0A20203C726567696F6E20696E5F6172626569743D226A61223E5469726F6C202D204F6265726C616E643C2F726567696F6E3E0A3C2F726F64656C6261686E746162656C6C653E0A0A7B7B4261686E746162656C6C65205A65696368656E65726B6CC3A472756E677D7D0A0A3D3D2053696568652061756368203D3D0A2A205B5B496E6E73627275636B5D5D0A2A205B5B5469726F6C20556E7465726C616E645D5D0A2A205B5B566F7261726C626572675D5D0A2A205B5B4E61747572726F64656C6261686E5F47C3BC746573696567656C7C41757367657A656963686E65746520526F64656C6261686E656E20696E205469726F6C5D5D0A2A205B5B57696E746572726F64656C6E3A4E65755F61756667656E6F6D6D656E655F526F64656C6261686E656E7C4E65755F61756667656E6F6D6D656E655F526F64656C6261686E656E5D5D0A2A20466F72756D3A0A5B5B496D6167653A57696E746572726F64656C6E312E706E677C36303070787C6C696E6B3D687474703A2F2F77696E746572726F64656C6E2D666F72756D2E6F72672F5D5D0A0A5B5B4B617465676F7269653A526567696F6E5D5D,0x7574662D38);
INSERT INTO text VALUES (10796,0x526F64656C6261686E656E20696E205469726F6C202873696568652061756368205B5B496E6E73627275636B5D5D2C205B5B5469726F6C204F6265726C616E645D5D2C205B5B5469726F6C20556E7465726C616E645D5D2C205B5B4F73747469726F6C5D5D2C205B5B53C3BC647469726F6C5D5D293A0A3C7772676D6170206C61743D2234372E323222206C6F6E3D2231312E343222202F3E0A7B7B476F6F676C654D6170732048696E776569737D7D0A0A3D3D205B5B496E6E73627275636B5D5D203D3D0A3C726F64656C6261686E746162656C6C653E0A20203C726567696F6E3E496E6E73627275636B3C2F726567696F6E3E0A3C2F726F64656C6261686E746162656C6C653E0A0A3D3D205B5B53747562616974616C205769707074616C5D5D203D3D0A3C726F64656C6261686E746162656C6C653E0A20203C726567696F6E3E5769707074616C3C2F726567696F6E3E0A20203C726567696F6E3E53747562616974616C3C2F726567696F6E3E0A3C2F726F64656C6261686E746162656C6C653E0A0A3D3D205B5B53656566656C64204C657574617363685D5D203D3D0A3C726F64656C6261686E746162656C6C653E0A20203C726567696F6E3E53656566656C642C204C657574617363683C2F726567696F6E3E0A3C2F726F64656C6261686E746162656C6C653E0A0A3D3D205B5B5469726F6C204F6265726C616E645D5D203D3D0A3C726F64656C6261686E746162656C6C653E0A20203C726567696F6E3E5469726F6C202D204F6265726C616E643C2F726567696F6E3E0A3C2F726F64656C6261686E746162656C6C653E0A0A3D3D205B5B5469726F6C20556E7465726C616E645D5D203D3D0A3C726F64656C6261686E746162656C6C653E0A20203C726567696F6E3E5469726F6C202D20556E7465726C616E643C2F726567696F6E3E0A3C2F726F64656C6261686E746162656C6C653E0A0A3D3D205B5B4F73747469726F6C5D5D203D3D0A3C726F64656C6261686E746162656C6C653E0A20203C726567696F6E3E4F73747469726F6C3C2F726567696F6E3E0A3C2F726F64656C6261686E746162656C6C653E0A0A3D3D20696E20417262656974203D3D0A3C726F64656C6261686E746162656C6C653E0A20203C726567696F6E20696E5F6172626569743D226A61223E4E6F72647469726F6C3C2F726567696F6E3E0A3C2F726F64656C6261686E746162656C6C653E0A0A0A7B7B4261686E746162656C6C65205A65696368656E65726B6CC3A472756E677D7D0A0A3D3D2053696568652061756368203D3D0A2A205B5B496E6E73627275636B5D5D0A2A205B5B5469726F6C204F6265726C616E645D5D0A2A205B5B5469726F6C20556E7465726C616E645D5D0A2A205B5B4F73747469726F6C5D5D0A2A205B5B53C3BC647469726F6C5D5D0A2A205B5B566F7261726C626572675D5D0A2A205B5B5374656965726D61726B7C5374656965726D61726B2F4E6965646572C3B67374657272656963685D5D0A2A205B5B5363687765697A5D5D0A2A205B5B4E61747572726F64656C6261686E5F47C3BC746573696567656C7C41757367657A656963686E65746520526F64656C6261686E656E20696E205469726F6C5D5D0A2A205B5B57696E746572726F64656C6E3A4E65752061756667656E6F6D6D656E6520526F64656C6261686E656E7C4E65752061756667656E6F6D6D656E6520526F64656C6261686E656E5D5D0A2A205B687474703A2F2F7469726F6C61746C61732E7569626B2E61632E61742F746F706963732F73706F7274732F646174612E70792F63617465676F72793F6C616E673D64653B61627265763D726F64656C6261686E656E205469726F6C2D41746C617320526F64656C6261686E656E5D0A2A20466F72756D3A0A5B5B496D6167653A57696E746572726F64656C6E312E706E677C36303070787C6C696E6B3D687474703A2F2F77696E746572726F64656C6E2D666F72756D2E6F72672F5D5D0A0A5B5B4B617465676F7269653A526567696F6E5D5D,0x7574662D38);
INSERT INTO text VALUES (10836,0x526F64656C6261686E656E2072756E6420756D20272727496E6E73627275636B27272720696E205469726F6C202842657A69726B20496E6E73627275636B204C616E64293A0A3C7772676D6170206C61743D2234372E323022206C6F6E3D2231312E343222202F3E0A7B7B476F6F676C654D6170732048696E776569737D7D0A0A0A3D3D20496E6E73627275636B20284D697474656C6765626972676529203D3D0A3C726F64656C6261686E746162656C6C653E0A20203C726567696F6E3E496E6E73627275636B204D697474656C676562697267653C2F726567696F6E3E0A3C2F726F64656C6261686E746162656C6C653E0A0A3D3D205B5B53747562616974616C205769707074616C5D5D203D3D0A3D3D3D2053747562616974616C203D3D3D0A3C726F64656C6261686E746162656C6C653E0A20203C726567696F6E3E53747562616974616C3C2F726567696F6E3E0A3C2F726F64656C6261686E746162656C6C653E0A3D3D3D205769707074616C203D3D3D0A3C726F64656C6261686E746162656C6C653E0A20203C726567696F6E3E5769707074616C3C2F726567696F6E3E0A3C2F726F64656C6261686E746162656C6C653E0A0A3D3D205B5B53656566656C64204C657574617363685D5D203D3D0A3C726F64656C6261686E746162656C6C653E0A20203C726567696F6E3E53656566656C642C204C657574617363683C2F726567696F6E3E0A3C2F726F64656C6261686E746162656C6C653E0A0A0A3D3D20496E6E73627275636B2057657374203D3D0A3C726F64656C6261686E746162656C6C653E0A20203C726567696F6E3E496E6E73627275636B20576573743C2F726567696F6E3E0A3C2F726F64656C6261686E746162656C6C653E0A0A0A3D3D20496E6E73627275636B204F7374203D3D0A3C726F64656C6261686E746162656C6C653E0A20203C726567696F6E3E496E6E73627275636B204F73743C2F726567696F6E3E0A3C2F726F64656C6261686E746162656C6C653E0A0A0A3D3D20496E20417262656974203D3D0A44696520666F6C67656E64656E20526F64656C6261686E65696E7472C3A4676520766F6E2064696573656D2047656269657420626566696E64656E2073696368206E6F636820696E204172626569743A0A3C726F64656C6261686E746162656C6C653E0A20203C726567696F6E20696E5F6172626569743D226A61223E496E6E73627275636B204D697474656C676562697267653C2F726567696F6E3E0A20203C726567696F6E20696E5F6172626569743D226A61223E5769707074616C3C2F726567696F6E3E0A20203C726567696F6E20696E5F6172626569743D226A61223E53747562616974616C3C2F726567696F6E3E0A20203C726567696F6E20696E5F6172626569743D226A61223E53656566656C642C204C657574617363683C2F726567696F6E3E0A20203C726567696F6E20696E5F6172626569743D226A61223E496E6E73627275636B20576573743C2F726567696F6E3E0A20203C726567696F6E20696E5F6172626569743D226A61223E496E6E73627275636B204F73743C2F726567696F6E3E0A3C2F726F64656C6261686E746162656C6C653E0A0A7B7B4261686E746162656C6C65205A65696368656E65726B6CC3A472756E677D7D0A0A3D3D2053696568652061756368203D3D0A2A205B5B5469726F6C204F6265726C616E645D5D0A2A205B5B5469726F6C20556E7465726C616E645D5D0A2A205B5B53C3BC647469726F6C5D5D0A2A205B5B4F73747469726F6C5D5D0A2A205B5B4E61747572726F64656C6261686E5F47C3BC746573696567656C7C41757367657A656963686E65746520526F64656C6261686E656E20696E205469726F6C5D5D0A2A205B5B57696E746572726F64656C6E3A4E65752061756667656E6F6D6D656E6520526F64656C6261686E656E7C4E65752061756667656E6F6D6D656E6520526F64656C6261686E656E5D5D0A0A5B5B496D6167653A57696E746572726F64656C6E312E706E677C36303070787C6C696E6B3D687474703A2F2F77696E746572726F64656C6E2D666F72756D2E6F72672F5D5D0A0A5B5B4B617465676F7269653A526567696F6E5D5D,0x7574662D38);
INSERT INTO text VALUES (11067,0x[encoded data, 8882 characters],0x7574662D38);
INSERT INTO text VALUES (11203,0x[encoded data, 9016 characters],0x7574662D38);
INSERT INTO text VALUES (11251,0x[encoded data, 11074 characters],0x7574662D38);
INSERT INTO text VALUES (11278,0x7B7B4761737468617573626F780A7C20506F736974696F6E202020202020202020203D2034372E323038333637204E2031312E34383836383220450A7C2048C3B6686520202020202020202020202020203D20313732300A7C204265747265696265722020202020202020203D205376656E2044657070650A7C205369747A706CC3A4747A6520202020202020203D200A7C20C39C6265726E61636874756E672020202020203D203635205363686C6166706CC3A4747A650A7C205261756368667265692020202020202020203D204A610A7C20526F64656C7665726C6569682020202020203D200A7C2048616E6479656D7066616E672020202020203D200A7C20486F6D6570616765202020202020202020203D20687474703A2F2F7777772E6D656973736E65722D686175732E61742F0A7C20452D4D61696C2020202020202020202020203D20696E666F406D656973736E65722D686175732E61740A7C2054656C65666F6E20202020202020202020203D202B34332D3531322D3337373639370A7C2042696C6420202020202020202020202020203D2047617374686175735F4D6569C39F6E65725F486175735F30322E6A70670A7C20526F64656C6261686E656E202020202020203D205B5B4D6569C39F6E657220486175735D5D0A7D7D0A0A3C212D2D2054656C65666F6E20284D6F62696C292020202020203D204E65696E202D2D3E0A0A4469652066616D696C69656E667265756E646C696368652048C3BC747465206465732044415620697374206E69636874206E75722062656920526F646C65726E207A756D2045696E6B656872656E2062656C696562742C20736F6E6465726E20697374206175636820646572205A7769736368656E73746F7070207A61686C726569636865722053636869746F7572656E2E20446572204175667374696567206973742077656974676568656E6420737465696C20756E64206572737420646965206C65747A74656E207A776569204B696C6F6D65746572207769726420657320666C61636865722E2057656E6E206D616E2064616E6E2064656E207669656C656E2050666F74656E73707572656E20666F6C67742066696E646574206D616E2062616C64206469652048C3BC7474652E204C617574737461726B206162657220667265756E646C6963682077697264206D616E20766F6D2048C3BC7474656E68756E64202865696D656E20436F6C6C69652920766F6E2077656974656D2062656772C3BCC39F742E20457320676962742065696E6520C39C6265726E61636874756E67736DC3B6676C6963686B6569742066C3BC722063612E20363520506572736F6E656E20696D204D617472617A656E6C6167657220756E6420617563682066C3BC6E66205A696D6D65722073696E6420766F7268616E64656E2E205A776569204761737473747562656E2062696574656E2067656EC3BC67656E6420506C61747A2E2044617320416D6269656E7465206465722048C3BC747465206973742067656DC3BC746C6963682C20616C746D6F646973636820756E642072757374696B616C2C20776F626569206265736F6E6465727320646572204B616368656C6F66656E20617573204D656973736E657220506F727A656C6C616E20736568656E7377657274206973742E0A3C212D2D2067696274206573206E69636874206D6568722C20204BC3BC636865206D6974204D696B726F77656C6C65203A2D282021212041757367657A656963686E657465204BC3BC636865202D206469652062657374656E205370696E61746B6EC3B664656C207765697420756E642062726569742E202D2D3E0A0A2A20272727C39666666E756E67737A656974656E2727273A20446173204D6569C39F6E65722048617573206973742067616E7A6AC3A468726967206F686E652052756865746167206765C3B666666E65742E204C656469676C69636820696D204E6F76656D6265722F416E66616E672044657A656D626572206D616368742064657220576972742065696E207061617220576F6368656E2055726C6175622E0A2A2027272748616E6479202D20456D7066616E6720626569206465722048C3BC7474652727273A4472696E6E656E206B65696E204E65747A2C2064726175C39F656E2067616E7A20736368776163682E0A2A2027272742657369747A65722F50C3A463687465722727273A205376656E2044657070652C2053696C6B652052796D6B75C39F200A2A20272727506F7374616E736368726966742727273A2056696767617274616C203134312F312C203630383320456C6C62C3B667656E3B20C3967374657272656963680A2A20272727536965686520617563682727273A0A2A2A205B687474703A2F2F7777772E6D656973736E65722D686175732E61742F20486F6D65706167655D0A2A2A205B687474703A2F2F7777772E616C70656E76657265696E2E61742F6875657474656E486F6D652F44452F486F6D652F696E6465782E7068703F6875657474654E723D303630322048C3BC7474656E73656974652064657320416C70656E76657265696E735D0A2A20272727526F64656C6261686E2727273A0A2A2A205B5B4D6569C39F6E657220486175735D5D0A0A7B7B47617374686175736265617566747261677465727C4E616D653D5376656E2044657070657C467261753D4E65696E7C452D4D61696C3D696E666F406D656973736E65722D686175732E61747C452D4D61696C206765736368C3BC747A743D4E65696E7D7D0A0A5B5B4B617465676F7269653A47617374686175735D5D,0x7574662D38);
INSERT INTO text VALUES (11586,0x526F64656C6261686E656E20696D205469726F6C657220556E7465726C616E64202873696568652061756368205B5B496E6E73627275636B7C496E6E73627275636B204C616E645D5D2C205B5B5469726F6C204F6265726C616E645D5D293A0A3C7772676D6170206C61743D2234372E33383930353322206C6F6E3D2231312E38313330343922202F3E0A7B7B476F6F676C654D6170732048696E776569737D7D0A0A3D3D20526567696F6E20496E6E73627275636B2D4C616E642F4F7374203D3D0A3C726F64656C6261686E746162656C6C653E0A20203C726567696F6E3E496E6E73627275636B204F73743C2F726567696F6E3E0A20203C726567696F6E206F7065726174696F6E3D222D223E53636877617A2F5A696C6C657274616C3C2F726567696F6E3E0A3C2F726F64656C6261686E746162656C6C653E0A0A3D3D20526567696F6E2053636877617A2F5A696C6C657274616C203D3D0A3C726F64656C6261686E746162656C6C653E0A20203C726567696F6E3E53636877617A2F5A696C6C657274616C3C2F726567696F6E3E0A3C2F726F64656C6261686E746162656C6C653E0A0A3D3D20526567696F6E204B7566737465696E203D3D0A3C726F64656C6261686E746162656C6C653E0A20203C726567696F6E3E4B7566737465696E3C2F726567696F6E3E0A3C2F726F64656C6261686E746162656C6C653E0A0A3D3D20526567696F6E204B69747A62C3BC68656C203D3D0A3C726F64656C6261686E746162656C6C653E0A20203C726567696F6E3E4B69747A62C3BC68656C3C2F726567696F6E3E0A3C2F726F64656C6261686E746162656C6C653E0A0A0A466F6C67656E64652045696E7472C3A467652073696E642067657261646520696E204172626569743A0A3C726F64656C6261686E746162656C6C653E0A20203C726567696F6E20696E5F6172626569743D226A61223E5469726F6C202D20556E7465726C616E643C2F726567696F6E3E0A3C2F726F64656C6261686E746162656C6C653E0A0A7B7B4261686E746162656C6C65205A65696368656E65726B6CC3A472756E677D7D0A0A3D3D2053696568652061756368203D3D0A2A205B5B496E6E73627275636B5D5D0A2A205B5B5469726F6C204F6265726C616E645D5D0A2A205B5B4F73747469726F6C5D5D0A2A205B5B4E61747572726F64656C6261686E5F47C3BC746573696567656C7C41757367657A656963686E65746520526F64656C6261686E656E20696E205469726F6C5D5D0A2A205B5B57696E746572726F64656C6E3A4E65755F61756667656E6F6D6D656E655F526F64656C6261686E656E7C4E65755F61756667656E6F6D6D656E655F526F64656C6261686E656E5D5D0A0A5B5B496D6167653A57696E746572726F64656C6E312E706E677C36303070787C6C696E6B3D687474703A2F2F77696E746572726F64656C6E2D666F72756D2E6F72672F5D5D0A0A5B5B4B617465676F7269653A526567696F6E5D5D,0x7574662D38);
INSERT INTO text VALUES (11689,0x7B7B496E204172626569747CC39C626572617262656974756E677C566172546578743D4E6163682052656E6F76696572756E6720777572646520646965204D696C64657261756E20416C6D206E6575207665727061636874657420756E64206973742061622064656D2027272757696E74657220323031352F313627272720776965646572206765C3B666666E65743B20617563682064696520526F64656C6261686E2077697264207265616B74697669657274213C6272202F3E4EC3A46865726520496E666F726D6174696F6E656E2064617A752064656D6EC3A4636873742068696572206175662027272757696E746572726F64656C6E2E6F72672727272E7D7D0A0A7B7B4761737468617573626F780A7C20506F736974696F6E202020202020202020203D2034372E3038373638204E2031312E32353730313120450A7C2048C3B6686520202020202020202020202020203D20313637350A7C204265747265696265722020202020202020203D204D696C64657261756E616C6D204F470A7C205369747A706CC3A4747A6520202020202020203D0A7C20C39C6265726E61636874756E672020202020203D0A7C205261756368667265692020202020202020203D0A7C20526F64656C7665726C6569682020202020203D204A610A7C2048616E6479656D7066616E672020202020203D0A7C20486F6D6570616765202020202020202020203D204E65696E0A7C20452D4D61696C2020202020202020202020203D2064657A2E7465737461726F7373614061312E6E65740A7C2054656C65666F6E20202020202020202020203D202B34332D3639392D31303033363831330A7C2042696C6420202020202020202020202020203D2047617374686175735F4D696C64657261756E5F416C6D5F30312E6A70670A7C20526F64656C6261686E656E202020202020203D205B5B4D696C64657261756E5D5D3B205B5B4D696C64657261756E20286BC3BC727A6572295D5D200A7D7D0A0A0A2A20272727C39666666E756E67737A656974656E2727273A54C3A4676C6963680A2A2027272748616E6479202D20456D7066616E6720626569206465722048C3BC7474652727273A3C62722F3E5A7520626561636874656E206973742C20646173732064657220456D7066616E6720766F6E20646572205765747465726C61676520756E6420766F6D2076657277656E646574656E204D6F62696C74656C65666F6E20616268C3A46E67742E3C62722F3E5374616E643A200A2A2A2041313A4A610A2A2A20542D4D6F62696C652F54656C6572696E673A204A610A2A2A20447265693A204A610A2A2027272742657369747A65722F50C3A463687465722727273A204D696C64657261756E616C6D204F470A2A20272727506F7374616E736368726966742727273A20536368616C6C65722034303B2036313637204E657573746966740A2A20272727536965686520617563682727273A0A2A20272727526F64656C6261686E656E2727273A0A2A2A205B5B4D696C64657261756E20284D696C64657273295D5D0A2A2A205B5B4D696C64657261756E20284F626572656767295D5D0A0A5B5B4B617465676F7269653A47617374686175735D5D0A5B5B4B617465676F7269653A496E204172626569745D5D,0x7574662D38);
INSERT INTO text VALUES (11875,0x[encoded data, 11688 characters],0x7574662D38);
INSERT INTO text VALUES (11969,0x526F64656C6261686E656E20696E204E6965646572C3B67374657272656963683A0A3C7772676D6170206C61743D2234382E31363630383522206C6F6E3D2231352E36393934363322207A6F6F6D3D223822202F3E0A7B7B476F6F676C654D6170732048696E776569737D7D0A0A466F6C67656E646520526F64656C6261686E656E2073696E6420696E204E6965646572C3B673746572726569636820756E6420646572204E6163686261727363686166743A0A3C726F64656C6261686E746162656C6C653E0A20203C726567696F6E3E4E6965646572C3B67374657272656963683C2F726567696F6E3E0A3C2F726F64656C6261686E746162656C6C653E0A0A466F6C67656E64652045696E7472C3A4676520696E204E6965646572C3B67374657272656963682073696E642067657261646520696E204172626569743A0A3C726F64656C6261686E746162656C6C653E0A20203C726567696F6E20696E5F6172626569743D226A61223E4E6965646572C3B67374657272656963683C2F726567696F6E3E0A3C2F726F64656C6261686E746162656C6C653E0A0A7B7B4261686E746162656C6C65205A65696368656E65726B6CC3A472756E677D7D0A0A0A3D3D20323420526F64656C6261686E656E20696E204E6965646572C3B6737465727265696368203D3D0A2A2047657268617264204D6974746572686F666572206861742065696E652027272761757366C3BC68726C69636865204C69737465206D697420526F64656C6261686E656E20696E204E6965646572C3B673746572726569636820756E64205374656965726D61726B272727207A756D20446F776E6C6F61642062657265697467657374656C6C743A0A68747470733A2F2F64726976652E676F6F676C652E636F6D2F6F70656E3F69643D3042326D4C74467655422D344353304E33645563795A47646C63334D202E20202020205669656C656E2044616E6B0A0A3D3D2053696568652061756368203D3D0A2A205B5B5374656965726D61726B5D5D0A2A205B5B4BC3A4726E74656E5D5D0A2A205B5B4F626572C3B67374657272656963685D5D0A0A5B5B4B617465676F7269653A526567696F6E5D5D,0x7574662D38);
INSERT INTO text VALUES (12008,0x7B7B4761737468617573626F780A7C20506F736974696F6E202020202020202020203D2034372E343935363737313336204E2031322E31393736383635353520450A7C2048C3B6686520202020202020202020202020203D203732300A7C204265747265696265722020202020202020203D204761626920536368726F6C6C0A7C205369747A706CC3A4747A6520202020202020203D200A7C20C39C6265726E61636874756E672020202020203D204E65696E0A7C205261756368667265692020202020202020203D205465696C77656973650A7C20526F64656C7665726C6569682020202020203D204E65696E0A7C2048616E6479656D7066616E672020202020203D20626F623B20542D4D6F62696C6520413B206F72616E67652041543B20332041540A7C20486F6D6570616765202020202020202020203D20687474703A2F2F7777772E6D6F6F6E6C696768746261722D736F656C6C2E636F6D2F0A7C20452D4D61696C2020202020202020202020203D20736368726F6C6C2E6761626940616F6E2E61740A7C2054656C65666F6E20202020202020202020203D202B34332D3636342D343033363030360A7C2042696C6420202020202020202020202020203D204D6F6F6E6C696768742D42617220323031362D30312D31382E6A70670A7C20526F64656C6261686E656E202020202020203D205B5B53C3B66C6C202D20486578656E726974745D5D3B205B5B53C3B66C6C202D204D6F6E64726F64656C6261686E5D5D0A7D7D0A5765722073696368206E6163682065696E657220284E6163687429726F64656C7061727469652061756677C3A4726D656E2077696C6C2C206B616E6E206469657320696E20646572204D6F6F6E6C696768742D4261722074756E3A2053696520626566696E646574207369636820313030206D206F62657268616C622064657220476F6E64656C74616C737461696F6E20756E642064656D20526F64656C7665726C65696820696E2053C3B66C6C2E0A0A2A20272727C39666666E756E67737A656974656E2727273A20446965204D6F6F6E6C696768742D426172206861742074C3A4676C69636820766F6E2031353A3030202D2031383A303020756E64204D697474776F6368206269732053616D7374616720766F6E2031393A3030202D2032333A303020556872206765C3B666666E65742E0A2A2027272748616E6479202D20456D7066616E6720626569206465722048C3BC7474652727273A3C62722F3E5A7520626561636874656E206973742C20646173732064657220456D7066616E6720766F6E20646572205765747465726C61676520756E6420766F6D2076657277656E646574656E204D6F62696C74656C65666F6E20616268C3A46E67742E3C62722F3E5374616E643A20323031322D31322D31330A2A2A2041312F626F623A204A610A2A2A20542D4D6F62696C652F54656C6572696E673A204A610A2A2A204F72616E67653A204A610A2A2A20447265693A204A610A2A202727274265747265696265722727273A204761626920536368726F6C6C0A2A20272727506F7374616E736368726966742727273A205374616D7066616E6765722032323B20363330362053C3B66C6C3B20C3967374657272656963680A2A20272727536965686520617563682727273A0A2A2A2020687474703A2F2F7777772E6D6F6F6E6C696768746261722D736F656C6C2E636F6D2F0A2A20272727526F64656C6261686E2727273A0A2A2A205B5B53C3B66C6C202D20486578656E726974745D5D0A2A2A205B5B53C3B66C6C202D204D6F6E64726F64656C6261686E5D5D0A0A0A5B5B4B617465676F7269653A47617374686175735D5D,0x7574662D38);
INSERT INTO text VALUES (12056,0x[encoded data, 18054 characters],0x7574662D38);
INSERT INTO text VALUES (12101,0x[encoded data, 4898 characters],0x7574662D38);
INSERT INTO text VALUES (12106,0x[encoded data, 13218 characters],0x7574662D38);
INSERT INTO text VALUES (12193,0x[encoded data, 16702 characters],0x7574662D38);
INSERT INTO text VALUES (12194,0x[encoded data, 11950 characters],0x7574662D38);
INSERT INTO text VALUES (12224,0x7B7B4761737468617573626F780A7C20506F736974696F6E202020202020202020203D2034372E333238363837204E2031302E39323635353220450A7C2048C3B6686520202020202020202020202020203D20313535340A7C204265747265696265722020202020202020203D204B6169204F6C697665722048C3A4686E656C0A7C205369747A706CC3A4747A6520202020202020203D200A7C20C39C6265726E61636874756E672020202020203D200A7C205261756368667265692020202020202020203D204A610A7C20526F64656C7665726C6569682020202020203D204A610A7C2048616E6479656D7066616E672020202020203D2041310A7C20486F6D6570616765202020202020202020203D20687474703A2F2F7777772E6C65686E62657267686175732E61740A7C20452D4D61696C2020202020202020202020203D20696E666F406C65686E62657267686175732E61740A7C2054656C65666F6E20202020202020202020203D202B34332D3637362D373930353236320A7C2042696C6420202020202020202020202020203D2047617374686175735F4C65686E62657267686175735F30312E6A70670A7C20526F64656C6261686E656E202020202020203D205B5B4C65686E62657267686175735D5D0A7D7D0A446173204C65686E6265726768617573206C69656774206175662031353534206D20616D204675C39F65206465722057616E6B2D537069747A6520696E2065696E65722057616C646C69636874756E67206D697420426C69636B206E6163682053C3BC64656E206175662064656E2053696D6D6572696E672E20416E20736F6E6E6967656E2057696E7465726E6163686D6974746167656E2069737420646173205369747A656E20696D2046726569656E20756E642022536F6E6E656E74616E6B656E2220736568722062656C696562742E204265696D204C65686E62657267686175732C20646173207369636820616D206F626572656E20456E646520646572205B5B4C65686E62657267686175735D5D20526F64656C6261686E20626566696E6465742C206BC3B66E6E656E20526F64656C6E2061757367656C696568656E2077657264656E0A0A2A20272727C39666666E756E67737A656974656E2727273A200A2A2A204D6F20766F6E2031302D313620756E6420446F2D536120766F6E2031302D323220556872206765C3B666666E65742C2044692E20752E204D692E20527568657461672E0A2A2027272748616E6479202D20456D7066616E6720626569206465722048C3BC7474652727273A3C62722F3E5A7520626561636874656E206973742C20646173732064657220456D7066616E6720766F6E20646572205765747465726C61676520756E6420766F6D2076657277656E646574656E204D6F62696C74656C65666F6E20616268C3A46E67742E3C62722F3E5374616E643A20323030352D30312D33300A2A2A2041313A204A610A2A2A20542D4D6F62696C652F54656C6572696E673A202727756E62656B616E6E7427270A2A2A204F72616E67653A202727756E62656B616E6E7427270A2A2A20447265693A202727756E62656B616E6E7427270A2A2027272742657369747A65722F50C3A463687465722727273A204B6169204F6C697665722048C3A4686E656C0A2A20272727506F7374616E736368726966742727273A204C65686E62657267686175733B2036343136204F6273746569670A2A20272727536965686520617563682727273A207777772E6C65686E62657267686175732E61740A2A20272727526F64656C6261686E2727273A0A2A2A205B5B4C65686E62657267686175735D5D0A0A7B7B436C6561727D7D0A7B7B47617374686175736265617566747261677465727C4E616D653D4D616E667265642047616265727C467261753D4E65696E7C452D4D61696C3D6D616E66726564406F656C672E6F72677C452D4D61696C206765736368C3BC747A743D4E65696E7D7D0A0A0A5B5B4B617465676F7269653A47617374686175735D5D,0x7574662D38);
INSERT INTO text VALUES (12277,0x[encoded data, 12508 characters],0x7574662D38);
INSERT INTO text VALUES (12295,0x7B7B4761737468617573626F780A7C20506F736974696F6E202020202020202020203D2034372E313737303338204E2031312E32363538373820450A7C2048C3B6686520202020202020202020202020203D20313637330A7C204265747265696265722020202020202020203D20486172616C642042696563686C0A7C205369747A706CC3A4747A6520202020202020203D200A7C20C39C6265726E61636874756E672020202020203D203130204D617472617A656E6C616765722C20347820446F7070656C7A696D6D65722C206A652065696E20332D4265747420756E6420342D426574747A696D6D65720A7C205261756368667265692020202020202020203D204E65696E0A7C20526F64656C7665726C6569682020202020203D204A610A7C2048616E6479656D7066616E672020202020203D2041312C20542D4D6F62696C6520412C20447265690A7C20486F6D6570616765202020202020202020203D20687474703A2F2F7777772E6B656D61746572616C6D2E61742F0A7C20452D4D61696C2020202020202020202020203D2068612E62696563686C40686F746D61696C2E636F6D0A7C2054656C65666F6E20202020202020202020203D202B34332D3635302D353730333339310A7C2042696C6420202020202020202020202020203D2047617374686175735F4B656D617465725F416C6D5F30322E6A70670A7C20526F64656C6261686E656E202020202020203D205B5B4B656D6174657220416C6D5D5D0A7D7D0A0A7B7B427574746F6E7C4E657569676B656974656E7C566172546578743D3C62722F3E44696520416C6D20686174207365697420536F6D6D65722032303135206D697420272727486172616C642042696563686C2727272065696E656E206E6575656E2050C3A463687465722E7D7D0A0A0A44696520736368C3B66E2067656C6567656E652048C3BC747465206C6965677420696D2068696E746572656E2053656E6465727374616C20696D2052756865676562696574205B687474703A2F2F64652E77696B6970656469612E6F72672F77696B692F4B616C6B6B25433325423667656C204B616C6B6BC3B667656C5D2C2064696520617563682064696520626565696E647275636B656E646520426572676B756C697373652068696E7465722064657220416C6D2062696C64656E2E20416D204E6163686D6974746167206C69656774206469652048C3BC74746520696E2064657220536F6E6E652C20756E64206D616E206B616E6E206573207369636820617566206465722054657272617373652067656DC3BC746C696368206D616368656E3A203139205469736368652062696574656E20506C61747A2066C3BC7220626973207A752031353020506572736F6E656E2E0A0A4469652048C3BC74746520686174207A776569206772C3B6C39F65726520756E642065696E65206B6C65696E65205374756265286E293B20696E20646572205374756265206D6974206465722042617220646172662067657261756368742077657264656E2E0A5B5B4B656D617465725F416C6D5F496D7072657373696F6E656E7C486965725D5D2066696E64656E20736963682065696E69676520496D7072657373696F6E656E207A7520526F64656C6261686E20756E6420416C6D2E0A0A2A20272727C39666666E756E67737A656974656E2727273A202827275374616E642031392E30312E323031362727290A2A2A202727276B65696E20527568657461672727270A2A2A2074C3A4676C696368206269732065747761203234205568720A2A2027272748616E6479202D20456D7066616E6720626569206465722048C3BC7474652727273A3C62722F3E5A7520626561636874656E206973742C20646173732064657220456D7066616E6720766F6E20646572205765747465726C61676520756E6420766F6D2076657277656E646574656E204D6F62696C74656C65666F6E20616268C3A46E67742E3C62722F3E5374616E643A20323031332D30392D32330A2A2A2041313A204A610A2A2A20542D4D6F62696C652F447265693A204A610A2A2027272742657369747A65722F50C3A463687465722727273A20486172616C642042696563686C0A2A20272727506F7374616E736368726966742727273A20537065636B62616368657273747261C39F6520322C203630363720416273616D0A2A20272727536965686520617563682727273A0A2A2A205B687474703A2F2F7777772E6B656D61746572616C6D2E61742F20486F6D657061676520646572204B656D6174657220416C6D5D0A2A2A205B687474703A2F2F7777772E616C70656E76657265696E2E61742F6875657474656E486F6D652F44452F486F6D652F696E6465782E7068703F6875657474654E723D313231332048C3BC7474656E73656974652064657320416C70656E76657265696E735D0A2A20272727526F64656C6261686E2727273A0A2A2A205B5B4B656D6174657220416C6D5D5D0A0A7B7B436C6561727D7D0A7B7B427574746F6E6C65697374657C6D6574656F626C7565203D206B656D617465722D616C6D5F61745F31303338327C496D7072657373696F6E656E203D204B656D617465725F416C6D5F496D7072657373696F6E656E7C4B6F7272656B747572203D2053656974657D7D0A0A5B5B4B617465676F7269653A47617374686175735D5D,0x7574662D38);



--
-- Table structure for table `wrreport`
--

CREATE TABLE wrreport (
  `id` int(11) NOT NULL AUTO_INCREMENT,
  page_id int(11) DEFAULT NULL,
  page_title varchar(255) DEFAULT NULL,
  date_report date DEFAULT NULL,
  time_report time DEFAULT NULL,
  date_entry datetime DEFAULT NULL,
  date_invalid datetime DEFAULT NULL,
  `condition` int(11) DEFAULT NULL,
  description text,
  author_name varchar(30) DEFAULT NULL,
  author_ip varchar(15) DEFAULT NULL,
  author_userid int(11) DEFAULT NULL,
  author_username varchar(30) DEFAULT NULL,
  delete_date datetime DEFAULT NULL,
  delete_person_name varchar(30) DEFAULT NULL,
  delete_person_ip varchar(15) DEFAULT NULL,
  delete_person_userid int(11) DEFAULT NULL,
  delete_person_username varchar(30) DEFAULT NULL,
  delete_reason_public text,
  delete_invisible tinyint(1) DEFAULT NULL,
  PRIMARY KEY (`id`),
  KEY idx_author (author_userid,`condition`,delete_date),
  KEY idx_page (page_title,date_invalid),
  KEY idx_date_invalid (date_invalid),
  KEY idx_date_entry (date_entry)
) ENGINE=MyISAM AUTO_INCREMENT=19597 DEFAULT CHARSET=utf8;

--
-- Dumping data for table `wrreport`
--

INSERT INTO wrreport VALUES (19587,793,'Prantner Alm','2017-03-19','13:00:00','2017-03-19 18:56:07','2017-03-28 18:56:07',NULL,'Obere Hälfte der Rodelbahn gut rodelbar! untere Hälfte teilweise aper und weich. Essen wie immer top!','CHARLY',NULL,NULL,NULL,NULL,NULL,NULL,NULL,NULL,NULL,NULL);
INSERT INTO wrreport VALUES (19588,251,'Juifenalm','2017-03-20','15:00:00','2017-03-20 23:17:08','2017-03-29 23:17:08',4,'Wärme und Regen haben innerhalb von drei Tagen die Superbahn in ein Stückwerk verwandelt. Trotzdem mit der Rodel gerade noch schneller als zu Fuß! Das war für uns definitiv der heurige Rodelabschluß! Oben auf der Alm sonnig, warm, windstill und beste Bedienung: das gibt es auch in der rodelfreien Zeit!','Ramon',NULL,NULL,NULL,NULL,NULL,NULL,NULL,NULL,NULL,NULL);
INSERT INTO wrreport VALUES (19589,1804,'Haunold','2017-03-21',NULL,'2017-03-22 07:07:57','2017-03-31 07:07:57',1,'Kaum zu glauben, aber die Bahn war bestens präpariert,  mit viel Kunstschnee,  und die rasante Abfahrt hat richtig Spass gemacht. Ab mittags wird der Schnee dann natürlich immer weicher. Einziger Nachteil: der unfreundliche Wirt auf der Haunold Hütte.','Brigitte',NULL,NULL,NULL,NULL,NULL,NULL,NULL,NULL,NULL,NULL);
INSERT INTO wrreport VALUES (19590,761,'Pleisenhütte Axamer Lizum','2017-03-22',NULL,'2017-03-22 18:26:20','2017-03-31 18:26:20',4,'Leider gibt es schon mehrere apere Stellen nun auch im oberen Bereich. Für geübte Rodler sicher zu umfahren. Durch die hohen Temperaturen ziemlich weich. Vielleicht kommt Frau Holle nochmal in Fahrt ......','Gudrun - Pleisenwirtin',NULL,NULL,NULL,NULL,NULL,NULL,NULL,NULL,NULL,NULL);
INSERT INTO wrreport VALUES (19591,228,'Brandstatt Alm','2017-03-25','21:30:00','2017-03-25 23:06:12','2017-04-03 23:06:12',4,'es war am abend schon etwas durchgefroren, allerdings rinnt die bahn derzeit einfach davon. von der brandstatt bis zur auffang alm geht es noch großteils durchgängig und flott dahin, absteigen muss man trotzdem einige male. runter dann zum parkplatz josef halten sich rodel- und fußwegabschnitte die wage. für einen saisonabschluss war es jedoch immer noch sehr lohnenswert! auch die gastfreundschaft auf der brandstattalm ist einzigartig. bis zum 2. april ist die alm noch geöffnet, allerdings nur untertags bis 17:00 uhr!!!','steffl',NULL,NULL,NULL,NULL,NULL,NULL,NULL,NULL,NULL,NULL);
INSERT INTO wrreport VALUES (19592,761,'Pleisenhütte Axamer Lizum','2017-03-26',NULL,'2017-03-26 06:03:59','2017-04-04 06:03:59',5,'Inzwischen sind zu viele apere Stellen. So früh wie dieses Jahr mussten wir die Bahn noch nie schließen. Hütte aller Voraussicht noch bis 17.4. ( Ostermontag ) geöffnet. Früh Frühjahrswanderungen.....','Gudrun - Pleisenwirtin',NULL,NULL,NULL,NULL,NULL,NULL,NULL,NULL,NULL,NULL);
INSERT INTO wrreport VALUES (19593,237,'Gleirschalm','2017-03-26',NULL,'2017-03-26 23:25:28','2017-04-04 23:25:28',5,'Auch bei unserer Bahn hat das Tauwetter ganze Arbeit geleistet.Ein Dank den vielen Rodlern für euren Besuch. Trotzdem haben wir noch am Sa.1.4 und So 2.4. sowie vom Sa. 8.4 bis Di 18.4. Geöffnet. Wandern ist auch schön. ','Gleirschalm',NULL,NULL,NULL,NULL,NULL,NULL,NULL,NULL,NULL,NULL);
INSERT INTO wrreport VALUES (19594,5,'Birgitzer Alm (vom Adelshof)','2017-03-26','12:00:00','2017-03-27 00:04:08','2017-04-05 00:04:08',NULL,'He sers i bims da josef und i bin a mandl vong rodelsickness her!','Da Josef',NULL,NULL,NULL,'2017-04-28 21:27:21','Philipp',NULL,1,'Philipp','Nonsens',0);
INSERT INTO wrreport VALUES (19595,5,'Birgitzer Alm (vom Adelshof)','2017-03-28','14:00:00','2017-03-28 18:26:20','2017-04-06 18:26:20',3,'Nach den unglaublich ergiebigen Schneefällen und kalten Temperaturen der letzten Tage mußte ich einfach nochmal die Rodel auspacken und mein Glück versuchen - uind es hat sich gelohnt!\n<p>\nMan muß gleich vorausschicken... das Befahren der Rodelbahn ist derzeit nur <b>ab der Mittelstation</b> (Kreuz) sinnvoll möglich, da ab hier die Tourengeher den vielen Schnee einigermaßen geplättet haben. Es ist jede Menge Schnee gefallen und noch vorhanden, bis ganz unten, Wahnsinn! \nUnd absurd: Der obere Teil von der Alm bis kurz vor dem Kreuz geht praktisch nicht, da zu viel Tiefschnee liegt!<br>Die gesamte Strecke (ab dem Kreuz) hatte ausreichend Schnee ohne durchkommende Steine, (noch) keine aperen Stellen, keine Mugel, war allerdings natürlich nicht geräumt und entsprechend muß man relativ genau die Spur halten, aber man wird mit einer flotten Abfahrt belohnt!\n<br><br>\nNatürlich dürfte der ganze Zauber schnell wieder vorbei sein, aber diese Wochenende gehts bestimmt noch!\n\nAlso, wer das beste aus dem Schneewunder machen möchte,  und auf eine Hütteneinkehr verzichten kann (geschlossen), der soll seine Rodel auspacken und noch die letzten Rodel-Tage auskosten!<br><br>\nAb Mittelteil also ein gutes <b>Mittelmäßig</b>, was sich sogar in ein Gut verbessern könnte, sollten mehr Leute herunterfahren und damit die Piste \"planieren\". ','Nicolas',NULL,124,'Nicolas',NULL,NULL,NULL,NULL,NULL,NULL,NULL);
INSERT INTO wrreport VALUES (19596,1417,'Grindelwald - First','2017-03-28','16:00:00','2017-03-30 01:24:49','2017-04-08 01:24:49',2,'Die Strecke First-Schreckfeld ist gut befahrbar. Trotz warmer Temperaturen/Sonne. Die Station Schreckfeld kann jedoch nicht mehr direkt angefahren werden. Hier muss man fussgaengig einen kleinen Aufstieg (Bruecke) begehen. Abfahrt nach Bort nicht mehr moeglich. Schnee fehlt.','alemannenrodel',NULL,328,'Alemannenrodel',NULL,NULL,NULL,NULL,NULL,NULL,NULL);

--
-- Table structure for table `wrsledruncache`
--

CREATE TABLE wrsledruncache (
  page_id int(11) NOT NULL,
  page_title varchar(255) DEFAULT NULL,
  name_url varchar(255) DEFAULT NULL,
  position_latitude double DEFAULT NULL,
  position_longitude double DEFAULT NULL,
  top_latitude double DEFAULT NULL,
  top_longitude double DEFAULT NULL,
  top_elevation int(11) DEFAULT NULL,
  bottom_latitude double DEFAULT NULL,
  bottom_longitude double DEFAULT NULL,
  bottom_elevation int(11) DEFAULT NULL,
  length int(11) DEFAULT NULL,
  difficulty int(11) DEFAULT NULL,
  avalanches int(11) DEFAULT NULL,
  operator varchar(255) DEFAULT NULL,
  public_transport int(11) DEFAULT NULL,
  walkup_possible tinyint(1) DEFAULT NULL,
  walkup_time int(11) DEFAULT NULL,
  walkup_separate double DEFAULT NULL,
  walkup_separate_comment varchar(255) DEFAULT NULL,
  lift tinyint(1) DEFAULT NULL,
  lift_details varchar(255) DEFAULT NULL,
  night_light double DEFAULT NULL,
  night_light_comment varchar(255) DEFAULT NULL,
  night_light_days int(11) DEFAULT NULL,
  night_light_days_comment varchar(255) DEFAULT NULL,
  sled_rental tinyint(1) DEFAULT NULL,
  sled_rental_comment varchar(255) DEFAULT NULL,
  cachet varchar(255) DEFAULT NULL,
  information_web varchar(255) DEFAULT NULL,
  information_phone varchar(255) DEFAULT NULL,
  image varchar(255) DEFAULT NULL,
  show_in_overview tinyint(1) DEFAULT NULL,
  forum_id int(11) DEFAULT NULL,
  under_construction tinyint(1) DEFAULT NULL,
  PRIMARY KEY (page_id)
) ENGINE=InnoDB DEFAULT CHARSET=utf8;

--
-- Dumping data for table `wrsledruncache`
--

INSERT INTO wrsledruncache VALUES (5,'Birgitzer_Alm_(vom_Adelshof)',NULL,47.21052,11.302868,47.203959,11.308052,1808,47.218007,11.295303,1370,3200,NULL,1,'Birgitzer Alm',6,1,90,0,NULL,0,NULL,0,NULL,NULL,NULL,0,NULL,'Nein',NULL,'+43-664-5970026 (Birgitzer Alm)','Rodelbahn Birgitzer Alm 2007-11-17.jpg',1,44,0);
INSERT INTO wrsledruncache VALUES (228,'Brandstatt_Alm',NULL,47.111253,11.261659,47.107308,11.258417,1780,47.116256,11.249898,1360,3510,NULL,1,'Brandstatt Alm',5,1,75,0,NULL,0,NULL,0,NULL,NULL,NULL,1,'Ja','Nein','http://www.brandstatt-alm.at','+43-664-3715044 (Brandstatt Alm)','Rodelbahn_Brandstattalm_2014-01-06.JPG',1,34,0);
INSERT INTO wrsledruncache VALUES (237,'Gleirschalm',NULL,47.194483,11.098946,47.188444,11.099407,1666,47.201107,11.100918,1515,1600,1,2,NULL,6,1,30,1,NULL,0,NULL,1,NULL,7,NULL,1,'Haus Holzer; St. Sigmund 46 (4€/Tag)','Nein',NULL,'+43-664-3254697 (Gleirsch Alm)','Rodelbahn_Gleirschalm_2014-03-22.JPG',1,21,0);
INSERT INTO wrsledruncache VALUES (251,'Juifenalm',NULL,47.169552,11.15699,47.16949,11.16207,2022,47.171528,11.144047,1430,4580,2,1,'Juifenalm',5,1,105,0,NULL,0,NULL,0,NULL,NULL,NULL,0,NULL,'Nein',NULL,'+43-664-5422090 (Juifenalm)','Rodelbahn Juifenalm 2009-12-15 ObersterAbschnitt.JPG',1,25,0);
INSERT INTO wrsledruncache VALUES (761,'Pleisenhütte_Axamer_Lizum',NULL,47.197153,11.292548,47.196139,11.292143,1808,47.196621,11.301152,1555,2000,1,1,NULL,6,1,50,0,NULL,0,NULL,0,NULL,NULL,NULL,1,'Ja','Nein',NULL,'+43-664-1971861 (Pleisenhütte)','Rodelbahn_Pleisenhuette_20100315.JPG',1,132,0);
INSERT INTO wrsledruncache VALUES (793,'Prantner_Alm',NULL,46.9225331,11.4718152,46.9273984,11.4779414,1831,46.9167146,11.4635969,1540,3700,NULL,1,'Prantner Alm',4,1,60,0,NULL,0,NULL,0,NULL,NULL,NULL,1,'[[Prantner Alm (Gasthaus)]]','Nein',NULL,'+39-3334-656009 (Prantner Alm)','Rodelbahn_Prantner_Alm_2014-01-08.JPG',1,186,0);
INSERT INTO wrsledruncache VALUES (926,'Hühnerspiel',NULL,46.943136,11.465,46.942239,11.468819,1866,46.953256,11.459509,1305,4560,3,1,'Nein',4,1,100,0,NULL,0,NULL,0,NULL,NULL,NULL,0,NULL,'Nein','Nein','+39-335-5666181 (Hühnerspielhütte)','Rodelbahn_Hühnerspiel_2011-02-06.jpg',1,171,0);
INSERT INTO wrsledruncache VALUES (1417,'Grindelwald_-_First',NULL,46.659931,8.053685,NULL,NULL,2166,NULL,NULL,1061,8600,3,2,'Jungfraubahnen Management AG',6,1,240,0.5,NULL,1,'Gondel (8:00/8:30 - 16:15/17:00)',0,NULL,NULL,NULL,1,'Intersport Grindelwald',NULL,'https://www.jungfrau.ch/de-ch/jungfrau-ski-region/wintersportinfo/','+41-33-8287728 (Schnee-Telefon)','Rodelbahn First 2012-01-22.jpg',1,224,0);
INSERT INTO wrsledruncache VALUES (1804,'Haunold',NULL,46.72396929,12.26995826,46.71796379,12.27819264,1494,46.73022048,12.2783643,1182,2500,2,1,'Sextner Dolomiten AG',NULL,0,NULL,0,'Aufstieg nicht erlaubt',1,'Sessellift',NULL,NULL,NULL,NULL,1,'Talstation Haunold Sessellift','Nein','http://www.s-dolomiten.com/de/bergbahnen-skigebiet/skiregion/rodelbahnen.html','+39-0474-710355 (Sextner Dolomiten AG)',NULL,1,NULL,1);

--
-- Table structure for table `wrregion`
--

CREATE TABLE wrregion (
  `id` int(11) NOT NULL AUTO_INCREMENT,
  `name` varchar(50) DEFAULT NULL,
  name_url varchar(50) DEFAULT NULL,
  page_id int(11) DEFAULT NULL,
  border multipolygon DEFAULT NULL,
  PRIMARY KEY (`id`)
) ENGINE=InnoDB AUTO_INCREMENT=32 DEFAULT CHARSET=utf8;

--
-- Dumping data for table `wrregion`
--

INSERT INTO wrregion VALUES (1,'Innsbruck Ost','innsbruck-ost',NULL,ST_GeomFromText('MULTIPOLYGON(((11.662625876647514 47.36114615720264,11.386522413141336 47.30914653200871,11.413798080834944 47.26810667940387,11.519590950989036 47.283179521469066,11.556433934942582 47.233359389768204,11.616637681600551 47.24015396675181,11.600402931716541 47.13490699537449,11.767157839622337 47.262397982287446,11.662625876647514 47.36114615720264)))'));
INSERT INTO wrregion VALUES (2,'Innsbruck West','innsbruck-west',NULL,ST_GeomFromText('MULTIPOLYGON(((11.174667216157225 47.29993638851124,11.002744039559216 47.35242584506434,10.812775940535042 47.339187423975694,10.878114533860169 47.25531443071272,11.053301926648112 47.160349751660306,11.131726374979573 47.027554490317605,11.168127562926722 47.12027930745311,11.270736797859545 47.1592094140582,11.224805266059994 47.196597251942485,11.297717260776727 47.291691362795916,11.174667216157225 47.29993638851124)))'));
INSERT INTO wrregion VALUES (3,'Tirol - Oberland - Sonstige','tirol-oberland-sonstige',NULL,ST_GeomFromText('MULTIPOLYGON(((11.276939001819876 47.158848578533394,11.229677496449039 47.19901922214577,11.30366646685766 47.294217230335065,11.178691797358645 47.30181954808825,11.008124556773279 47.35416372600355,11.00702931808064 47.391094154783346,10.90246909215264 47.453528781447204,10.52700182322867 47.54361928542977,10.223254993527535 47.25572723350031,10.165236893262351 46.85977294782786,10.468210835639265 46.86403354289792,10.968074765939084 46.7624906246759,10.901668493925767 47.06167682498618,10.788942108573213 47.206331217942356,10.877079177362011 47.251718657151976,11.048067739811032 47.1564514845081,11.132220833623947 47.0174501660005,11.173740977697735 47.11873119323645,11.276939001819876 47.158848578533394)))'));
INSERT INTO wrregion VALUES (4,'Tirol','tirol',397,ST_GeomFromText('MULTIPOLYGON(((10.209389623749994 47.26979573487798,10.142049638014782 46.843076404673894,10.46477098204069 46.860020838455796,10.091142134152983 46.232456074046866,10.58853583286469 45.79774270829807,11.172228581618892 45.65283319082278,12.004477361107362 46.20134568081745,11.936486156985692 46.5164484048865,13.007358447940867 46.76594662997937,12.611664 47.13366,12.125237 47.128539,12.153398 47.294948,12.639825 47.392234,12.591183 47.69433,10.999928680809154 47.449152008955195,10.511459494999976 47.566475107074744,10.209389623749994 47.26979573487798)))'));
INSERT INTO wrregion VALUES (5,'Innsbruck','innsbruck',882,ST_GeomFromText('MULTIPOLYGON(((11.312624742412378 47.296337928216566,11.235830346001087 47.199300488963786,11.283799642632971 47.15889855573793,11.42089825912958 47.212580092751885,11.550597270370247 47.22687369661436,11.473878409687156 47.3283881419839,11.312624742412378 47.296337928216566)))'));
INSERT INTO wrregion VALUES (6,'Liechtenstein','liechtenstein',1353,ST_GeomFromText('MULTIPOLYGON(((9.539134917582075 47.27590536121872,9.47662031346206 47.205990875573065,9.516234075534737 47.07867888737167,9.630048803041293 47.05558446625887,9.539134917582075 47.27590536121872)))'));
INSERT INTO wrregion VALUES (7,'Seefeld, Leutasch','seefeld-leutasch',1354,ST_GeomFromText('MULTIPOLYGON(((11.0172803206226 47.38924350093607,11.018647120961528 47.357309492909906,11.179246160785585 47.30728700419315,11.31319259400054 47.29755490679303,11.473108233655134 47.32952507092146,11.38016581060802 47.44935648938695,11.0172803206226 47.38924350093607)))'));
INSERT INTO wrregion VALUES (8,'Tirol - Unterland','tirol-unterland',834,ST_GeomFromText('MULTIPOLYGON(((11.358475 47.484399,12.57827806779303 47.685411308575056,12.625435153748679 47.397608593046805,12.14177406779303 47.30074494725787,12.111768791763462 47.090795290586875,11.58141191404435 47.01003291362185,11.609010638014784 47.23589158627888,11.553685 47.229665,11.358475 47.484399)))'));
INSERT INTO wrregion VALUES (9,'Tirol - Oberland','tirol-oberland',833,ST_GeomFromText('MULTIPOLYGON(((11.282980676451956 47.158709632484175,11.233773628933474 47.19901883650557,11.308991029355862 47.29560661744412,11.178692038437168 47.304874991347994,11.013039723970437 47.35582901579727,11.01112490496304 47.39220318637638,10.90738408595565 47.455190696414626,10.527002 47.54859568857584,10.219159 47.257395,10.152130361985218 46.8530506697793,10.46751602958585 46.86232863113464,10.98432523970433 46.75275255685729,11.072118 46.86477,11.176607723970433 47.118173542740784,11.282980676451956 47.158709632484175)))'));
INSERT INTO wrregion VALUES (10,'Vorarlberg','vorarlberg',395,ST_GeomFromText('MULTIPOLYGON(((9.547815 47.537522,9.669831828088704 47.40148867237725,9.540880548910652 47.276060515831794,9.632156018873872 47.05640362432868,9.884473 47.005012,9.892154 46.926928,10.130247 46.843724,10.222412 47.364712,9.972798 47.549042,9.547815 47.537522)))'));
INSERT INTO wrregion VALUES (11,'Osttirol','osttirol',835,ST_GeomFromText('MULTIPOLYGON(((12.12234289588173 47.01299007324195,12.331671955227039 47.123244183723536,12.602280715522712 47.128774398695505,12.991510895881731 46.7693212400266,12.42649103632524 46.64611124426679,12.12234289588173 47.01299007324195)))'));
INSERT INTO wrregion VALUES (12,'Südtirol','südtirol',836,ST_GeomFromText('MULTIPOLYGON(((10.46734158569913 46.85731335412329,10.107319201987448 46.23254362937878,10.598113 45.806866,11.176705 45.666059,11.990829 46.203688,11.921706 46.521146,12.405572 46.631232,12.048999226399157 47.0653400002609,11.199336647096096 46.94660155843849,11.000055 46.733637,10.46734158569913 46.85731335412329)))'));
INSERT INTO wrregion VALUES (13,'Niederösterreich','niederösterreich',880,ST_GeomFromText('MULTIPOLYGON(((14.809545 48.698546,15.039957 47.761534,16.089615 47.413355,16.965184 48.150676,16.832056 48.713907,15.041802814016705 49.0116338825315,14.809545 48.698546)))'));
INSERT INTO wrregion VALUES (14,'Steiermark','steiermark',396,ST_GeomFromText('MULTIPOLYGON(((13.720566312354809 47.51064,14.077344 47.024213,14.994794568978223 46.922982799226105,15.065756497427135 46.65853681915375,16.012811 46.686275,16.17666 47.474798,15.905285 47.889541,15.336934 47.935624,13.720566312354809 47.51064)))'));
INSERT INTO wrregion VALUES (15,'Wien','wien',NULL,ST_GeomFromText('MULTIPOLYGON(((16.218385314207854 48.27303366803858,16.551885434600234 48.32296704414841,16.59453250881921 48.14343359102917,16.218385314207854 48.13660344862053,16.218385314207854 48.27303366803858)))'));
INSERT INTO wrregion VALUES (16,'Bayern','bayern',NULL,ST_GeomFromText('MULTIPOLYGON(((10.514113626691367 47.57293702214915,10.992808373657336 47.45510257741005,12.628753532369087 47.71708944193929,12.990847580918837 47.5085468531812,12.768382317784933 48.19392237164467,13.813941923761654 48.768278766013246,11.948109035747946 50.39356716148272,9.250449720879828 50.19058991093444,9.042493114166225 50.083216742088716,9.077152548618491 49.598924206458115,10.111159009777792 49.591435643272824,10.116935582186505 47.7103189164546,9.541947411595478 47.54308405134552,9.9779897487485 47.56256063915566,10.266404393261903 47.34170041600826,10.514113626691367 47.57293702214915)))'));
INSERT INTO wrregion VALUES (17,'Baden-Württemberg','baden-württemberg',NULL,ST_GeomFromText('MULTIPOLYGON(((8.420067437127587 49.61296216336109,10.07216714601899 49.56427996228823,10.101742272673793 47.71717778266962,9.531246133433884 47.55660797292076,7.252999834238135 47.63703191135653,8.420067437127587 49.61296216336109)))'));
INSERT INTO wrregion VALUES (18,'Salzburg','salzburg',839,ST_GeomFromText('MULTIPOLYGON(((12.605169150197623 47.696934252197984,12.6533239182977 47.388997390186745,12.17050707348333 47.28589962593877,12.141624211439774 47.140717035184686,12.62396800756716 47.14464611522786,13.8052770651486 46.94783633427359,14.051439040291612 47.033355991384475,13.294050406977659 48.02131238638422,12.863695762528675 48.017448557272125,13.01310976962301 47.480427815745394,12.605169150197623 47.696934252197984)))'));
INSERT INTO wrregion VALUES (19,'Slowenien','slowenien',NULL,ST_GeomFromText('MULTIPOLYGON(((14.559119764485411 46.41185524302784,13.590099742924105 46.53319486048319,13.720072622120108 45.42528576791028,15.250864310428577 45.43339363033611,16.371519357718547 46.69188831524546,15.104629404893618 46.655155751029284,14.559119764485411 46.41185524302784)))'));
INSERT INTO wrregion VALUES (20,'Kärnten','kärnten',837,ST_GeomFromText('MULTIPOLYGON(((12.630556072346488 47.13484026267576,13.816830209966009 46.92713375438015,14.056235670075521 47.01164842313405,14.980809550321329 46.91331995852675,15.050128419225862 46.648285708220776,14.541790047259276 46.421781452744476,12.60420767557967 46.66628027038198,13.025439789972589 46.76514065215135,12.630556072346488 47.13484026267576)))'));
INSERT INTO wrregion VALUES (21,'Oberösterreich','oberösterreich',879,ST_GeomFromText('MULTIPOLYGON(((12.794376893624113 48.191996970548786,12.852142617711225 48.0377304295374,13.322933269021194 48.0280733905318,13.704187047996136 47.51756035347985,14.983697836525684 47.85781321357687,14.790182660833855 48.6863535141985,13.845713072009563 48.7663750433743,12.794376893624113 48.191996970548786)))'));
INSERT INTO wrregion VALUES (22,'Schweiz','schweiz',881,ST_GeomFromText('MULTIPOLYGON(((5.885763619550997 46.23587182365007,7.234574037390602 47.600762342297784,9.523806201998655 47.54445124281926,9.653214284074718 47.40382933763259,9.474507476471222 47.20702600212191,9.514651543000092 47.07803838616639,9.87876415657914 47.00233785351887,9.882508673324956 46.92329209226118,10.132591275428306 46.83579893948842,10.464225867808253 46.85742977554818,10.073611289121104 46.24429238110684,7.117034956901572 45.886489012671255,5.885763619550997 46.23587182365007)))'));
INSERT INTO wrregion VALUES (23,'Tschechien','tschechien',NULL,ST_GeomFromText('MULTIPOLYGON(((14.676095355761806 50.9008704035432,19.054737241564947 49.65318075654756,16.952064884794044 48.70351307601866,15.040019417510619 49.030300368860054,14.79451509014039 48.71113121464767,13.855822073724806 48.793022324820704,12.19794579242467 50.22571034555056,14.676095355761806 50.9008704035432)))'));
INSERT INTO wrregion VALUES (24,'Ötztal','ötztal',NULL,ST_GeomFromText('MULTIPOLYGON(((10.975031595419573 46.76313008263557,11.066488710322332 46.86635554459075,11.130916880019187 47.01499236711986,11.046493075402084 47.15557221160545,10.876539156456076 47.250669535489884,10.791364428919767 47.20557555319886,10.90407808652125 47.06326889542301,10.975031595419573 46.76313008263557)))'));
INSERT INTO wrregion VALUES (25,'Stubaital','stubaital',NULL,ST_GeomFromText('MULTIPOLYGON(((11.18140619247202 47.11416196172868,11.420075442462453 47.208247127441346,11.403114629100669 47.14699266421198,11.359840712073638 47.07969672998698,11.110248694892565 46.94594028300449,11.18140619247202 47.11416196172868)))'));
INSERT INTO wrregion VALUES (26,'Wipptal','wipptal',NULL,ST_GeomFromText('MULTIPOLYGON(((11.112468200377275 46.942317412444574,11.363080646908283 47.07812361948369,11.408111742712329 47.146521167350535,11.423492443309778 47.209638694540246,11.596516877058999 47.227804763158765,11.562262943058146 46.93019246312873,11.112468200377275 46.942317412444574)))'));
INSERT INTO wrregion VALUES (27,'Innsbruck Mittelgebirge','innsbruck-mittelgebirge',NULL,ST_GeomFromText('MULTIPOLYGON(((11.285799950994862 47.162718391922056,11.42137440527152 47.21477016028623,11.546709097140573 47.228122809308736,11.509026771480597 47.27760952545045,11.273921826602042 47.24453083320155,11.2399258154088 47.199466060020924,11.285799950994862 47.162718391922056)))'));
INSERT INTO wrregion VALUES (28,'Nordtirol','nordtirol',838,ST_GeomFromText('MULTIPOLYGON(((10.212812 47.261667,10.142049638014782 46.843076404673894,10.46477098204069 46.860020838455796,10.992938276029568 46.74384833208415,11.194474027243931 46.95089091231351,12.117415777357557 47.087058524632944,12.153398 47.294948,12.639825 47.392234,12.591183 47.69433,10.989661552059134 47.44683753528545,10.525149 47.556083,10.212812 47.261667)))'));
INSERT INTO wrregion VALUES (29,'Schwaz/Zillertal','schwaz-zillertal',NULL,ST_GeomFromText('MULTIPOLYGON(((11.539802290308542 47.50329408254429,11.955621004684453 47.076165617217384,12.131873381559837 47.32148996182304,11.876906350934279 47.56337111779702,11.876906350934279 47.56337111779702,11.539802290308542 47.50329408254429)))'));
INSERT INTO wrregion VALUES (30,'Kitzbühel','kitzbühel',NULL,ST_GeomFromText('MULTIPOLYGON(((12.160963579684903 47.32148996182304,12.595605363435853 47.39799363674069,12.561381600935778 47.62337933402255,12.328660015935268 47.577225275421085,12.26021249093512 47.46166196806404,12.060003480309682 47.422312452960874,12.060003480309682 47.422312452960874,12.160963579684903 47.32148996182304)))'));
INSERT INTO wrregion VALUES (31,'Kufstein','kufstein',NULL,ST_GeomFromText('MULTIPOLYGON(((11.900862984684332 47.56221643923346,12.052439029159842 47.42166358606527,12.249945362185095 47.46975968537188,12.335504768435284 47.63837063663293,11.900862984684332 47.56221643923346)))'));



--
-- Table structure for table `wrinncache`
--

CREATE TABLE wrinncache (
  page_id int(11) NOT NULL,
  page_title varchar(255) DEFAULT NULL,
  position_latitude double DEFAULT NULL,
  position_longitude double DEFAULT NULL,
  position_elevation int(11) DEFAULT NULL,
  operator varchar(255) DEFAULT NULL,
  seats int(11) DEFAULT NULL,
  overnight tinyint(1) DEFAULT NULL,
  overnight_comment varchar(255) DEFAULT NULL,
  smoker_area tinyint(1) DEFAULT NULL,
  nonsmoker_area tinyint(1) DEFAULT NULL,
  sled_rental tinyint(1) DEFAULT NULL,
  sled_rental_comment varchar(255) DEFAULT NULL,
  mobile_provider text,
  homepage varchar(255) DEFAULT NULL,
  email_list text,
  phone_list text,
  image varchar(255) DEFAULT NULL,
  sledding_list text,
  under_construction tinyint(1) DEFAULT NULL,
  PRIMARY KEY (page_id)
) ENGINE=InnoDB DEFAULT CHARSET=utf8;

--
-- Dumping data for table `wrinncache`
--

INSERT INTO wrinncache VALUES (356,'Maria_Waldrast_(Klostergasthaus)',47.130667,11.406072,1638,NULL,NULL,1,'Ja',0,1,1,'Ja','Nein',NULL,'maria-waldrast@aon.at','+43-5273-6219; +43-664-4130879','Gasthaus_Maria_Waldrast_2011-01-09.jpg','[[Maria Waldrast]]',0);
INSERT INTO wrinncache VALUES (357,'Krinnenalpe_(Gasthaus)',47.479777,10.588662,1530,'Martin Rief',NULL,1,'20 Personen',NULL,NULL,NULL,NULL,NULL,'http://www.krinnenalpe-tirol.at','info@krinnenalpe-tirol.at','+43-5675-8189; +43-676-5559000',NULL,'[[Krinnenalplifte]]',1);
INSERT INTO wrinncache VALUES (358,'Larstig_Alm_(Gasthaus)',47.143333,11.001333,1777,'Fam. Ludwig Scheiber',NULL,0,NULL,0,1,1,'Ja','A1','Nein','Nein','+43-5255-5178; +43-5255-5590','Gasthaus_Larstig_Alm_2009-02-15.jpg','[[Horlachtal]]',0);
INSERT INTO wrinncache VALUES (359,'Lehnberghaus_(Gasthaus)',47.328687,10.926552,1554,'Kai Oliver Hähnel',NULL,NULL,NULL,0,1,1,'Ja','A1','http://www.lehnberghaus.at','info@lehnberghaus.at','+43-676-7905262','Gasthaus_Lehnberghaus_01.jpg','[[Lehnberghaus]]',0);
INSERT INTO wrinncache VALUES (360,'Liechtensteinhaus_(Gasthaus)',47.623313,15.833266,1370,NULL,NULL,NULL,NULL,NULL,NULL,NULL,NULL,'A1; T-Mobile/Telering; Orange; Drei','http://www.liechtensteinhaus.at','LiechtensteinhausPolleres@aon.at','+43-2664-2343','Gasthaus_Liechtensteinhaus_01.jpg','[[Hirschenkogel]]',0);
INSERT INTO wrinncache VALUES (361,'Lindauer_Hütte_(Gasthaus)',47.034436,9.835684,NULL,NULL,NULL,NULL,NULL,0,1,NULL,NULL,'A1','http://members.aon.at/lindauerhuette','lindauerhuette@aon.at','+43-5559-582; +43-664-5033456','Gasthaus_Lindauer_Hütte_2012-02-18.jpg‎','[[Lindauer Hütte]]',0);
INSERT INTO wrinncache VALUES (362,'Meißner_Haus_(Gasthaus)',47.208367,11.488682,1720,'Sven Deppe',NULL,1,'65 Schlafplätze',0,1,NULL,NULL,NULL,'http://www.meissner-haus.at/','info@meissner-haus.at','+43-512-377697','Gasthaus_Meißner_Haus_02.jpg','[[Meißner Haus]]',0);
INSERT INTO wrinncache VALUES (363,'Milderaun_Alm_(Gasthaus)',47.08768,11.257011,1675,'Milderaunalm OG',NULL,NULL,NULL,NULL,NULL,1,'Ja',NULL,'Nein','dez.testarossa@a1.net','+43-699-10036813','Gasthaus_Milderaun_Alm_01.jpg','[[Milderaun]]; [[Milderaun (kürzer)]]',1);
INSERT INTO wrinncache VALUES (364,'Moonlight-Bar',47.495677136,12.197686555,720,'Gabi Schroll',NULL,0,NULL,1,1,0,NULL,'bob; T-Mobile A; orange AT; 3 AT','http://www.moonlightbar-soell.com/','schroll.gabi@aon.at','+43-664-4036006','Moonlight-Bar 2016-01-18.jpg','[[Söll - Hexenritt]]; [[Söll - Mondrodelbahn]]',0);



--
-- Table structure for table `wrregioncache`
--

CREATE TABLE wrregioncache (
  `id` int(11) NOT NULL AUTO_INCREMENT,
  region_id int(11) DEFAULT NULL,
  page_id int(11) DEFAULT NULL,
  PRIMARY KEY (`id`),
  KEY region_id (region_id),
  CONSTRAINT wrregioncache_ibfk_1 FOREIGN KEY (region_id) REFERENCES wrregion (`id`)
) ENGINE=InnoDB AUTO_INCREMENT=49147 DEFAULT CHARSET=utf8;

--
-- Dumping data for table `wrregioncache`
--
INSERT INTO wrregioncache VALUES (48522,4,5);
INSERT INTO wrregioncache VALUES (48523,5,5);
INSERT INTO wrregioncache VALUES (48524,27,5);
INSERT INTO wrregioncache VALUES (48525,28,5);
INSERT INTO wrregioncache VALUES (48537,4,228);
INSERT INTO wrregioncache VALUES (48538,25,228);
INSERT INTO wrregioncache VALUES (48539,28,228);
INSERT INTO wrregioncache VALUES (48565,2,237);
INSERT INTO wrregioncache VALUES (48566,3,237);
INSERT INTO wrregioncache VALUES (48567,4,237);
INSERT INTO wrregioncache VALUES (48568,9,237);
INSERT INTO wrregioncache VALUES (48569,28,237);
INSERT INTO wrregioncache VALUES (48615,2,251);
INSERT INTO wrregioncache VALUES (48616,3,251);
INSERT INTO wrregioncache VALUES (48617,4,251);
INSERT INTO wrregioncache VALUES (48618,9,251);
INSERT INTO wrregioncache VALUES (48619,28,251);
INSERT INTO wrregioncache VALUES (48718,10,283);
INSERT INTO wrregioncache VALUES (48846,4,761);
INSERT INTO wrregioncache VALUES (48847,5,761);
INSERT INTO wrregioncache VALUES (48848,27,761);
INSERT INTO wrregioncache VALUES (48849,28,761);
INSERT INTO wrregioncache VALUES (48854,4,793);
INSERT INTO wrregioncache VALUES (48855,12,793);
INSERT INTO wrregioncache VALUES (48891,4,926);
INSERT INTO wrregioncache VALUES (48892,12,926);
INSERT INTO wrregioncache VALUES (48893,26,926);
INSERT INTO wrregioncache VALUES (49023,22,1417);
INSERT INTO wrregioncache VALUES (49124,4,1804);
INSERT INTO wrregioncache VALUES (49125,12,1804);


--
-- Table structure for table `user`
--

CREATE TABLE `user` (
  `user_id` int(10) unsigned NOT NULL AUTO_INCREMENT,
  `user_name` varchar(255) CHARACTER SET utf8 COLLATE utf8_bin NOT NULL DEFAULT '',
  `user_real_name` varchar(255) CHARACTER SET utf8 COLLATE utf8_bin NOT NULL DEFAULT '',
  `user_password` tinyblob NOT NULL,
  `user_newpassword` tinyblob NOT NULL,
  `user_newpass_time` binary(14) DEFAULT NULL,
  `user_email` tinytext NOT NULL,
  `user_touched` binary(14) NOT NULL DEFAULT '\0\0\0\0\0\0\0\0\0\0\0\0\0\0',
  `user_token` binary(32) NOT NULL DEFAULT '\0\0\0\0\0\0\0\0\0\0\0\0\0\0\0\0\0\0\0\0\0\0\0\0\0\0\0\0\0\0\0\0',
  `user_email_authenticated` binary(14) DEFAULT NULL,
  `user_email_token` binary(32) DEFAULT NULL,
  `user_email_token_expires` binary(14) DEFAULT NULL,
  `user_registration` binary(14) DEFAULT NULL,
  `user_editcount` int(11) DEFAULT NULL,
  `user_password_expires` varbinary(14) DEFAULT NULL,
  PRIMARY KEY (`user_id`),
  UNIQUE KEY `user_name` (`user_name`),
  KEY `user_email_token` (`user_email_token`),
  KEY `user_email` (`user_email`(50))
) ENGINE=MyISAM AUTO_INCREMENT=505 DEFAULT CHARSET=utf8;

--
-- Dumping data for table `user`
--

INSERT INTO `user` VALUES (0,'Anonymous','','','','\0\0\0\0\0\0\0\0\0\0\0\0\0\0','','20080922211544','\0\0\0\0\0\0\0\0\0\0\0\0\0\0\0\0\0\0\0\0\0\0\0\0\0\0\0\0\0\0\0\0','\0\0\0\0\0\0\0\0\0\0\0\0\0\0',NULL,'\0\0\0\0\0\0\0\0\0\0\0\0\0\0','\0\0\0\0\0\0\0\0\0\0\0\0\0\0',NULL,NULL);
INSERT INTO `user` VALUES (2,'RedirectBot','','','','20080925192203','','20120902200108','ea19a572ecaf2a6d5934b153e52c3ab9','20120902200103',NULL,'20120902200103','20080925192203',1,NULL);
INSERT INTO `user` VALUES (504,'Johndoe','John Doe',':pbkdf2:sha512:30000:64:hvqT9kNNazXmOigsCc4ewQ==:hytd5I3h38y7jVmqXrv6IKD1zzJYp8ZrUyodInP49VbtKWfQAOYvhmbVFCdl7JK/suPmFLKbe309/jlta2Gk4A==','',NULL,'john.doe@example.com','20191129090658','f0a018e0cf3384411373d83b212128f0',NULL,'bdb23486b4efcab13063fabacc109bae','20191206090650','20191129090650',0,NULL);





