--
-- Host: localhost    Database: philipp_winterrodeln_wiki
-- ------------------------------------------------------


--
-- Table structure for table `categorylinks`
--

CREATE TABLE `categorylinks` (
  `cl_from` int(10) unsigned NOT NULL DEFAULT 0,
  `cl_to` varbinary(255) NOT NULL DEFAULT '',
  `cl_sortkey` varbinary(230) NOT NULL DEFAULT '',
  `cl_sortkey_prefix` varbinary(255) NOT NULL DEFAULT '',
  `cl_timestamp` timestamp NOT NULL DEFAULT current_timestamp() ON UPDATE current_timestamp(),
  `cl_collation` varbinary(32) NOT NULL DEFAULT '',
  `cl_type` enum('page','subcat','file') NOT NULL DEFAULT 'page',
  PRIMARY KEY (`cl_from`,`cl_to`),
  KEY `cl_timestamp` (`cl_to`,`cl_timestamp`),
  KEY `cl_sortkey` (`cl_to`,`cl_type`,`cl_sortkey`,`cl_from`),
  KEY `cl_collation_ext` (`cl_collation`,`cl_to`,`cl_type`,`cl_from`)
) ENGINE=InnoDB DEFAULT CHARSET=binary;

--
-- Dumping data for table `categorylinks`
--

INSERT INTO `categorylinks` VALUES (5,'Rodelbahn','BIRGITZER ALM (VOM ADELSHOF)','','2008-09-25 19:42:54','uppercase','page');
INSERT INTO `categorylinks` VALUES (228,'Rodelbahn','BRANDSTATT ALM','','2008-10-31 18:20:02','uppercase','page');
INSERT INTO `categorylinks` VALUES (237,'Rodelbahn','GLEIRSCHALM','','2008-10-31 18:20:28','uppercase','page');
INSERT INTO `categorylinks` VALUES (251,'Rodelbahn','JUIFENALM','','2008-10-31 18:20:51','uppercase','page');
INSERT INTO `categorylinks` VALUES (283,'Rodelbahn','SCHATTENLAGANT','','2008-10-31 18:21:50','uppercase','page');
INSERT INTO `categorylinks` VALUES (355,'Gasthaus','KEMATER ALM (GASTHAUS)','','2008-10-31 19:10:23','uppercase','page');
INSERT INTO `categorylinks` VALUES (356,'Gasthaus','MARIA WALDRAST (KLOSTERGASTHAUS)','','2008-10-31 19:10:24','uppercase','page');
INSERT INTO `categorylinks` VALUES (357,'Gasthaus','KRINNENALPE (GASTHAUS)','','2008-10-31 19:10:25','uppercase','page');
INSERT INTO `categorylinks` VALUES (357,'In_Arbeit','KRINNENALPE (GASTHAUS)','','2008-10-31 19:45:43','uppercase','page');
INSERT INTO `categorylinks` VALUES (358,'Gasthaus','LARSTIG ALM (GASTHAUS)','','2008-10-31 19:10:27','uppercase','page');
INSERT INTO `categorylinks` VALUES (359,'Gasthaus','LEHNBERGHAUS (GASTHAUS)','','2008-10-31 19:10:28','uppercase','page');
INSERT INTO `categorylinks` VALUES (360,'Gasthaus','LIECHTENSTEINHAUS (GASTHAUS)','','2008-10-31 19:10:30','uppercase','page');
INSERT INTO `categorylinks` VALUES (361,'Gasthaus','LINDAUER HÜTTE (GASTHAUS)','','2008-10-31 19:10:31','uppercase','page');
INSERT INTO `categorylinks` VALUES (362,'Gasthaus','MEIßNER HAUS (GASTHAUS)','','2008-10-31 19:10:32','uppercase','page');
INSERT INTO `categorylinks` VALUES (363,'Gasthaus','MILDERAUN ALM (GASTHAUS)','','2015-11-07 22:25:03','uppercase','page');
INSERT INTO `categorylinks` VALUES (363,'In_Arbeit','MILDERAUN ALM (GASTHAUS)','','2015-11-07 22:25:03','uppercase','page');
INSERT INTO `categorylinks` VALUES (364,'Gasthaus','MOONLIGHT-BAR','','2008-10-31 19:10:36','uppercase','page');
INSERT INTO `categorylinks` VALUES (365,'Gasthaus_(geschlossen)','MUTTERER ALM (GASTHAUS)','','2014-02-02 19:20:08','uppercase','page');
INSERT INTO `categorylinks` VALUES (395,'Region','VORARLBERG','','2008-10-31 20:47:36','uppercase','page');
INSERT INTO `categorylinks` VALUES (396,'Region','STEIERMARK','','2008-10-31 20:47:50','uppercase','page');
INSERT INTO `categorylinks` VALUES (397,'Region','TIROL','','2008-10-31 20:48:05','uppercase','page');
INSERT INTO `categorylinks` VALUES (761,'Rodelbahn','PLEISENHÜTTE AXAMER LIZUM','','2010-03-16 12:06:13','uppercase','page');
INSERT INTO `categorylinks` VALUES (793,'Rodelbahn','PRANTNER ALM','','2010-06-18 12:04:41','uppercase','page');
INSERT INTO `categorylinks` VALUES (833,'Region','TIROL OBERLAND','','2010-12-30 09:44:11','uppercase','page');
INSERT INTO `categorylinks` VALUES (834,'Region','TIROL UNTERLAND','','2010-12-30 09:45:32','uppercase','page');
INSERT INTO `categorylinks` VALUES (835,'Region','OSTTIROL','','2010-12-30 09:49:40','uppercase','page');
INSERT INTO `categorylinks` VALUES (836,'Region','SÜDTIROL','','2010-12-30 09:56:18','uppercase','page');
INSERT INTO `categorylinks` VALUES (837,'In_Arbeit','KÄRNTEN','','2010-12-30 10:02:16','uppercase','page');
INSERT INTO `categorylinks` VALUES (837,'Region','KÄRNTEN','','2010-12-30 10:02:16','uppercase','page');
INSERT INTO `categorylinks` VALUES (838,'Region','NORDTIROL','','2014-11-23 17:29:35','uppercase','page');
INSERT INTO `categorylinks` VALUES (839,'In_Arbeit','SALZBURG','','2010-12-30 10:05:57','uppercase','page');
INSERT INTO `categorylinks` VALUES (839,'Region','SALZBURG','','2010-12-30 10:05:57','uppercase','page');
INSERT INTO `categorylinks` VALUES (879,'In_Arbeit','OBERÖSTERREICH','','2011-01-17 18:59:44','uppercase','page');
INSERT INTO `categorylinks` VALUES (879,'Region','OBERÖSTERREICH','','2011-01-17 18:59:44','uppercase','page');
INSERT INTO `categorylinks` VALUES (880,'Region','NIEDERÖSTERREICH','','2011-01-17 19:04:25','uppercase','page');
INSERT INTO `categorylinks` VALUES (881,'Region','SCHWEIZ','','2011-01-17 19:10:11','uppercase','page');
INSERT INTO `categorylinks` VALUES (882,'Region','INNSBRUCK','','2011-01-17 19:12:43','uppercase','page');
INSERT INTO `categorylinks` VALUES (926,'Rodelbahn','HÜHNERSPIEL','','2011-02-06 18:31:18','uppercase','page');
INSERT INTO `categorylinks` VALUES (1353,'Region','STUBAITAL WIPPTAL','','2013-11-24 09:02:31','uppercase','page');
INSERT INTO `categorylinks` VALUES (1354,'Region','SEEFELD LEUTASCH','','2013-11-24 18:42:35','uppercase','page');
INSERT INTO `categorylinks` VALUES (1417,'Rodelbahn','GRINDELWALD - FIRST','','2014-01-10 12:22:17','uppercase','page');
INSERT INTO `categorylinks` VALUES (1804,'In_Arbeit','HAUNOLD','','2015-01-03 22:57:41','uppercase','page');
INSERT INTO `categorylinks` VALUES (1804,'Rodelbahn','HAUNOLD','','2015-01-03 22:57:41','uppercase','page');

--
-- Table structure for table `page`
--

CREATE TABLE `page` (
  `page_id` int(10) unsigned NOT NULL AUTO_INCREMENT,
  `page_namespace` int(11) NOT NULL,
  `page_title` varbinary(255) NOT NULL,
  `page_restrictions` tinyblob NOT NULL,
  `page_is_redirect` tinyint(3) unsigned NOT NULL DEFAULT 0,
  `page_is_new` tinyint(3) unsigned NOT NULL DEFAULT 0,
  `page_random` double unsigned NOT NULL,
  `page_touched` binary(14) NOT NULL DEFAULT '\0\0\0\0\0\0\0\0\0\0\0\0\0\0',
  `page_links_updated` varbinary(14) DEFAULT NULL,
  `page_latest` int(10) unsigned NOT NULL,
  `page_len` int(10) unsigned NOT NULL,
  `page_content_model` varbinary(32) DEFAULT NULL,
  `page_lang` varbinary(35) DEFAULT NULL,
  PRIMARY KEY (`page_id`),
  UNIQUE KEY `name_title` (`page_namespace`,`page_title`),
  KEY `page_random` (`page_random`),
  KEY `page_len` (`page_len`),
  KEY `page_redirect_namespace_len` (`page_is_redirect`,`page_namespace`,`page_len`)
) ENGINE=InnoDB AUTO_INCREMENT=2285 DEFAULT CHARSET=binary;

--
-- Dumping data for table `page`
--

INSERT INTO `page` VALUES (5,0,'Birgitzer_Alm_(vom_Adelshof)','',0,0,0.245395658322,'20200311152634','20200224205644',15197,8143,'wikitext',NULL);
INSERT INTO `page` VALUES (228,0,'Brandstatt_Alm','',0,0,0.420865595755,'20200315092237','20200219224611',14980,6418,'wikitext',NULL);
INSERT INTO `page` VALUES (237,0,'Gleirschalm','',0,0,0.267926731142,'20200314090854','20200224211636',15198,5951,'wikitext',NULL);
INSERT INTO `page` VALUES (251,0,'Juifenalm','',0,0,0.320622258017,'20200314171704','20200303214829',15269,6529,'wikitext',NULL);
INSERT INTO `page` VALUES (283,0,'Schattenlagant','',0,0,0.925867554414,'20200219223714','20200219224424',15143,5652,'wikitext',NULL);
INSERT INTO `page` VALUES (355,0,'Kemater_Alm_(Gasthaus)','',0,0,0.770945735412,'20191223202204','20191223202410',14454,1765,'wikitext',NULL);
INSERT INTO `page` VALUES (356,0,'Maria_Waldrast_(Klostergasthaus)','',0,0,0.021824966909,'20200224224832','20200224224842',15254,2642,'wikitext',NULL);
INSERT INTO `page` VALUES (357,0,'Krinnenalpe_(Gasthaus)','',0,0,0.422007001783,'20170112204911','20181121214205',5527,1099,NULL,NULL);
INSERT INTO `page` VALUES (358,0,'Larstig_Alm_(Gasthaus)','',0,0,0.746338456577,'20200213160812','20200213160903',14699,1487,'wikitext',NULL);
INSERT INTO `page` VALUES (359,0,'Lehnberghaus_(Gasthaus)','',0,0,0.79085762362,'20200212130416','20200212131350',14650,1519,'wikitext',NULL);
INSERT INTO `page` VALUES (360,0,'Liechtensteinhaus_(Gasthaus)','',0,0,0.226321696251,'20200212130426','20200212130829',14651,1365,'wikitext',NULL);
INSERT INTO `page` VALUES (361,0,'Lindauer_Hütte_(Gasthaus)','',0,0,0.9573146328,'20200212130436','20200212131539',14652,1511,'wikitext',NULL);
INSERT INTO `page` VALUES (362,0,'Meißner_Haus_(Gasthaus)','',0,0,0.990841043284,'20200212130446','20200212131200',14653,2024,'wikitext',NULL);
INSERT INTO `page` VALUES (363,0,'Milderaun_Alm_(Gasthaus)','',0,0,0.590452460099,'20160112200445','20181121214205',11892,1196,'wikitext',NULL);
INSERT INTO `page` VALUES (364,0,'Moonlight-Bar','',0,0,0.26113951404,'20161128205815','20181121214205',12211,1343,'wikitext',NULL);
INSERT INTO `page` VALUES (365,0,'Mutterer_Alm_(Gasthaus)','',0,0,0.601568574877,'20150908190031','20181121214205',9272,1311,NULL,NULL);
INSERT INTO `page` VALUES (395,0,'Vorarlberg','',0,0,0.329166337552,'20200320075715','20191223215912',12929,421,'wikitext',NULL);
INSERT INTO `page` VALUES (396,0,'Steiermark','',0,0,0.419857416536,'20200320075715','20191223215831',9076,366,NULL,NULL);
INSERT INTO `page` VALUES (397,0,'Tirol','',0,0,0.896511648088,'20200320075715','20191223215826',14463,1474,'wikitext',NULL);
INSERT INTO `page` VALUES (761,0,'Pleisenhütte_Axamer_Lizum','',0,0,0.33473706828,'20200315182408','20200219230110',15113,6939,'wikitext',NULL);
INSERT INTO `page` VALUES (793,0,'Prantner_Alm','',0,0,0.975670831008,'20200221171008','20200219230236',15114,4416,'wikitext',NULL);
INSERT INTO `page` VALUES (833,0,'Tirol_Oberland','',0,0,0.295231042657,'20200320075715','20191223215440',14464,1229,'wikitext',NULL);
INSERT INTO `page` VALUES (834,0,'Tirol_Unterland','',0,0,0.698035112516,'20200320075715','20191223215430',14465,1093,'wikitext',NULL);
INSERT INTO `page` VALUES (835,0,'Osttirol','',0,0,0.247561928582,'20200320075715','20191223215400',14459,770,'wikitext',NULL);
INSERT INTO `page` VALUES (836,0,'Südtirol','',0,0,0.461877854356,'20200320075715','20191223215853',10675,729,'wikitext',NULL);
INSERT INTO `page` VALUES (837,0,'Kärnten','',0,0,0.597744706979,'20200320075715','20191223215811',4150,447,NULL,NULL);
INSERT INTO `page` VALUES (838,0,'Nordtirol','',0,0,0.936588774986,'20200320075715','20191223215932',14458,2457,'wikitext',NULL);
INSERT INTO `page` VALUES (839,0,'Salzburg','',0,0,0.497455784328,'20200320075715','20191223215906',9074,597,NULL,NULL);
INSERT INTO `page` VALUES (879,0,'Oberösterreich','',0,0,0.833904954222,'20200320075715','20191223215957',4153,502,NULL,NULL);
INSERT INTO `page` VALUES (880,0,'Niederösterreich','',0,0,0.183306500609,'20200320075715','20191226232809',14480,806,'wikitext',NULL);
INSERT INTO `page` VALUES (881,0,'Schweiz','',0,0,0.442140848848,'20200320075715','20191223215650',10320,694,NULL,NULL);
INSERT INTO `page` VALUES (882,0,'Innsbruck','',0,0,0.729341263059,'20200320075715','20191223215958',14451,1539,'wikitext',NULL);
INSERT INTO `page` VALUES (926,0,'Hühnerspiel','',0,0,0.87216336172,'20200219223541','20200219230127',15050,6013,'wikitext',NULL);
INSERT INTO `page` VALUES (1353,0,'Stubaital_Wipptal','',0,0,0.681565462273,'20200320075715','20191223215705',14461,843,'wikitext',NULL);
INSERT INTO `page` VALUES (1354,0,'Seefeld_Leutasch','',0,0,0.983349633505,'20200320075715','20191223215932',14460,574,'wikitext',NULL);
INSERT INTO `page` VALUES (1417,0,'Grindelwald_-_First','',0,0,0.640240649077,'20200414144616','20200414144622',15341,8907,'wikitext',NULL);
INSERT INTO `page` VALUES (1804,0,'Haunold','',0,0,0.202512472779,'20200219223525','20200219224509',15034,4363,'wikitext',NULL);

--
-- Table structure for table `revision`
--

CREATE TABLE `revision` (
  `rev_id` int(10) unsigned NOT NULL AUTO_INCREMENT,
  `rev_page` int(10) unsigned NOT NULL,
  `rev_text_id` int(10) unsigned NOT NULL DEFAULT 0,
  `rev_comment` varbinary(767) NOT NULL DEFAULT '',
  `rev_user` int(10) unsigned NOT NULL DEFAULT 0,
  `rev_user_text` varbinary(255) NOT NULL DEFAULT '',
  `rev_timestamp` binary(14) NOT NULL DEFAULT '\0\0\0\0\0\0\0\0\0\0\0\0\0\0',
  `rev_minor_edit` tinyint(3) unsigned NOT NULL DEFAULT 0,
  `rev_deleted` tinyint(3) unsigned NOT NULL DEFAULT 0,
  `rev_len` int(10) unsigned DEFAULT NULL,
  `rev_parent_id` int(10) unsigned DEFAULT NULL,
  `rev_sha1` varbinary(32) NOT NULL DEFAULT '',
  `rev_content_model` varbinary(32) DEFAULT NULL,
  `rev_content_format` varbinary(64) DEFAULT NULL,
  PRIMARY KEY (`rev_page`,`rev_id`),
  UNIQUE KEY `rev_id` (`rev_id`),
  KEY `rev_timestamp` (`rev_timestamp`),
  KEY `page_timestamp` (`rev_page`,`rev_timestamp`),
  KEY `user_timestamp` (`rev_user`,`rev_timestamp`),
  KEY `usertext_timestamp` (`rev_user_text`,`rev_timestamp`),
  KEY `page_user_timestamp` (`rev_page`,`rev_user`,`rev_timestamp`)
) ENGINE=InnoDB AUTO_INCREMENT=15587 DEFAULT CHARSET=binary MAX_ROWS=10000000 AVG_ROW_LENGTH=1024;

--
-- Dumping data for table `revision`
--

INSERT INTO `revision` VALUES (15197,5,14960,'Link zu outdooractive.com eingefügt.',1,'Philipp','20200224205643',0,0,8143,14976,'4z3iykq2jyhb2o6xa8s8c3bpcmp3km7',NULL,NULL);
INSERT INTO `revision` VALUES (14980,228,14743,'Position oben/unten kommt nun aus der Rodelbahnbox.',72,'Phibot','20200219223431',1,0,6418,14746,'itosflhct7ch6cnygpegfsdqytr9czr',NULL,NULL);
INSERT INTO `revision` VALUES (15198,237,14961,'Fix outdooractive.com Link.',72,'Phibot','20200224211635',1,0,5951,15019,'2uzqapl72g12sayfwqmdq82pfwgpl4h',NULL,NULL);
INSERT INTO `revision` VALUES (15269,251,15032,'XML Parsing Fehler behoben.',1,'Philipp','20200303214829',1,0,6529,15202,'1lbidwhoaq4d4da0u61gf1dx2q1n8a0',NULL,NULL);
INSERT INTO `revision` VALUES (15143,283,14906,'Position oben/unten kommt nun aus der Rodelbahnbox.',72,'Phibot','20200219223714',1,0,5652,14899,'cp31yqtj7mbc98egmvzthhlv5xlfl3t',NULL,NULL);
INSERT INTO `revision` VALUES (14454,355,14225,'Bot: Fixing redirects',72,'Phibot','20191223202204',1,0,1765,14318,'py8a35vre0ep62dtgml4xknwlalbhso',NULL,NULL);
INSERT INTO `revision` VALUES (15254,356,15017,'Ungültigen Link entfernt.',1,'Philipp','20200224224832',1,0,2642,14648,'hom708fa1xdxf86um15p3nah37el1x4',NULL,NULL);
INSERT INTO `revision` VALUES (5527,357,5412,'\'{{Kein Gasthausbeauftragter}}\' gelöscht.',72,'Phibot','20111204110021',1,0,1099,5432,'n1a2cscauq6pu4e6f326mw73y2063xe',NULL,NULL);
INSERT INTO `revision` VALUES (14699,358,14462,'E-Mail info@oetztal-mitte.com funktioniert nicht.',1,'Philipp','20200213160812',0,0,1487,14649,'g2rcb9rn4bfjbpqoebo8r0qofibmapt',NULL,NULL);
INSERT INTO `revision` VALUES (14650,359,14413,'Gasthausbeauftragter jetzt via \"Korrektur\" Button in Buttonleiste kontaktierbar.',72,'Phibot','20200212130416',1,0,1519,14155,'pz84ts32q5k4flavtqhm29q6674j65w',NULL,NULL);
INSERT INTO `revision` VALUES (14651,360,14414,'Gasthausbeauftragter jetzt via \"Korrektur\" Button in Buttonleiste kontaktierbar.',72,'Phibot','20200212130426',1,0,1365,3683,'csis813pyjztu7ly5ltz4c8hi0d28yk',NULL,NULL);
INSERT INTO `revision` VALUES (14652,361,14415,'Gasthausbeauftragter jetzt via \"Korrektur\" Button in Buttonleiste kontaktierbar.',72,'Phibot','20200212130436',1,0,1511,5965,'abheszxj7dh6qfcq5lyzgz42rxbr2x4',NULL,NULL);
INSERT INTO `revision` VALUES (14653,362,14416,'Gasthausbeauftragter jetzt via \"Korrektur\" Button in Buttonleiste kontaktierbar.',72,'Phibot','20200212130446',1,0,2024,11469,'rxqps0z7lj136j75uwuvex6kwbfp13r',NULL,NULL);
INSERT INTO `revision` VALUES (11892,363,11689,'Links ausgetauscht.',1,'Philipp','20160112200445',1,0,1196,11727,'0l7yfkokerqmmfy432inn7q5h6yv57p',NULL,NULL);
INSERT INTO `revision` VALUES (12211,364,12008,'Foto ausgetauscht (danke [[User:Thomas]] und Martin Guggenberger.',1,'Philipp','20161128205815',0,0,1343,7069,'ticq2jrbiqh59x1kzg2ai6qd7nvtoqw',NULL,NULL);
INSERT INTO `revision` VALUES (9272,365,9103,'Kategorie geändert.',1,'Philipp','20140202202008',1,0,1311,9250,'fz0xhcv7vfsoi765ljj3xd491z4b5kq',NULL,NULL);
INSERT INTO `revision` VALUES (12929,395,12705,'Liste um Triesenberg (Liechtenstein, aber verdammt nah an Vorarlberg, ein \'Grenzfall\' -im eigentlichen Sinn) aufgenommen',31,'Georg','20180112192320',0,0,421,9070,'2iu9bsmceujupxkv34hxcnx11s6zn44',NULL,NULL);
INSERT INTO `revision` VALUES (9076,396,8913,'Die neue <rodelbahntabelle> ist nun im Einsatz :-)',1,'Philipp','20140116212944',0,0,366,8896,'k1zzn6rd0r3oc9sxtd9c02rumnl6m80',NULL,NULL);
INSERT INTO `revision` VALUES (14463,397,14234,'Bot: Fixing redirects',72,'Phibot','20191223202445',1,0,1474,10986,'tf309ysml96aqqd6tvh2m2omw98c1j3',NULL,NULL);
INSERT INTO `revision` VALUES (15113,761,14876,'Position oben/unten kommt nun aus der Rodelbahnbox.',72,'Phibot','20200219223644',1,0,6939,14873,'0rco4h1d6wu0mrniwkz850em3q1rxpl',NULL,NULL);
INSERT INTO `revision` VALUES (15114,793,14877,'Position oben/unten kommt nun aus der Rodelbahnbox.',72,'Phibot','20200219223645',1,0,4416,14874,'s43mj83xjhffm1ceqvf022vlpbielsj',NULL,NULL);
INSERT INTO `revision` VALUES (14464,833,14235,'Bot: Fixing redirects',72,'Phibot','20191223202454',1,0,1229,10945,'dvxt84fnz323kahq5qswo1q3tebj0kl',NULL,NULL);
INSERT INTO `revision` VALUES (14465,834,14236,'Bot: Fixing redirects',72,'Phibot','20191223202504',1,0,1093,11782,'sejujafx0zkm5t7oxnah7zult6qs0xc',NULL,NULL);
INSERT INTO `revision` VALUES (14459,835,14230,'Bot: Fixing redirects',72,'Phibot','20191223202314',1,0,770,10597,'9mxsvjbj3p8xrezbmqu1vxe6j0xvx9y',NULL,NULL);
INSERT INTO `revision` VALUES (10675,836,10489,'Weitere Südtiroler Bahnen \"In Arbeit\" (Positions-Koordinaten fehlen aber noch)',14,'Bany-tyrol','20141025140829',1,0,729,9503,'0lqc79v1admquia4i82oe3ph350ci5u',NULL,NULL);
INSERT INTO `revision` VALUES (4150,837,4053,'\'{{In Arbeit}}\' vorangestellt.',72,'Phibot','20110124203513',1,0,447,3704,'i2nf2h7h0ygwc8rbyr5qiajl8whzaxs',NULL,NULL);
INSERT INTO `revision` VALUES (14458,838,14229,'Bot: Fixing redirects',72,'Phibot','20191223202304',1,0,2457,13106,'16ng29vj1dv9wx7enf9nae2lmy98ol7',NULL,NULL);
INSERT INTO `revision` VALUES (9074,839,8911,'Die neue <rodelbahntabelle> ist nun im Einsatz :-)',1,'Philipp','20140116212519',0,0,597,4163,'lt42u59i7kjv5mebn3tz3k2ka3sf0wf',NULL,NULL);
INSERT INTO `revision` VALUES (4153,879,4056,'\'{{In Arbeit}}\' vorangestellt.',72,'Phibot','20110124203524',1,0,502,3919,'qmdefsxbpte2or36867l68julo29dej',NULL,NULL);
INSERT INTO `revision` VALUES (14480,880,14250,'/* 24 Rodelbahnen in Niederösterreich */',110,'Mitterhofer','20191226232805',0,0,806,12172,'mqxru7e3jmdy7qilfbnwgdjzcsbhcu8',NULL,NULL);
INSERT INTO `revision` VALUES (10320,881,10143,'Link zu http://www.rodeln-schweiz.ch/ eingefügt.',1,'Philipp','20140520084749',0,0,694,10157,'1lnvqxfm1xosw83lh5ax1nmpfpx0tvn',NULL,NULL);
INSERT INTO `revision` VALUES (14451,882,14222,'Bot: Fixing redirects',72,'Phibot','20191223202123',1,0,1539,11026,'lbiwpjaug976uk5huo2shf3pcnbojvt',NULL,NULL);
INSERT INTO `revision` VALUES (15050,926,14813,'Position oben/unten kommt nun aus der Rodelbahnbox.',72,'Phibot','20200219223541',1,0,6013,14808,'ftk592almznvpalkg32xtu2hx8f6fnx',NULL,NULL);
INSERT INTO `revision` VALUES (14461,1353,14232,'Bot: Fixing redirects',72,'Phibot','20191223202424',1,0,843,9077,'lvga663o43jcj72osr5fhl9xucwio3i',NULL,NULL);
INSERT INTO `revision` VALUES (14460,1354,14231,'Bot: Fixing redirects',72,'Phibot','20191223202334',1,0,574,9075,'gryst435d856sqovy00q3wq2xxkg6iq',NULL,NULL);
INSERT INTO `revision` VALUES (15341,1417,15104,'/* Allgemeines */',225,'Snowfighter','20200414144548',0,0,8907,15337,'d14kd1l43rb0xnhbcjoo2dsd0ljvkbc',NULL,NULL);
INSERT INTO `revision` VALUES (15034,1804,14797,'Position oben/unten kommt nun aus der Rodelbahnbox.',72,'Phibot','20200219223525',1,0,4363,14795,'pc0zo97d1t47fbob0kxmrk6ufaearpb',NULL,NULL);

--
-- Table structure for table `text`
--

CREATE TABLE `text` (
  `old_id` int(10) unsigned NOT NULL AUTO_INCREMENT,
  `old_text` mediumblob NOT NULL,
  `old_flags` tinyblob NOT NULL,
  PRIMARY KEY (`old_id`)
) ENGINE=InnoDB AUTO_INCREMENT=15350 DEFAULT CHARSET=binary MAX_ROWS=10000000 AVG_ROW_LENGTH=10240;

--
-- Dumping data for table `text`
--

INSERT INTO `text` VALUES (4053,'{{In Arbeit}}\nRodelbahnen in Kärnten:\n<wrgmap lat=\"46.766206\" lon=\"13.782349\" zoom=\"9\"/>\n{{GoogleMaps Hinweis}}\n\nLeider haben wir in Kärnten noch keine Rodelbahn aufgenommen. Sie sind aber sehr willkommen, uns dabei zu [[Hilfe:Neue_Rodelbahn|helfen]].\n\n\n{{Bahntabelle Zeichenerklärung}}\n\n== Siehe auch ==\n* [[Osttirol]]\n* Forum:\n[[Image:Winterrodeln1.png|600px|link=http://winterrodeln-forum.org/]]\n\n[[Kategorie:Region]]\n[[Kategorie:In Arbeit]]','utf-8');
INSERT INTO `text` VALUES (4056,'{{In Arbeit}}\nRodelbahnen in Oberösterreich:\n<wrgmap lat=\"47.829752\" lon=\"13.933411\" zoom=\"9\"/>\n{{GoogleMaps Hinweis}}\n\nLeider haben wir in Oberösterreich noch keine Rodelbahn aufgenommen. Sie sind aber sehr willkommen, uns dabei zu [[Hilfe:Neue_Rodelbahn|helfen]].\n\n\n{{Bahntabelle Zeichenerklärung}}\n\n== Siehe auch ==\n* [[Salzburg]]\n* [[Niederösterreich]]\n* [[Steiermark]]\n* Forum:\n[[Image:Winterrodeln1.png|600px|link=http://winterrodeln-forum.org/]]\n\n[[Kategorie:Region]]\n[[Kategorie:In Arbeit]]','utf-8');
INSERT INTO `text` VALUES (5412,'{{In Arbeit|Gasthaus}}\n{{Gasthausbox\n| Position          = 47.479777 N 10.588662 E\n| Höhe              = 1530\n| Betreiber         = Martin Rief\n| Sitzplätze        = \n| Übernachtung      = 20 Personen\n| Rauchfrei         = \n| Rodelverleih      = \n| Handyempfang      = \n| Homepage          = http://www.krinnenalpe-tirol.at\n| E-Mail            = info@krinnenalpe-tirol.at\n| Telefon           = +43-5675-8189; +43-676-5559000\n| Bild              = \n| Rodelbahnen       = [[Krinnenalplifte]]\n}}\n\n\n\n\n* \'\'\'Öffnungszeiten\'\'\': Mitte Dezember bis Ostermontag (im Sommer Mitte Mai bis Mitte Oktober).\n* \'\'\'Handy - Empfang bei der Hütte\'\'\':<br/>Zu beachten ist, dass der Empfang von der Wetterlage und vom verwendeten Mobiltelefon abhängt.<br/>Stand: \n** A1: \'\'unbekannt\'\'\n** T-Mobile/Telering: \'\'unbekannt\'\'\n** Orange: \'\'unbekannt\'\'\n** Drei: \'\'unbekannt\'\'\n* \'\'\'Betreiber\'\'\': Martin Rief\n* \'\'\'Postanschrift\'\'\':  Krinnenalpe; 6672 Nässelwängle; Austria\n* \'\'\'Siehe auch\'\'\':\n** http://www.krinnenalpe-tirol.at\n* \'\'\'Rodelbahn\'\'\':\n** [[Krinnenalplifte]]\n\n\n\n\n\n[[Kategorie:Gasthaus]]\n[[Kategorie:In Arbeit]]','utf-8');
INSERT INTO `text` VALUES (8911,'{{In Arbeit}}\nRodelbahnen in Salzburg:\n<wrgmap lat=\"47.480088\" lon=\"13.049011\" zoom=\"9\"/>\n{{GoogleMaps Hinweis}}\n\nLeider haben wir in Salzburg noch keine Rodelbahn aufgenommen. Sie sind aber herzlich willkommen, uns dabei zu [[Hilfe:Neue_Rodelbahn|helfen]].\n\nFolgende Einträge sind gerade in Arbeit:\n<rodelbahntabelle>\n  <region in_arbeit=\"ja\">Salzburg</region>\n</rodelbahntabelle>\n\n{{Bahntabelle Zeichenerklärung}}\n\n== Siehe auch ==\n* [[Kärnten]]\n* [[Tirol Unterland]]\n* Forum:\n[[Image:Winterrodeln1.png|600px|link=http://winterrodeln-forum.org/]]\n\n[[Kategorie:Region]]\n[[Kategorie:In Arbeit]]','utf-8');
INSERT INTO `text` VALUES (8913,'Rodelbahnen in der Steiermark:\n<wrgmap lat=\"47.279229\" lon=\"15.073242\" zoom=\"8\" />\n{{GoogleMaps Hinweis}}\n\nRodelbahnen in der Steiermark und der Nachbarschaft:\n<rodelbahntabelle>\n  <region>Steiermark</region>\n</rodelbahntabelle>\n\n{{Bahntabelle Zeichenerklärung}}\n\n\n== Siehe auch ==\n* [[Niederösterreich]]\n* [[Kärnten]]\n* [[Oberösterreich]]\n\n\n[[Kategorie:Region]]','utf-8');
INSERT INTO `text` VALUES (9103,'{{Gasthausbox\n| Position          = 47.210539 N 11.334465 E\n| Höhe              = 1608\n| Betreiber         = \n| Sitzplätze        = \n| Übernachtung      = \n| Rauchfrei         = \n| Rodelverleih      = \n| Handyempfang      = \n| Homepage          = \n| E-Mail            = \n| Telefon           = +43-512-548043\n| Bild              = Gasthaus_Mutterer_Alm_01.jpg\n| Rodelbahnen       = [[Mutterer Alm - Familienrodelbahn]]\n}}\nDie Mutterer Alm liegt östlich der Bergstation der Mutterer Alm Bahn (auf der anderen Seite der Schipiste) und hat derzeit \'\'\'geschlossen\'\'\'. Die Alm sollte nicht mit dem [[Mutterer Alm Erlebnisrestaurant]] direkt neben der Bergstation der Mutterer Alm Bahn verwechselt werden, das nicht geschlossen ist.\n\n* \'\'\'Öffnungszeiten\'\'\': Die Mutterer Alm hat geschlossen (Stand: 5.1.2005)\n* \'\'\'Handy - Empfang bei der Hütte\'\'\':<br/>Zu beachten ist, dass der Empfang von der Wetterlage und vom verwendeten Mobiltelefon abhängt.<br/>Stand: \n** A1: \'\'unbekannt\'\'\n** T-Mobile/Telering: \'\'unbekannt\'\'\n** Orange: \'\'unbekannt\'\'\n** Drei: \'\'unbekannt\'\'\n* \'\'\'Besitzer/Pächter\'\'\': \n* \'\'\'Postanschrift\'\'\':   \n* \'\'\'Siehe auch\'\'\':\n** [[Mutterer Alm Erlebnisrestaurant]]\n* \'\'\'Rodelbahn\'\'\':\n** [[Mutterer Alm - Familienrodelbahn]]\n** [[Mutterer Alm - Sportrodelbahn]]\n\n\n[[Kategorie:Gasthaus (geschlossen)]]','utf-8');
INSERT INTO `text` VALUES (10143,'Rodelbahnen in der \'\'\'Schweiz\'\'\' (siehe auch http://www.rodeln-schweiz.ch/):\n\n<wrgmap lat=\"46.939012\" lon=\"8.421021\" zoom=\"8\" />\n{{GoogleMaps Hinweis}}\n\n<rodelbahntabelle>\n  <region>Schweiz</region>\n  <rodelbahn in_arbeit=\"nein\">Triesenberg Steg</rodelbahn>\n</rodelbahntabelle>\n\nFolgende Einträge in der Schweiz sind gerade in Arbeit:\n<rodelbahntabelle>\n  <region in_arbeit=\"ja\">Schweiz</region>\n  <rodelbahn in_arbeit=\"ja\">Grindelwald - Kleine Scheidegg - Wengen</rodelbahn>\n</rodelbahntabelle>\n\n\n{{Bahntabelle Zeichenerklärung}}\n\n== Siehe auch ==\n* [[Renntermine Schweiz]]\n* [[Vorarlberg]]\n* Forum:\n[[Image:Winterrodeln1.png|600px|link=http://winterrodeln-forum.org/]]\n\n[[Kategorie:Region]]','utf-8');
INSERT INTO `text` VALUES (10489,'Rodelbahnen in Südtirol:\n<wrgmap lat=\"46.613601\" lon=\"11.57959\" zoom=\"9\" />\n{{GoogleMaps Hinweis}}\n\n<rodelbahntabelle>\n  <region>Südtirol</region>\n</rodelbahntabelle>\n\nDie folgenden Bahneinträge in Südtirol sind gerade in Arbeit:\n<rodelbahntabelle>\n  <region in_arbeit=\"ja\">Südtirol</region>\n  <rodelbahn in_arbeit=\"ja\">Zans - Gampen Alm</rodelbahn>\n  <rodelbahn in_arbeit=\"ja\">Ranui - Zans</rodelbahn>\n  <rodelbahn in_arbeit=\"ja\">Meran 2000</rodelbahn>\n  <rodelbahn in_arbeit=\"ja\">Rodelweg Vöraner Alm‎</rodelbahn>\n</rodelbahntabelle>\n\n\n{{Bahntabelle Zeichenerklärung}}\n\n== Siehe auch ==\n* [[Nordtirol]]\n* [[Osttirol]]\n* Forum:\n[[Image:Winterrodeln1.png|600px|link=http://winterrodeln-forum.org/]]\n\n[[Kategorie:Region]]','utf-8');
INSERT INTO `text` VALUES (11689,'{{In Arbeit|Überarbeitung|VarText=Nach Renovierung wurde die Milderaun Alm neu verpachtet und ist ab dem \'\'\'Winter 2015/16\'\'\' wieder geöffnet; auch die Rodelbahn wird reaktiviert!<br />Nähere Informationen dazu demnächst hier auf \'\'\'Winterrodeln.org\'\'\'.}}\n\n{{Gasthausbox\n| Position          = 47.08768 N 11.257011 E\n| Höhe              = 1675\n| Betreiber         = Milderaunalm OG\n| Sitzplätze        =\n| Übernachtung      =\n| Rauchfrei         =\n| Rodelverleih      = Ja\n| Handyempfang      =\n| Homepage          = Nein\n| E-Mail            = dez.testarossa@a1.net\n| Telefon           = +43-699-10036813\n| Bild              = Gasthaus_Milderaun_Alm_01.jpg\n| Rodelbahnen       = [[Milderaun]]; [[Milderaun (kürzer)]] \n}}\n\n\n* \'\'\'Öffnungszeiten\'\'\':Täglich\n* \'\'\'Handy - Empfang bei der Hütte\'\'\':<br/>Zu beachten ist, dass der Empfang von der Wetterlage und vom verwendeten Mobiltelefon abhängt.<br/>Stand: \n** A1:Ja\n** T-Mobile/Telering: Ja\n** Drei: Ja\n* \'\'\'Besitzer/Pächter\'\'\': Milderaunalm OG\n* \'\'\'Postanschrift\'\'\': Schaller 40; 6167 Neustift\n* \'\'\'Siehe auch\'\'\':\n* \'\'\'Rodelbahnen\'\'\':\n** [[Milderaun (Milders)]]\n** [[Milderaun (Oberegg)]]\n\n[[Kategorie:Gasthaus]]\n[[Kategorie:In Arbeit]]','utf-8');
INSERT INTO `text` VALUES (12008,'{{Gasthausbox\n| Position          = 47.495677136 N 12.197686555 E\n| Höhe              = 720\n| Betreiber         = Gabi Schroll\n| Sitzplätze        = \n| Übernachtung      = Nein\n| Rauchfrei         = Teilweise\n| Rodelverleih      = Nein\n| Handyempfang      = bob; T-Mobile A; orange AT; 3 AT\n| Homepage          = http://www.moonlightbar-soell.com/\n| E-Mail            = schroll.gabi@aon.at\n| Telefon           = +43-664-4036006\n| Bild              = Moonlight-Bar 2016-01-18.jpg\n| Rodelbahnen       = [[Söll - Hexenritt]]; [[Söll - Mondrodelbahn]]\n}}\nWer sich nach einer (Nacht)rodelpartie aufwärmen will, kann dies in der Moonlight-Bar tun: Sie befindet sich 100 m oberhalb der Gondeltalstaion und dem Rodelverleih in Söll.\n\n* \'\'\'Öffnungszeiten\'\'\': Die Moonlight-Bar hat täglich von 15:00 - 18:00 und Mittwoch bis Samstag von 19:00 - 23:00 Uhr geöffnet.\n* \'\'\'Handy - Empfang bei der Hütte\'\'\':<br/>Zu beachten ist, dass der Empfang von der Wetterlage und vom verwendeten Mobiltelefon abhängt.<br/>Stand: 2012-12-13\n** A1/bob: Ja\n** T-Mobile/Telering: Ja\n** Orange: Ja\n** Drei: Ja\n* \'\'\'Betreiber\'\'\': Gabi Schroll\n* \'\'\'Postanschrift\'\'\': Stampfanger 22; 6306 Söll; Österreich\n* \'\'\'Siehe auch\'\'\':\n**  http://www.moonlightbar-soell.com/\n* \'\'\'Rodelbahn\'\'\':\n** [[Söll - Hexenritt]]\n** [[Söll - Mondrodelbahn]]\n\n\n[[Kategorie:Gasthaus]]','utf-8');
INSERT INTO `text` VALUES (12705,'Rodelbahnen in Vorarlberg:\n<wrgmap lat=\"47.240084\" lon=\"9.981079\" zoom=\"9\" />\n{{GoogleMaps Hinweis}}\n\n<rodelbahntabelle>\n  <region>Vorarlberg</region>\n<rodelbahn>Triesenberg Steg</rodelbahn>\n</rodelbahntabelle>\n\n{{Bahntabelle Zeichenerklärung}}\n\n\n== Siehe auch ==\n* [[Tirol]]\n* [[Steiermark|Steiermark/Niederösterreich]]\n* [[Winterrodeln:Neu aufgenommene Rodelbahnen|Neu aufgenommene Rodelbahnen]]\n\n[[Kategorie:Region]]','utf-8');
INSERT INTO `text` VALUES (14222,'Rodelbahnen rund um \'\'\'Innsbruck\'\'\' in Tirol (Bezirk Innsbruck Land):\n<wrgmap lat=\"47.20\" lon=\"11.42\" />\n{{GoogleMaps Hinweis}}\n\n\n== Innsbruck (Mittelgebirge) ==\n<rodelbahntabelle>\n  <region>Innsbruck Mittelgebirge</region>\n</rodelbahntabelle>\n\n== [[Stubaital Wipptal]] ==\n=== Stubaital ===\n<rodelbahntabelle>\n  <region>Stubaital</region>\n</rodelbahntabelle>\n=== Wipptal ===\n<rodelbahntabelle>\n  <region>Wipptal</region>\n</rodelbahntabelle>\n\n== [[Seefeld Leutasch]] ==\n<rodelbahntabelle>\n  <region>Seefeld, Leutasch</region>\n</rodelbahntabelle>\n\n\n== Innsbruck West ==\n<rodelbahntabelle>\n  <region>Innsbruck West</region>\n</rodelbahntabelle>\n\n\n== Innsbruck Ost ==\n<rodelbahntabelle>\n  <region>Innsbruck Ost</region>\n</rodelbahntabelle>\n\n\n== In Arbeit ==\nDie folgenden Rodelbahneinträge von diesem Gebiet befinden sich noch in Arbeit:\n<rodelbahntabelle>\n  <region in_arbeit=\"ja\">Innsbruck Mittelgebirge</region>\n  <region in_arbeit=\"ja\">Wipptal</region>\n  <region in_arbeit=\"ja\">Stubaital</region>\n  <region in_arbeit=\"ja\">Seefeld, Leutasch</region>\n  <region in_arbeit=\"ja\">Innsbruck West</region>\n  <region in_arbeit=\"ja\">Innsbruck Ost</region>\n</rodelbahntabelle>\n\n{{Bahntabelle Zeichenerklärung}}\n\n== Siehe auch ==\n* [[Tirol Oberland]]\n* [[Tirol Unterland]]\n* [[Südtirol]]\n* [[Osttirol]]\n* [[Tiroler Naturrodelbahn Gütesiegel|Ausgezeichnete Rodelbahnen in Tirol]]\n* [[Winterrodeln:Neu aufgenommene Rodelbahnen|Neu aufgenommene Rodelbahnen]]\n\n[[Image:Winterrodeln1.png|600px|link=http://winterrodeln-forum.org/]]\n\n[[Kategorie:Region]]','utf-8');
INSERT INTO `text` VALUES (14225,'{{Gasthausbox\n| Position          = 47.177038 N 11.265878 E\n| Höhe              = 1673\n| Betreiber         = Michael Schaffenrath\n| Sitzplätze        = \n| Übernachtung      = 10 Matrazenlager, 4x Doppelzimmer, je ein 3-Bett und 4-Bettzimmer\n| Rauchfrei         = Ja\n| Rodelverleih      = Ja\n| Handyempfang      = A1, T-Mobile A, Drei\n| Homepage          = https://kemater-alm.at/\n| E-Mail            = info@kemater-alm.at\n| Telefon           = +43-5234-65679\n| Bild              = Gasthaus_Kemater_Alm_02.jpg\n| Rodelbahnen       = [[Kemater Alm]]\n}}\nDie schön gelegene Hütte liegt im hinteren Senderstal im Ruhegebiet [http://de.wikipedia.org/wiki/Kalkk%C3%B6gel Kalkkögel], die auch die beeindruckende Bergkulisse hinter der Alm bilden. Am Nachmittag liegt die Hütte in der Sonne, und man kann es sich auf der Terrasse gemütlich machen: 19 Tische bieten Platz für bis zu 150 Personen.\n\nDie Hütte hat zwei größere und eine kleine Stube(n);\n[[Kemater Alm/Impressionen|Hier]] finden sich einige Impressionen zu Rodelbahn und Alm.\n\n* \'\'\'Öffnungszeiten\'\'\': siehe [https://kemater-alm.at/ Homepage]\n* \'\'\'Handy - Empfang bei der Hütte\'\'\':<br/>Zu beachten ist, dass der Empfang von der Wetterlage und vom verwendeten Mobiltelefon abhängt.<br/>Stand: 2013-09-23\n** A1: Ja\n** T-Mobile/Drei: Ja\n* \'\'\'Besitzer/Pächter\'\'\': Michael Schaffenrath\n* \'\'\'Postanschrift\'\'\': Speckbacherstraße 2, 6067 Absam\n* \'\'\'Siehe auch\'\'\':\n** [http://www.kemateralm.at/ Homepage der Kemater Alm]\n** [http://www.alpenverein.at/huettenHome/DE/Home/index.php?huetteNr=1213 Hüttenseite des Alpenvereins]\n* \'\'\'Rodelbahn\'\'\':\n** [[Kemater Alm]]\n\n{{Clear}}\n{{Buttonleiste|meteoblue = kemater-alm_at_10382|Impressionen = Kemater_Alm_Impressionen|Korrektur = Seite}}\n\n[[Kategorie:Gasthaus]]','utf-8');
INSERT INTO `text` VALUES (14229,'Rodelbahnen in Nordtirol (siehe auch [[Innsbruck]], [[Tirol Oberland]], [[Tirol Unterland]]):\n<wrgmap lat=\"47.22\" lon=\"11.42\" />\n{{GoogleMaps Hinweis}}\n\n== [[Innsbruck]] ==\n<rodelbahntabelle>\n  <region>Innsbruck</region>\n</rodelbahntabelle>\n\n== [[Stubaital Wipptal]] ==\n=== Stubaital ===\n<rodelbahntabelle>\n  <region>Stubaital</region>\n</rodelbahntabelle>\n\n=== Wipptal ===\n<rodelbahntabelle>\n  <region>Wipptal</region>\n</rodelbahntabelle>\n\n== [[Seefeld Leutasch]] ==\n<rodelbahntabelle>\n  <region>Seefeld, Leutasch</region>\n</rodelbahntabelle>\n\n== [[Tirol Oberland]] ==\n=== Region Innsbruck-Land/West ===\n<rodelbahntabelle>\n  <region>Innsbruck West</region>\n</rodelbahntabelle>\n\n=== Ötztal ===\n<rodelbahntabelle>\n  <region>Ötztal</region>\n</rodelbahntabelle>\n\n=== Weitere Bahnen im Oberland ===\n<rodelbahntabelle>\n  <region>Tirol - Oberland</region>\n  <region operation=\"-\">Innsbruck West</region>\n  <region operation=\"-\">Ötztal</region>\n</rodelbahntabelle>\n\n== [[Tirol Unterland]] ==\n=== Region Innsbruck-Land/Ost ===\n<rodelbahntabelle>\n  <region>Innsbruck Ost</region>\n  <region operation=\"-\">Schwaz/Zillertal</region>\n</rodelbahntabelle>\n\n=== Region Schwaz/Zillertal ===\n<rodelbahntabelle>\n  <region>Schwaz/Zillertal</region>\n</rodelbahntabelle>\n\n=== Region Kufstein ===\n<rodelbahntabelle>\n  <region>Kufstein</region>\n</rodelbahntabelle>\n\n=== Region Kitzbühel ===\n<rodelbahntabelle>\n  <region>Kitzbühel</region>\n</rodelbahntabelle>\n\n== in Arbeit ==\n=== Tirol - Oberland ===\n<rodelbahntabelle>\n  <region in_arbeit=\"ja\">Tirol - Oberland</region>\n</rodelbahntabelle>\n\n=== Tirol - Unterland ===\n<rodelbahntabelle>\n  <region in_arbeit=\"ja\">Tirol - Unterland</region>\n</rodelbahntabelle>\n\n=== Weitere Bahnen ===\n<rodelbahntabelle>\n  <region in_arbeit=\"ja\">Nordtirol</region>\n  <region operation=\"-\" in_arbeit=\"ja\">Tirol - Oberland</region>\n  <region operation=\"-\" in_arbeit=\"ja\">Tirol - Unterland</region>\n</rodelbahntabelle>\n\n\n{{Bahntabelle Zeichenerklärung}}\n\n== Siehe auch ==\n* [[Osttirol]]\n* [[Südtirol]]\n* [[Vorarlberg]]\n* [[Steiermark|Steiermark/Niederösterreich]]\n* [[Schweiz]]\n* [[Tiroler Naturrodelbahn Gütesiegel|Ausgezeichnete Rodelbahnen in Tirol]]\n* [[Winterrodeln:Neu aufgenommene Rodelbahnen|Neu aufgenommene Rodelbahnen]]\n* [http://tirolatlas.uibk.ac.at/topics/sports/data.py/category?lang=de;abrev=rodelbahnen Tirol-Atlas Rodelbahnen]\n* Forum:\n[[Image:Winterrodeln1.png|600px|link=http://winterrodeln-forum.org/]]\n\n[[Kategorie:Region]]','utf-8');
INSERT INTO `text` VALUES (14230,'Rodelbahnen in Osttirol:\n<wrgmap lat=\"46.907122\" lon=\"12.604065\" />\n{{GoogleMaps Hinweis}}\n\n<rodelbahntabelle>\n  <region>Osttirol</region>\n</rodelbahntabelle>\n\nFolgende Einträge sind in Osttirol gerade in Arbeit:\n<rodelbahntabelle>\n  <region in_arbeit=\"ja\">Osttirol</region>\n</rodelbahntabelle>\n\n{{Bahntabelle Zeichenerklärung}}\n\n== Siehe auch ==\n* [[Tirol Unterland]]\n* [[Südtirol]]\n* [[Kärnten]]\n* [[Tiroler Naturrodelbahn Gütesiegel|Ausgezeichnete Rodelbahnen in Tirol]]\n* [[Winterrodeln:Neu aufgenommene Rodelbahnen|Neu aufgenommene Rodelbahnen]]\n* [http://tirolatlas.uibk.ac.at/topics/sports/data.py/category?lang=de;abrev=rodelbahnen Tirol-Atlas Rodelbahnen]\n* Forum:\n[[Image:Winterrodeln1.png|600px|link=http://winterrodeln-forum.org/]]\n\n[[Kategorie:Region]]','utf-8');
INSERT INTO `text` VALUES (14231,'Rodelbahnen der Region \'\'\'Seefeld/Leutasch\'\'\' (siehe auch [[Innsbruck]], [[Tirol Oberland]]]):\n<wrgmap lat=\"47.42\" lon=\"11.22\" />\n{{GoogleMaps Hinweis}}\n\n<rodelbahntabelle>\n  <region>Seefeld, Leutasch</region>\n</rodelbahntabelle>\n\n{{Bahntabelle Zeichenerklärung}}\n\n== Siehe auch ==\n* [[Innsbruck]]\n* [[Tirol Oberland]]\n* [[Tiroler Naturrodelbahn Gütesiegel|Ausgezeichnete Rodelbahnen in Tirol]]\n* [[Winterrodeln:Neu aufgenommene Rodelbahnen|Neu aufgenommene Rodelbahnen]]\n* Forum:\n[[Image:Winterrodeln1.png|600px|link=http://winterrodeln-forum.org/]]\n\n[[Kategorie:Region]]','utf-8');
INSERT INTO `text` VALUES (14232,'Rodelbahnen der Region Stubaital/Wipptal:\n<wrgmap lat=\"47.05\" lon=\"11.42\" />\n{{GoogleMaps Hinweis}}\n\n== Stubaital ==\n<rodelbahntabelle>\n  <region>Stubaital</region>\n</rodelbahntabelle>\n\n== Wipptal ==\n<rodelbahntabelle>\n  <region>Wipptal</region>\n</rodelbahntabelle>\n\n== in Arbeit ==\nDer Eintrag der folgenden Rodelbahnen befindet sich noch in Arbeit:\n<rodelbahntabelle>\n  <region in_arbeit=\"ja\">Stubaital</region>\n  <region in_arbeit=\"ja\">Wipptal</region>\n</rodelbahntabelle>\n\n{{Bahntabelle Zeichenerklärung}}\n\n\n== Siehe auch ==\n* [[Innsbruck]]\n* [[Tirol Oberland]]\n* [[Tirol Unterland]]\n* [[Tiroler Naturrodelbahn Gütesiegel|Ausgezeichnete Rodelbahnen in Tirol]]\n* [[Winterrodeln:Neu aufgenommene Rodelbahnen|Neu aufgenommene Rodelbahnen]]\n* Forum:\n[[Image:Winterrodeln1.png|600px|link=http://winterrodeln-forum.org/]]\n\n[[Kategorie:Region]]','utf-8');
INSERT INTO `text` VALUES (14234,'Rodelbahnen in Tirol (siehe auch [[Innsbruck]], [[Tirol Oberland]], [[Tirol Unterland]], [[Osttirol]], [[Südtirol]]):\n<wrgmap lat=\"47.22\" lon=\"11.42\" />\n{{GoogleMaps Hinweis}}\n\n== [[Innsbruck]] ==\n<rodelbahntabelle>\n  <region>Innsbruck</region>\n</rodelbahntabelle>\n\n== [[Stubaital Wipptal]] ==\n<rodelbahntabelle>\n  <region>Wipptal</region>\n  <region>Stubaital</region>\n</rodelbahntabelle>\n\n== [[Seefeld Leutasch]] ==\n<rodelbahntabelle>\n  <region>Seefeld, Leutasch</region>\n</rodelbahntabelle>\n\n== [[Tirol Oberland]] ==\n<rodelbahntabelle>\n  <region>Tirol - Oberland</region>\n</rodelbahntabelle>\n\n== [[Tirol Unterland]] ==\n<rodelbahntabelle>\n  <region>Tirol - Unterland</region>\n</rodelbahntabelle>\n\n== [[Osttirol]] ==\n<rodelbahntabelle>\n  <region>Osttirol</region>\n</rodelbahntabelle>\n\n== in Arbeit ==\n<rodelbahntabelle>\n  <region in_arbeit=\"ja\">Nordtirol</region>\n</rodelbahntabelle>\n\n\n{{Bahntabelle Zeichenerklärung}}\n\n== Siehe auch ==\n* [[Innsbruck]]\n* [[Tirol Oberland]]\n* [[Tirol Unterland]]\n* [[Osttirol]]\n* [[Südtirol]]\n* [[Vorarlberg]]\n* [[Steiermark|Steiermark/Niederösterreich]]\n* [[Schweiz]]\n* [[Tiroler Naturrodelbahn Gütesiegel|Ausgezeichnete Rodelbahnen in Tirol]]\n* [[Winterrodeln:Neu aufgenommene Rodelbahnen|Neu aufgenommene Rodelbahnen]]\n* [http://tirolatlas.uibk.ac.at/topics/sports/data.py/category?lang=de;abrev=rodelbahnen Tirol-Atlas Rodelbahnen]\n* Forum:\n[[Image:Winterrodeln1.png|600px|link=http://winterrodeln-forum.org/]]\n\n[[Kategorie:Region]]','utf-8');
INSERT INTO `text` VALUES (14235,'Rodelbahnen im Tiroler Oberland (siehe auch [[Innsbruck|Innsbruck Land]], [[Tirol Unterland]]):\n<wrgmap lat=\"47.223299\" lon=\"10.945129\" />\n{{GoogleMaps Hinweis}}\n\n== [[Seefeld Leutasch]] ==\n<rodelbahntabelle>\n  <region>Seefeld, Leutasch</region>\n</rodelbahntabelle>\n\n== Innsbruck West ==\n<rodelbahntabelle>\n  <region>Innsbruck West</region>\n</rodelbahntabelle>\n\n== Ötztal ==\n<rodelbahntabelle>\n  <region>Ötztal</region>\n</rodelbahntabelle>\n\n== Weitere Bahnen im Oberland ==\n<rodelbahntabelle>\n  <region>Tirol - Oberland</region>\n  <region operation=\"-\">Ötztal</region>\n  <region operation=\"-\">Innsbruck West</region>\n  <region operation=\"-\">Seefeld, Leutasch</region>\n</rodelbahntabelle>\n\n== in Arbeit ==\nFolgende Rodelbahneinträge im Tiroler Oberland sind noch in Arbeit:\n<rodelbahntabelle>\n  <region in_arbeit=\"ja\">Tirol - Oberland</region>\n</rodelbahntabelle>\n\n{{Bahntabelle Zeichenerklärung}}\n\n== Siehe auch ==\n* [[Innsbruck]]\n* [[Tirol Unterland]]\n* [[Vorarlberg]]\n* [[Tiroler Naturrodelbahn Gütesiegel|Ausgezeichnete Rodelbahnen in Tirol]]\n* [[Winterrodeln:Neu_aufgenommene_Rodelbahnen|Neu_aufgenommene_Rodelbahnen]]\n* Forum:\n[[Image:Winterrodeln1.png|600px|link=http://winterrodeln-forum.org/]]\n\n[[Kategorie:Region]]','utf-8');
INSERT INTO `text` VALUES (14236,'Rodelbahnen im Tiroler Unterland (siehe auch [[Innsbruck|Innsbruck Land]], [[Tirol Oberland]]):\n<wrgmap lat=\"47.389053\" lon=\"11.813049\" />\n{{GoogleMaps Hinweis}}\n\n== Region Innsbruck-Land/Ost ==\n<rodelbahntabelle>\n  <region>Innsbruck Ost</region>\n  <region operation=\"-\">Schwaz/Zillertal</region>\n</rodelbahntabelle>\n\n== Region Schwaz/Zillertal ==\n<rodelbahntabelle>\n  <region>Schwaz/Zillertal</region>\n</rodelbahntabelle>\n\n== Region Kufstein ==\n<rodelbahntabelle>\n  <region>Kufstein</region>\n</rodelbahntabelle>\n\n== Region Kitzbühel ==\n<rodelbahntabelle>\n  <region>Kitzbühel</region>\n</rodelbahntabelle>\n\n\nFolgende Einträge sind gerade in Arbeit:\n<rodelbahntabelle>\n  <region in_arbeit=\"ja\">Tirol - Unterland</region>\n</rodelbahntabelle>\n\n{{Bahntabelle Zeichenerklärung}}\n\n== Siehe auch ==\n* [[Innsbruck]]\n* [[Tirol Oberland]]\n* [[Osttirol]]\n* [[Tiroler Naturrodelbahn Gütesiegel|Ausgezeichnete Rodelbahnen in Tirol]]\n* [[Winterrodeln:Neu_aufgenommene_Rodelbahnen|Neu_aufgenommene_Rodelbahnen]]\n\n[[Image:Winterrodeln1.png|600px|link=http://winterrodeln-forum.org/]]\n\n[[Kategorie:Region]]','utf-8');
INSERT INTO `text` VALUES (14250,'Rodelbahnen in Niederösterreich:\n<wrgmap lat=\"48.166085\" lon=\"15.699463\" zoom=\"8\" />\n{{GoogleMaps Hinweis}}\n\nFolgende Rodelbahnen sind in Niederösterreich und der Nachbarschaft:\n<rodelbahntabelle>\n  <region>Niederösterreich</region>\n</rodelbahntabelle>\n\nFolgende Einträge in Niederösterreich sind gerade in Arbeit:\n<rodelbahntabelle>\n  <region in_arbeit=\"ja\">Niederösterreich</region>\n</rodelbahntabelle>\n\n{{Bahntabelle Zeichenerklärung}}\n\n\n== 24 Rodelbahnen in Niederösterreich ==\n* Gerhard Mitterhofer hat eine \'\'\'ausführliche Liste mit Rodelbahnen in Niederösterreich und Steiermark\'\'\' zum Download bereitgestellt:\nhttps://drive.google.com/open?id=16SZGIifjJ9vUeoqZgY1bFClWoc0pjuwy .     Vielen Dank\n\n== Siehe auch ==\n* [[Steiermark]]\n* [[Kärnten]]\n* [[Oberösterreich]]\n\n[[Kategorie:Region]]','utf-8');
INSERT INTO `text` VALUES (14413,'{{Gasthausbox\n| Position          = 47.328687 N 10.926552 E\n| Höhe              = 1554\n| Betreiber         = Silvio Schütz&Melanie Santeler\n| Sitzplätze        = \n| Übernachtung      = \n| Rauchfrei         = Ja\n| Rodelverleih      = Ja\n| Handyempfang      = A1\n| Homepage          = https://www.facebook.com/Lehnberghaus-Die-neue-Seite-450932168634169/\n| E-Mail            = \n| Telefon           = +43-660-5212520\n| Bild              = Gasthaus_Lehnberghaus_01.jpg\n| Rodelbahnen       = [[Lehnberghaus]]\n}}\nDas Lehnberghaus liegt auf 1554 m am Fuße der Wank-Spitze in einer Waldlichtung mit Blick nach Süden auf den Simmering. An sonnigen Winternachmittagen ist das Sitzen im Freien und \"Sonnentanken\" sehr beliebt. Beim Lehnberghaus, das sich am oberen Ende der [[Lehnberghaus]] Rodelbahn befindet, können Rodeln ausgeliehen werden\n\n* \'\'\'Öffnungszeiten\'\'\': \n** Mo. 9:30-17:00 Uhr / Di. Ruhetag / Mi. u. So. 9:30-18:00 Uhr / Do., Fr. u. Sa. 9:30-22:00 Uhr\n* \'\'\'Handy - Empfang bei der Hütte\'\'\':<br/>Zu beachten ist, dass der Empfang von der Wetterlage und vom verwendeten Mobiltelefon abhängt.<br/>Stand: 2005-01-30\n** A1: Ja\n** T-Mobile/Telering: \'\'unbekannt\'\'\n** Orange: \'\'unbekannt\'\'\n** Drei: \'\'unbekannt\'\'\n* \'\'\'Besitzer/Pächter\'\'\': Silvio Schütz&Melanie Santeler\n* \'\'\'Postanschrift\'\'\': Lehnberghaus; 6416 Obsteig\n* \'\'\'Siehe auch\'\'\': \n* \'\'\'Rodelbahn\'\'\':\n** [[Lehnberghaus]]\n\n{{Clear}}\n{{Buttonleiste|Korrektur=Seite|Korrektur_To=manfred@oelg.org|Korrektur_To_Name=Manfred Gaber}}\n\n\n[[Kategorie:Gasthaus]]','utf-8');
INSERT INTO `text` VALUES (14414,'{{Gasthausbox\n| Position          = 47.623313 N 15.833266 E\n| Höhe              = 1370\n| Betreiber         = \n| Sitzplätze        = \n| Übernachtung      = \n| Rauchfrei         = \n| Rodelverleih      = \n| Handyempfang      = A1; T-Mobile/Telering; Orange; Drei\n| Homepage          = http://www.liechtensteinhaus.at\n| E-Mail            = LiechtensteinhausPolleres@aon.at\n| Telefon           = +43-2664-2343\n| Bild              = Gasthaus_Liechtensteinhaus_01.jpg\n| Rodelbahnen       = [[Hirschenkogel]]\n}}\nDas Bergrestaurant Liechtensteinhaus ist zugleich Startpunkt der Rodelbahn am Hirschenkogel. Es ist über die Rodelbahn in einer Stunde zu Fuß oder mit der Kabinenumlaufbahn erreichbar.  Leihrodeln gibt es bei der Talstation vom Lift!\n\n* \'\'\'Öffnungszeiten\'\'\': Das Restaurant hat während der Schibetriebszeiten an allen Wochentagen geöffnet.\n* \'\'\'Handy - Empfang bei der Hütte\'\'\':<br/>Zu beachten ist, dass der Empfang von der Wetterlage und vom verwendeten Mobiltelefon abhängt.<br/>Stand: 2008-01-03\n** A1: Ja\n** T-Mobile/Telering: Ja\n** Orange: Ja\n** Drei: Ja\n* \'\'\'Besitzer/Pächter\'\'\': \n* \'\'\'Postanschrift\'\'\': Hirschenkogel 222; 2680 Semmering; Österreich\n* \'\'\'Siehe auch\'\'\':\n* \'\'\'Rodelbahn\'\'\':\n** [[Hirschenkogel]]\n\n\n{{Buttonleiste|Korrektur=Seite|Korrektur_To=f_gattermayr@hotmail.com|Korrektur_To_Name=Franz Gattermayr}}\n\n\n[[Kategorie:Gasthaus]]','utf-8');
INSERT INTO `text` VALUES (14415,'{{Gasthausbox\n| Position          = 47.034436 N 9.835684 E\n| Höhe              = \n| Betreiber         = \n| Sitzplätze        = \n| Übernachtung      = \n| Rauchfrei         = Ja\n| Rodelverleih      = \n| Handyempfang      = A1\n| Homepage          = http://members.aon.at/lindauerhuette\n| E-Mail            = lindauerhuette@aon.at\n| Telefon           = +43-5559-582; +43-664-5033456\n| Bild              = Gasthaus_Lindauer_Hütte_2012-02-18.jpg‎ \n| Rodelbahnen       = [[Lindauer Hütte]]\n}}\nDie schön gelegene Hütte des deutschen Alpenvereins bietet auch Übernachtungsmöglichkeiten (Betten und Lager). In den Zeiten, in denen die Hütte geschlossen hat, ist der Winterraum (mit Strom, Wasser und Holz) geöffnet.\n\n* \'\'\'Öffnungszeiten\'\'\': Die Hütte hat von 26. Dezember bis Ende Februar durchgehend geöffnet und ab Ende Februar an den Wochenenden bis Anfang April (wobei \"Ende\" je nach Jahr etwas variiert).\n* \'\'\'Handy - Empfang bei der Hütte\'\'\':<br/>Zu beachten ist, dass der Empfang von der Wetterlage und vom verwendeten Mobiltelefon abhängt.<br/>Stand: 2006-02-25\n** A1: Ja\n** T-Mobile/Telering: Nein\n** Orange: Nein\n** Drei: Nein\n* \'\'\'Besitzer/Pächter\'\'\': \n* \'\'\'Postanschrift\'\'\': Brand 12; 6708 Brand; Österreich\n* \'\'\'Siehe auch\'\'\':\n** [http://www.alpenverein.at/huettenHome/DE/Home/index.php?huetteNr=0593 Hüttenseite des Alpenvereins]\n* \'\'\'Rodelbahn\'\'\':\n** [[Lindauer Hütte]]\n\n\n{{Buttonleiste|Korrektur=Seite|Korrektur_To=rodelbahn@gmx.net|Korrektur_To_Name=Georg}}\n\n\n[[Kategorie:Gasthaus]]','utf-8');
INSERT INTO `text` VALUES (14416,'{{Gasthausbox\n| Position          = 47.208367 N 11.488682 E\n| Höhe              = 1720\n| Betreiber         = Sven Deppe\n| Sitzplätze        = \n| Übernachtung      = 65 Schlafplätze\n| Rauchfrei         = Ja\n| Rodelverleih      = \n| Handyempfang      = \n| Homepage          = http://www.meissner-haus.at/\n| E-Mail            = info@meissner-haus.at\n| Telefon           = +43-512-377697\n| Bild              = Gasthaus_Meißner_Haus_02.jpg\n| Rodelbahnen       = [[Meißner Haus]]\n}}\n\n<!-- Telefon (Mobil)      = Nein -->\n\nDie familienfreundliche Hütte des DAV ist nicht nur bei Rodlern zum Einkehren beliebt, sondern ist auch der Zwischenstopp zahlreicher Schitouren. Der Aufstieg ist weitgehend steil und erst die letzten zwei Kilometer wird es flacher. Wenn man dann den vielen Pfotenspuren folgt findet man bald die Hütte. Lautstark aber freundlich wird man vom Hüttenhund (eimen Collie) von weitem begrüßt. Es gibt eine Übernachtungsmöglichkeit für ca. 65 Personen im Matrazenlager und auch fünf Zimmer sind vorhanden. Zwei Gaststuben bieten genügend Platz. Das Ambiente der Hütte ist gemütlich, altmodisch und rustikal, wobei besonders der Kachelofen aus Meissner Porzellan sehenswert ist.\n<!-- gibt es nicht mehr,  Küche mit Mikrowelle :-( !! Ausgezeichnete Küche - die besten Spinatknödel weit und breit. -->\n\n* \'\'\'Öffnungszeiten\'\'\': Das Meißner Haus ist ganzjährig ohne Ruhetag geöffnet. Lediglich im November/Anfang Dezember macht der Wirt ein paar Wochen Urlaub.\n* \'\'\'Handy - Empfang bei der Hütte\'\'\':Drinnen kein Netz, draußen ganz schwach.\n* \'\'\'Besitzer/Pächter\'\'\': Sven Deppe, Silke Rymkuß \n* \'\'\'Postanschrift\'\'\': Viggartal 141/1, 6083 Ellbögen; Österreich\n* \'\'\'Siehe auch\'\'\':\n** [http://www.meissner-haus.at/ Homepage]\n** [http://www.alpenverein.at/huettenHome/DE/Home/index.php?huetteNr=0602 Hüttenseite des Alpenvereins]\n* \'\'\'Rodelbahn\'\'\':\n** [[Meißner Haus]]\n\n{{Buttonleiste|Korrektur=Seite|Korrektur_To=info@meissner-haus.at|Korrektur_To_Name=Sven Deppe}}\n\n[[Kategorie:Gasthaus]]','utf-8');
INSERT INTO `text` VALUES (14462,'{{Gasthausbox\n| Position          = 47.143333 N 11.001333 E\n| Höhe              = 1777\n| Betreiber         = Fam. Ludwig Scheiber\n| Sitzplätze        = \n| Übernachtung      = Nein\n| Rauchfrei         = Ja\n| Rodelverleih      = Ja \n| Handyempfang      = A1\n| Homepage          = Nein\n| E-Mail            = Nein\n| Telefon           = +43-5255-5178; +43-5255-5590\n| Bild              = Gasthaus_Larstig_Alm_2009-02-15.jpg\n| Rodelbahnen       = [[Horlachtal]]\n}}\nDem Bach entlang...\nDer Weg von Niederthai ins Horlachtal ist ein breiter Almweg, der mit geringer Steigung, dem Bach entlang, durchs ruhige Tal zieht.\nNach 4 Kilometern und rund einer Stunde Gehzeit erreicht man die wunderschön gelegene Larstigalm (1777 m). Geöffnet ist diese dann täglich von Mitte Dezember bis Ende April. Auch für Kinder sehr gut geeignet. \nFür Winterwanderer empfiehlt sich der sehr sonnige Höhenweg \"Bergmahderweg\" retour nach Niederthai.\n\n* \'\'\'Öffnungszeiten\'\'\': Mitte Dezember - Ende April täglich geöffnet von 10.00 - 18.00 Uhr  \n* \'\'\'Handy - Empfang bei der Hütte\'\'\':<br/>Zu beachten ist, dass der Empfang von der Wetterlage und vom verwendeten Mobiltelefon abhängt.<br/>Stand: \n** A1: Ja\n** T-Mobile/Telering: \'\'Nein\'\'\n** Orange: \'\'Nein\'\'\n** Drei: \'\'Nein\'\'\n* \'\'\'Besitzer/Pächter\'\'\': Fam. Ludwig Scheiber\n* \'\'\'Postanschrift\'\'\': Niederthai 25; 6441 Niederthai; Österreich\n* \'\'\'Siehe auch\'\'\':\n* \'\'\'Rodelbahn\'\'\':\n** [[Horlachtal]]\n\n{{Buttonleiste|Korrektur=Seite}}\n\n[[Kategorie:Gasthaus]]','utf-8');
INSERT INTO `text` VALUES (14743,'== Allgemeines ==\n{{Rodelbahnbox\n| Position             = 47.111253 N 11.261659 E\n| Position oben        = 47.107308 N 11.258417 E\n| Höhe oben            = 1780\n| Position unten       = 47.116256 N 11.249898 E\n| Höhe unten           = 1360\n| Länge                = 3510\n| Schwierigkeit        = \n| Lawinen              = kaum\n| Betreiber            = Brandstatt Alm\n| Öffentliche Anreise  = Nein\n| Aufstieg möglich     = Ja\n| Gehzeit              = 75\n| Aufstieg getrennt    = Nein\n| Aufstiegshilfe       = Nein\n| Beleuchtungsanlage   = Nein\n| Beleuchtungstage     = \n| Rodelverleih         = Ja\n| Gütesiegel           =\n| Webauskunft          = https://www.stubai.at/aktivitaeten/winter-aktiv/rodeln/\n| Telefonauskunft      = +43-664-3715044 (Brandstatt Alm)\n| Bild                 = Rodelbahn_Brandstattalm_2014-01-06.JPG\n| In Übersichtskarte   = Ja\n| Forumid              = 34\n}}\nDie Rodelbahn liegt im Stubaier Oberbergtal welches hinter Neustift in Milders rechts abzweigt. Bei dieser Rodelbahn hat man zwei verschiedene Hütten zur Auswahl: Die [[Brandstatt Alm (Gasthaus)|Brandstatt Alm]] und die [[Auffangalm (Gasthaus)|Auffang Alm]]. Letztere liegt tiefer als die Brandstattalm, so dass sie sich für kürzere Rodelausflüge eignet. Auf Anfrage gibt es bei beiden Almen eine Transportmöglichkeit. Rodeln kann man sich ausleihen und dann unten einfach beim Parkplatz stehen lassen. Auf der Rodelbahn fahren ab und zu die Hüttenwirte der Brandstattalm und der Auffangalm um Verleihrodeln und Gäste zu holen.\n\n{{Tiroler Naturrodelbahn Gütesiegel|Erstverleihung=2013|Verlängerung=2017|Forum=34|Thread=1432|Anlagename=Naturrodelbahn Brandstattalm|Organisation=Brandstattalm}}\n\nLage: Bei Neustift im Stubaital.\n\n* {{Position oben}}\n* {{Position unten}}\n* {{Höhenunterschied}}\n* {{Bahnlänge}}\n* {{Gehzeit}}\n* \'\'\'Beleuchtung\'\'\': Nein\n* \'\'\'Rodelverleih\'\'\': 3€/4€ je nach Hütte\n* \'\'\'Schneelage - Auskunft\'\'\':\n** [https://www.stubai.at/aktivitaeten/winter-aktiv/rodeln/ Schneelageauskunft bei stubai.at]\n** +43-664-3715044 (Brandstatt Alm)\n* \'\'\'Hütten\'\'\':\n** [[Auffangalm (Gasthaus)]]\n** [[Brandstatt Alm (Gasthaus)]]\n** [[Bichlhof (Gasthaus)]]\n* \'\'\'Andere Rodelbahnen\'\'\':\n** [[Alt Bärnbad]]\n** [[Auffangalm - Bichlhof]]\n* \'\'\'Siehe auch\'\'\':\n** [http://www.brandstatt-alm.at/ Homepage Brandstatt-Alm]\n** [https://www.almenrausch.at/rodelbahnen/rodeln_tirol/brandstattalm/index.htm Rodelbahn Brandstatt Alm auf almenrausch.at]\n** [https://www.mountaineers.at/rodelbahn/auffangalm Rodelbahn Auffangalm auf mountaineers.at]\n** [https://www.stubai.at/aktivitaeten/winter-aktiv/rodeln/rodelbahn-brandstattalm/ Brandstatt Alm bei stubai.at]\n\n{{Buttonleiste|Bericht=Ja|ForumId=34|Impressionen=Brandstatt_Alm/Impressionen|Gütesiegel=1432|video=http://www.youtube.com/watch?feature=player_embedded&v=oCHK3fFMsB4|Wetter=Ja|Korrektur=Seite}}\n{{Clear}}\n\n\n== Landkarte ==\n<wrmap lat=\"47.109549\" lon=\"11.261429\" zoom=\"14\">\n\n<gasthaus name=\"Auffangalm\" wiki=\"Auffangalm (Gasthaus)\">47.108250 N 11.265603 E</gasthaus>\n<gasthaus name=\"Brandstatt-Alm\" wiki=\"Brandstatt Alm (Gasthaus)\">47.107336 N 11.258259 E</gasthaus>\n<gasthaus name=\"Bichlhof\">47.103702 N 11.276732 E</gasthaus>\n<haltestelle name=\"Neustift im Stubaital Milders Ort\">47.099241 N 11.283557 E</haltestelle>\n<parkplatz>47.103930 N 11.278803 E</parkplatz>\n<parkplatz>47.116310 N 11.250034 E</parkplatz>\n<parkplatz>47.116286 N 11.258430 E</parkplatz>\n<parkplatz>47.116202 N 11.246149 E</parkplatz>\n\n<alternative>\n47.108246 N 11.260175 E\n47.107842 N 11.260741 E\n47.107819 N 11.261318 E\n47.107059 N 11.261539 E\n47.106855 N 11.262072 E\n47.107337 N 11.263965 E\n47.107546 N 11.262908 E\n47.108314 N 11.265903 E\n47.108275 N 11.265212 E\n47.108508 N 11.264863 E\n47.108200 N 11.264162 E\n47.109223 N 11.263404 E\n47.109839 N 11.263447 E\n47.110308 N 11.262749 E\n</alternative>\n\n<alternative>\n47.114160 N 11.256922 E\n47.113719 N 11.259173 E\n47.113887 N 11.259828 E\n47.113310 N 11.262530 E\n47.112873 N 11.263185 E\n47.112389 N 11.265828 E\n47.111799 N 11.266512 E\n47.111679 N 11.267095 E\n47.110781 N 11.267889 E\n47.110630 N 11.269130 E\n47.108516 N 11.271259 E\n47.109888 N 11.271105 E\n47.111259 N 11.270229 E\n47.109985 N 11.272040 E\n47.108226 N 11.273462 E\n47.107074 N 11.273807 E\n47.106343 N 11.274545 E\n47.105635 N 11.274604 E\n47.103313 N 11.276018 E\n47.102800 N 11.276710 E\n47.103545 N 11.276519 E\n</alternative>\n\n<rodelbahn>\n47.107435 N 11.258218 E\n47.107712 N 11.258200 E\n47.107324 N 11.258761 E\n47.109191 N 11.256976 E\n47.108496 N 11.259494 E\n47.107869 N 11.260205 E\n47.108349 N 11.260170 E\n47.110087 N 11.258240 E\n47.110616 N 11.256415 E\n47.111356 N 11.254944 E\n47.111016 N 11.256888 E\n47.110841 N 11.261168 E\n47.110308 N 11.262749 E\n47.111249 N 11.261572 E\n47.111900 N 11.260059 E\n47.112116 N 11.258301 E\n47.114596 N 11.254523 E\n47.114893 N 11.253557 E\n47.114854 N 11.254861 E\n47.114160 N 11.256922 E\n47.116059 N 11.253121 E\n47.116316 N 11.250140 E\n</rodelbahn>\n\n</wrmap>\n{{Landkarte Legende}}<br/>{{GoogleMaps Hinweis}}\n\n\n== Anreise mit öffentlichen Verkehrsmitteln ==\nRealistischerweise wird kaum jemand den 3.7 km langen Weg von der nächstgelegenen Bushaltestelle \"Neustift im Stubaital, Milders Ort\" auf sich nehmen um hier rodeln zu gehen, auch wenn dieser ca. alle 30 Minuten fährt. Immerhin könnte man am Weg zurück die Rodelbahn [[Alt Bärnbad]] \"mitnehmen\" die direkt auf der Strecke liegt. Eine bessere Alternative ist die Rodelbahn [[Auffangalm - Bichlhof]], auf der man ebenfalls zur Auffangalm oder Brandstatt Alm gehen kann.\n\n* {{Haltestelle|Neustift im Stubaital|Milders Ort|47.0990793 N 11.2834699 E|1025}}\n** {{Fahrplan Abfahrtsmonitor VVT|Neustift im Stubaital|Milders Ort}}\n** {{Fahrplan Hinfahrt VVT|Neustift im Stubaital|Milders Ort}}\n** {{Fahrplan Rückfahrt VVT|Neustift im Stubaital|Milders Ort}}\n* \'\'\'Fahrplan\'\'\':\n** {{Fahrplan Linie VVT|590|Innsbruck - Schönberg i. St. - Mieders - Fulpmes - Neustift i. St.}}\n\n\n== Anreise mit dem Auto ==\nDer Parkplatz direkt am Rodelbahnende reicht für ca. 15 Autos, etwas weiter taleinwärts steht ein zweiter Parkplatz für ca. 20 Autos zur Verfügung und talauswärts ein dritter für ca. 15 Autos (siehe Landkarte). Die Entfernungsangabe bezieht sich auf eine Fahrt über die (mautpflichtige) Autobahn.\n* \'\'\'Parkplatz\'\'\': {{Parkplatz|47.116256 N 11.249898 E|1360}}\n* \'\'\'Entfernung\'\'\':\n** von \'\'\'Innsbruck\'\'\' (Hauptbahnhof): 28.5 km\n\n\n{{Rodelbahnzustand|Forumlink=34}}\n\n[[Kategorie:Rodelbahn]]','utf-8');
INSERT INTO `text` VALUES (14797,'{{In Arbeit|Rodelbahn}}\n\n== Allgemeines ==\n{{Rodelbahnbox\n| Position             = 46.72396929 N 12.26995826 E\n| Position oben        = 46.71796379 N 12.27819264 E\n| Höhe oben            = 1494\n| Position unten       = 46.73022048 N 12.2783643 E\n| Höhe unten           = 1182\n| Länge                = 2500\n| Schwierigkeit        = mittel\n| Lawinen              = kaum\n| Betreiber            = Sextner Dolomiten AG \n| Öffentliche Anreise  = \n| Aufstieg möglich     = Nein\n| Aufstieg getrennt    = Nein (Aufstieg nicht erlaubt)\n| Gehzeit              = \n| Aufstiegshilfe       = Sessellift\n| Beleuchtungsanlage   = \n| Beleuchtungstage     = \n| Rodelverleih         = Talstation Haunold Sessellift\n| Gütesiegel           = Nein\n| Webauskunft          = http://www.s-dolomiten.com/de/bergbahnen-skigebiet/skiregion/rodelbahnen.html\n| Telefonauskunft      = +39-0474-710355 (Sextner Dolomiten AG)\n| Bild                 = \n| In Übersichtskarte   = Ja\n| Forumid              = \n}}\nDie Bahn ...\n\n* {{Position oben}}\n* {{Position unten}}\n* {{Höhenunterschied}}\n* {{Bahnlänge}}\n* {{Gehzeit}} (Aufstieg nicht gestattet)\n* \'\'\'Beleuchtung\'\'\': Nein\n* \'\'\'Rodelverleih\'\'\': An der Talstation vom Haunold Sessellift können Rodeln ausgeliehen werden. Im Winter 2014/2015 ist die Gebühr für eine Stunde 4 Euro, und für 4 Stunden 6 Euro. Es sind ausreichend Rodeln verfügbar.\n* \'\'\'Schneelage - Auskunft\'\'\':\n** +39-0474-710355 (Sextner Dolomiten AG)\n* \'\'\'Betreiber\'\'\': Sextner Dolomiten AG \n* \'\'\'Hütten\'\'\':\n** Riese Haunold Hütte (bei Bergstation Sesselbahn)\n* \'\'\'Andere Rodelbahnen\'\'\':\n** [[Rotwand]]\n** [[Signaue]]\n* \'\'\'Siehe auch\'\'\':\n** [http://www.s-dolomiten.com/de/bergbahnen-skigebiet/skiregion/rodelbahnen.html Übersicht Rodelbahnen im Bereich Sextner Dolomiten] (bei www.s-dolomiten.com)\n\n{{Buttonleiste|Bericht = Ja|ForumId = |Impressionen = |video = |Wetter = Ja|Korrektur = Seite}}\n{{Clear}}\n\n\n== Landkarte ==\n<wrmap lat=\"46.724220\" lon=\"12.274397\" zoom=\"14\">\n\n<haltestelle name=\"Innichen Haunold\">46.730536 N 12.278065 E</haltestelle>\n<parkplatz>46.730148 N 12.276574 E</parkplatz>\n\n<gehweg>\n46.728971 N 12.277265 E\n46.729045 N 12.278313 E\n</gehweg>\n\n<rodelbahn>\n46.717903 N 12.278415 E\n46.718061 N 12.277918 E\n46.719320 N 12.276794 E\n46.720059 N 12.275502 E\n46.720759 N 12.273504 E\n46.721189 N 12.273044 E\n46.721096 N 12.272733 E\n46.721408 N 12.272474 E\n46.722092 N 12.272831 E\n46.722865 N 12.272758 E\n46.723886 N 12.273788 E\n46.724293 N 12.272728 E\n46.724165 N 12.270162 E\n46.724479 N 12.270073 E\n46.725355 N 12.271336 E\n46.726532 N 12.274976 E\n46.727350 N 12.275907 E\n46.727919 N 12.276057 E\n46.728140 N 12.276944 E\n46.728633 N 12.274674 E\n46.728822 N 12.274653 E\n46.728971 N 12.277265 E\n</rodelbahn>\n\n<rodelbahn>\n46.729045 N 12.278313 E\n46.730141 N 12.278286 E\n</rodelbahn>\n\n<lift>\n46.730089 N 12.278018 E\n46.718142 N 12.278739 E\n</lift>\n\n</wrmap>\n{{Landkarte Legende}}<br/>{{GoogleMaps Hinweis}}\n\n\n== Anreise mit öffentlichen Verkehrsmitteln ==\nHier wird beschrieben werden, wie und wie gut man die Rodelbahn mit öffentlichen Verkehrsmitteln erreicht. Zuerst allgemein: Wie gut die Anbindung ist, sprich wie lange man zusätzlich von der Haltestelle zur Rodelbahn gehen muss, in welchen Intervallen die Busse an Wochentagen, Feiertagen und abends fahren. Hat man vielleicht einen Vorteil, weil man etwas \"höher\" in der Bahn einsteigen kann? Manchmal sind Busse zu Rodelbahnen gratis - sollte das so sein, möchten wir auch das vermerken. Und natürlich: Wie die \'\'\'Linie\'\'\' und wie die \'\'\'Haltestelle\'\'\' heißen.\n\n* {{Haltestelle|Innichen|Haunold|46.730536 N 12.278065 E| }}\n** ...\n* \'\'\'Fahrplan\'\'\':\n** ...\n\n\n== Anreise mit dem Auto ==\nHier wollen wir Besonderheiten beschreiben, die es zu beachten gibt, wenn man mit dem Auto zur Rodelbahn anreist. Wie groß zum Beispiel der Parkplatz ist, wie viel er kostet und an welchen Wochentagen mit  mit Überfüllung zu rechnen ist. Ob es Alternativen zum Parkplatz gibt und ob eine Abzweigung besonders schwer zu finden ist. Ist eine Anreisevariante etwa nicht zu empfehlen? Gibt es oft Schneekettenpflicht oder sind Schneeketten empfehlenswert bei Schneelage?\n\n* \'\'\'Parkplatz\'\'\': {{Parkplatz|46.73002928 N 12.27746308 E|1183}}\n* \'\'\'Entfernung\'\'\':\n** von \'\'\'Bruneck\'\'\': 31 km\n** von \'\'\'Sillian\'\'\': 12 km\n** von \'\'\'Lienz\'\'\': 42 km\n\n\n{{Rodelbahnzustand}}\n\n[[Kategorie:Rodelbahn]]\n[[Kategorie:In Arbeit]]','utf-8');
INSERT INTO `text` VALUES (14813,'== Allgemeines ==\n{{Rodelbahnbox\n| Position             = 46.943136 N 11.465000 E\n| Position oben        = 46.942239 N 11.468819 E\n| Höhe oben            = 1866\n| Position unten       = 46.953256 N 11.459509 E\n| Höhe unten           = 1305\n| Länge                = 4560\n| Schwierigkeit        = schwer\n| Lawinen              = kaum\n| Betreiber            = Nein\n| Öffentliche Anreise  = Schlecht\n| Aufstieg möglich     = Ja\n| Gehzeit              = 120\n| Aufstieg getrennt    = Nein\n| Aufstiegshilfe       = Nein\n| Beleuchtungsanlage   = Nein\n| Beleuchtungstage     = \n| Rodelverleih         = Nein\n| Gütesiegel           = Nein\n| Webauskunft          = Nein\n| Telefonauskunft      = +39-335-5666181 (Hühnerspielhütte)\n| Bild                 = Rodelbahn_Hühnerspiel_2011-02-06.jpg\n| In Übersichtskarte   = Ja\n| Forumid              = 171\n}}\nDie inoffizielle Rodelbahn (Rodelweg) liegt im ehemaligen Schigebiet \'\'Hühnerspiel\'\', das 1990 aus wirtschaftlichen Gründen seinen Betrieb einstellte. Spuren davon sind überall zu finden: So quert die Rodelbahn mehrmals die ehemalige Schipiste und im Bereich der privaten Schutzhütte [[Hühnerspielhütte (Gasthaus)|Hühnerspielhütte]] am oberen Ende der Rodelbahn stehen drei verlassene Liftstationen. Die Hütte ist nicht nur Einkehr für Rodler, sondern auch für Schitourengeher, die von dort aus weiter aufsteigen (z.B. zur Amthorspitze), um die Hänge der aufgelassenen Schiregion zu befahren. Und auch Winterwanderer schätzen den Weg zur Hüherspielhütte, der gleichzeitig die Rodelbahn ist. Gegenseite Rücksichtnahme ist geboten, allerdings ist diese Rodelbahn keinesfalls so überlaufen wie manch andere Bahnen.\nDie Rodelbahn ist sehr abwechslungsreich: Im unteren Teil eher flach mit weiten Strecken zwischen den Kurven während im oberen Teil die Steigung deutlich zunimmt, die Serpentinen häufiger werden und die Kurvenradien schmäler. Besonders dieser Teil ist nicht ideal für Rodelanfänger zumal ein Abkommen von der Bahn durch das oftmals steile Gelände absolut zu vermeiden ist (auch im unteren Teil). Auf jeden Fall zu empfehlen sind hier gutes Schuhwerk und \'\'rechtzeitiges\'\' Bremsen.\n\nLage: Am Brenner auf Südtiroler Seite, östliche Talseite.\n\n* {{Position oben}}\n* {{Position unten}}\n* {{Höhenunterschied}}\n* {{Bahnlänge}}\n* {{Gehzeit}} (90 bis 130 min)\n* \'\'\'Beleuchtung\'\'\': Nein\n* \'\'\'Rodelverleih\'\'\': Nein\n* \'\'\'Schneelage - Auskunft\'\'\':\n** +39-335-5666181 (Hühnerspielhütte)\n* \'\'\'Betreiber\'\'\': Dies ist keine offizielle Rodelbahn. Der Weg wird in Stand gehalten damit die Betreiber der Hühnerspielhütte mit dem Motorschlitten die Waren transportieren können und die Hütte erreichen.\n* \'\'\'Hütten\'\'\':\n** [[Hühnerspielhütte (Gasthaus)|Hühnerspielhütte]] (private Schutzhütte)\n* \'\'\'Siehe auch\'\'\':\n** [http://www.almenrausch.at/rodelbahnen/suedtirol/huehnerspielhuette/index.htm Rodelbahn Hühnerspielhütte bei www.almenrausch.at]\n** [http://www.alpinforum.com/forum/viewtopic.php?f=48&t=30172 Die alte Liftanlage]\n\n{{Buttonleiste|Bericht=Ja|ForumId=171|video=https://youtu.be/AdP5Am9GvAE|Wetter=Ja|Korrektur=Seite}}\n{{Clear}}\n\n== Landkarte ==\n<wrmap lat=\"46.9466901\" lon=\"11.46155377\" zoom=\"14\">\n\n<parkplatz name=\"Dax\">46.953522 N 11.459858 E</parkplatz>\n<gasthaus name=\"Hühnerspielhütte\" wiki=\"Hühnerspielhütte (Gasthaus)\">46.942578 N 11.468587 E</gasthaus>\n\n<rodelbahn>\n46.942239 N 11.468819 E\n46.941960 N 11.468199 E\n46.943317 N 11.467174 E\n46.942706 N 11.466624 E\n46.943585 N 11.466209 E\n46.942533 N 11.465599 E\n46.943136 N 11.465000 E\n46.942194 N 11.464308 E\n46.941622 N 11.463480 E\n46.941020 N 11.463263 E\n46.941548 N 11.462536 E\n46.942191 N 11.462176 E\n46.940908 N 11.461569 E\n46.941529 N 11.460738 E\n46.940745 N 11.460609 E\n46.941097 N 11.460045 E\n46.942148 N 11.459541 E\n46.940195 N 11.458021 E\n46.939871 N 11.458132 E\n46.940326 N 11.457375 E\n46.941967 N 11.457253 E\n46.942617 N 11.456826 E\n46.944708 N 11.457299 E\n46.943019 N 11.455689 E\n46.941329 N 11.455311 E\n46.940442 N 11.454691 E\n46.941608 N 11.454716 E\n46.942389 N 11.454289 E\n46.948711 N 11.456178 E\n46.949707 N 11.456188 E\n46.952716 N 11.458730 E\n46.953424 N 11.459733 E\n</rodelbahn>\n\n</wrmap>\n{{Landkarte Legende}}<br/>{{GoogleMaps Hinweis}}\n\n\n== Anreise mit öffentlichen Verkehrsmitteln ==\nDie Anbindung mit öffentlichen Verkehrsmitteln ist schlecht. Bei http://www.sii.bz.it/ kann man sich ein Fahrplanheft herunterladen mit einer Streckenübersicht und Detailfahrplänen. Die nächstgelegene Haltestelle heißt \"Pontigl\" und die bedienende Buslinie \'\'\'313\'\'\' (Sterzing - Pflersch/Brenner). Am Sonntag fährt allerdings kein Bus und auch an Werktagen nur vier mal am Tag.\n\n* {{Haltestelle| |Pontigl| | }}\n* \'\'\'Fahrplan\'\'\': \n** [http://timetables.sad.it/getTimetablePDF.php?id=5039 Fahrplan der \'\'\'Linie 313 PFLERSCH/BRENNER-STERZING\'\'\' als PDF]\n** [http://www.sii.bz.it/de/siipdftimetables Südtirol Mobil - Fahrpläne der Buslinien]\n\n\n== Anreise mit dem Auto ==\nVom Wipptal über die \'\'\'A13\'\'\' kommend fährt man am besten noch durch den Brenner-Grenztunnel; gleich dahinter gibt es eine recht unscheinbare (und leider schlecht beschilderte) Autobahnausfahrt unmittelbar nach dem LKW-Parkplatz. Man erspart sich auf diese Weise die nervige Brenner-Ortsdurchfahrt. Weiter geht es auf der \'\'Brenner Staatsstraße\'\' \'\'\'SS 12\'\'\'; diese macht, 6,5 km südlich vom Brenner, eine Doppelkurve. In der höheren (vom Brenner kommend ersten) Kurve gibt es eine Autobahnabfahrt (die allerdings nur von Sterzing kommend benutzt werden kann). Genau neben der Stelle, wo diese in die Brenner Staatsstraße mündet, beginnt ein einspuriger schmaler Weg, der nach 650 m in einen kleinen Parkplatz mündet (Platz für ca. 18 Fahrzeuge). Direkt dort ist das untere Ende der Rodelbahn.\n\n* \'\'\'Parkplatz\'\'\': {{Parkplatz|46.953522 N 11.459858 E|1307}}\n* \'\'\'Entfernung\'\'\':\n** von \'\'\'Sterzing\'\'\' (Bahnhof): 9,1 km\n** von \'\'\'Brenner\'\'\' (Bahnhof): 9,7 km\n** von \'\'\'Innsbruck\'\'\' (Hauptbahnhof): 45,9 km\n\n\n{{Rodelbahnzustand|Forumlink=171}}\n\n[[Kategorie:Rodelbahn]]','utf-8');
INSERT INTO `text` VALUES (14876,'== Allgemeines ==\n{{Rodelbahnbox\n| Position             = 47.197153 N 11.292548 E\n| Position oben        = 47.196139 N 11.292143 E\n| Höhe oben            = 1808\n| Position unten       = 47.196621 N 11.301152 E\n| Höhe unten           = 1555\n| Länge                = 2000\n| Schwierigkeit        = leicht\n| Lawinen              = kaum\n| Betreiber            = Pleisenhütte\n| Öffentliche Anreise  = Ja\n| Aufstieg möglich     = Ja\n| Gehzeit              = 50\n| Aufstieg getrennt    = Nein\n| Aufstiegshilfe       = Nein\n| Beleuchtungsanlage   = Nein\n| Beleuchtungstage     = \n| Rodelverleih         = Sport 2000; Intersport\n| Gütesiegel           = Nein\n| Webauskunft          = \n| Telefonauskunft      = +43-664-1971861 (Pleisenhütte)\n| Bild                 = Rodelbahn_Pleisenhuette_20100315.JPG\n| In Übersichtskarte   = Ja\n| Forumid              = 132\n}}\nSeit Winter 2008/2009 gibt es diese neue Rodelbahn im Schigebiet Axamer Lizum.\nAm Nordende des großen Parkplatzes führt der Weg zuerst eben zur \'\'\'Schafalm\'\'\'; dort befindet sich ein kleiner Parkplatz (Platz für ca. 10 Autos), ein weiterer kostenloser Parkplatz liegt knapp vor der Axamer Lizum vor dem Weiderost auf der rechten Seite. Achtung! Der große Parkplatz ist für Rodler und Schitourengeher während der Wintersaison \'\'\'kostenpflichtig\'\'\'!<br>\nBei der Schafalm beginnt die Rodelbahn: Diese führt zuerst ein kurzes Stück steil hinauf zur Schipiste, dann aber in angenehmer Steigung und zwei weiten Schleifen durch den Wald hinauf zur [[Pleisenhütte Axamer Lizum (Gasthaus)|Pleisenhütte]]. Die Hütte liegt an der Talstation des Pleisenliftes und wird daher vor allem von Schifahrern besucht; während der Liftbetriebszeiten herrscht hier also ein entsprechender Andrang. Bei Sonnenschein findet man aber auch auf der Terrasse vor der Hütte ein Plätzchen.<br>\nBei guten Verhältnissen kann man die Abfahrt über die Bahn [[Axamer Lizum]] bis nach Axams verlängern (Abzweigung bei der Schafalm); konditionsstärkere Rodler können natürlich auch von Axams aufsteigen und kommen so auf eine Gesamtstrecke von knapp \'\'\'6 km\'\'\'.\n\nLage: Schigebiet Axamer Lizum/Nähe Innsbruck\n\n* {{Position oben}}\n* {{Position unten}}\n* {{Höhenunterschied}}\n* {{Bahnlänge}}\n* \'\'\'Durchschnittliches Gefälle\'\'\': 12.7 %\n* {{Gehzeit}}\n* \'\'\'Beleuchtung\'\'\': Nein.\n* \'\'\'Rodelverleih\'\'\': Rodeln können in der Axamer Lizum ausgeliehen werden.\n** Sport 2000\n** Intersport\n* \'\'\'Schneelage - Auskunft\'\'\':\n** 0664/1971861 (Pleisenhütte; bitte nicht über Mittag anrufen)\n* \'\'\'Betreiber\'\'\': Pleisenhütte\n* \'\'\'Hütten\'\'\':\n** [[Pleisenhütte Axamer Lizum (Gasthaus)]]\n* \'\'\'Andere Rodelbahnen\'\'\':\n** [[Axamer Lizum]]\n** [[Birgitzer Alm (vom Adelshof)]]\n* \'\'\'Siehe auch\'\'\':\n** [http://www.freisinger-baerenhuette.at Homepage der Pleisenhütte]\n** [http://www.onthesnow.de/tyrol/axams-axamer-lizum/schneebericht.html OnTheSnow.com - Aktuelle Schnee- und Wetterberichte Axamer Lizum]\n\n{{Buttonleiste|Bericht=Ja|ForumId=132|feratel=oesterreich/tirol/axams|Wetter=Ja|Korrektur=Seite}}\n{{Clear}}\n\n== Landkarte ==\n<wrmap lat=\"47.199132\" lon=\"11.299438\" zoom=\"15\">\n\n<parkplatz name=\"Schafalm (ca. 10 Autos)\">47.198015 N 11.299295 E</parkplatz>\n<parkplatz name=\"Parkplatz für Tourengeher beim Weiderost\">47.198684 N 11.302917 E</parkplatz>\n<haltestelle name=\"Axamer Lizum (Axams)\">47.195787 N 11.303009 E</haltestelle>\n<gasthaus name=\"Pleisenhütte\" wiki=\"Pleisenhütte Axamer Lizum (Gasthaus)\">47.196139 N 11.292143 E</gasthaus>\n<punkt name=\"Schafalm (geschlossen)\">47.198558 N 11.298798 E</punkt>\n\n<gasthaus name=\"Bärenhütte\">47.196030 N 11.292035 E</gasthaus>\n<haltestelle name=\"Axams Axamer Lizum\">47.195782 N 11.302990 E</haltestelle>\n<parkplatz>47.195264 N 11.303162 E</parkplatz>\n<parkplatz>47.196534 N 11.302276 E</parkplatz>\n\n<gehweg>\n47.196587 N 11.301244 E\n47.197283 N 11.300266 E\n47.197208 N 11.299452 E\n47.197744 N 11.299500 E\n47.198884 N 11.298676 E\n</gehweg>\n\n<alternative>\n47.198884 N 11.298676 E\n47.198272 N 11.299141 E\n47.198310 N 11.299371 E\n47.199481 N 11.299192 E\n47.198579 N 11.300548 E\n47.199218 N 11.300437 E\n47.199304 N 11.301365 E\n47.199545 N 11.301302 E\n</alternative>\n\n<alternative>\n47.197692 N 11.302051 E\n47.197784 N 11.302537 E\n47.199172 N 11.301842 E\n47.199666 N 11.300857 E\n47.200695 N 11.300419 E\n47.205511 N 11.296899 E\n47.207313 N 11.296352 E\n47.209835 N 11.294332 E\n47.211061 N 11.292972 E\n47.212472 N 11.292111 E\n47.212620 N 11.291688 E\n47.213565 N 11.290893 E\n47.214853 N 11.287582 E\n47.215529 N 11.284228 E\n47.216976 N 11.281398 E\n47.219288 N 11.280600 E\n47.220502 N 11.278393 E\n47.221713 N 11.277472 E\n47.221369 N 11.277935 E\n47.221836 N 11.277764 E\n</alternative>\n\n<rodelbahn>\n47.196457 N 11.291758 E\n47.197763 N 11.291470 E\n47.196431 N 11.293581 E\n47.196870 N 11.293736 E\n47.199059 N 11.292355 E\n47.199883 N 11.290985 E\n47.199268 N 11.294842 E\n47.197135 N 11.298337 E\n47.197469 N 11.298653 E\n47.198911 N 11.298272 E\n47.198884 N 11.298676 E\n</rodelbahn>\n\n</wrmap>\n{{Landkarte Legende}}<br/>{{GoogleMaps Hinweis}}\n\n\n== Anreise mit öffentlichen Verkehrsmitteln ==\nVon Montag bis Sonntag verkehrt ein [[:Datei:Rodelbus_Axamer_Lizum.pdf|Gratis-Rodelbus]] (sofern die Rodelbahn offiziell geöffnet ist, Auskunft darüber beim Tourismusbüro Axams Tel. 05234 68178) von Götzens Dorfplatz (19.38 Uhr), Birgitz GH Traube (19.40 Uhr), Axams Dorfplatz (19.45 Uhr) in die Axamer Lizum (Der Gratis-Rodelbus hält in Axams an jeder Postautohaltestelle entlang der Innsbrucker Straße und Georg-Bucher-Straße). Rückfahrt Haltestelle Hoadlstraße (Kreuzung Olympiastraße/Kögelestraße) ab 22.05 Uhr zu den Dörfern.\n\nUnabhängig vom \"Rodelbus\" fährt jeweils zur vollen Stunde ein Bus vom Busbahnhof Innsbruck aus in die Axamer Lizum und vom Mittelgebirge sogar alle 30 Minuten (Linie L1 und Linie L2, siehe unten). Wer lange Fußwege scheut, aber dennoch rasant ins Tal sausen will, kann sich über die Hoadlstraße bequem per Auto an den Start chauffieren lassen.\n\n* {{Haltestelle|Axamer Lizum (Axams)|Axamer Lizum|47.195787 N 11.303009 E| }}\n** {{Fahrplan Abfahrtsmonitor VVT|Axamer Lizum (Axams)|Axamer Lizum}}\n** {{Fahrplan Hinfahrt VVT|Axamer Lizum (Axams)|Axamer Lizum}}\n** {{Fahrplan Rückfahrt VVT|Axamer Lizum (Axams)|Axamer Lizum}}\n* \'\'\'Fahrplan\'\'\':\n** {{Fahrplan Linie VVT|L1|Innsbruck - Völs - Kematen - Axamer Lizum}} (Linie L1)\n** {{Fahrplan Linie VVT|L2|Götzner Bahn - Götzens - Birgitz - Axams - Axamer Lizum}} (Linie L2)\n** [[:Datei:Rodelbus_Axamer_Lizum.pdf|Fahrplan Rodelbus Axamer Lizum]]\n\n\n== Anreise mit dem Auto ==\nDas Fahrzeug kann am großen Parkplatz des Schigebietes Axamer Lizum abgestellt werden, der an manchen Wochenenden trotz der Größe durchaus voll werden kann. Dieser Parkplatz ist für Rodler und Schitourengeher kostenpflichtig!\n\n* \'\'\'Parkplatz\'\'\': {{Parkplatz|47.198684 N 11.302917 E|1530}}\n* \'\'\'Entfernung\'\'\':\n** von \'\'\'Innsbruck\'\'\' (Hauptbahnhof): 20.4 km\n\n\n{{Rodelbahnzustand|Forumlink=132}}\n\n[[Kategorie:Rodelbahn]]','utf-8');
INSERT INTO `text` VALUES (14877,'== Allgemeines ==\n{{Rodelbahnbox\n| Position             = 46.9225331 N 11.4718152 E\n| Position oben        = 46.9273984 N 11.4779414 E\n| Höhe oben            = 1831\n| Position unten       = 46.9167146 N 11.4635969 E\n| Höhe unten           = 1540\n| Länge                = 3700\n| Schwierigkeit        = \n| Lawinen              = kaum\n| Betreiber            = Prantner Alm\n| Öffentliche Anreise  = Schlecht\n| Aufstieg möglich     = Ja\n| Gehzeit              = 60\n| Aufstieg getrennt    = Nein\n| Aufstiegshilfe       = Nein\n| Beleuchtungsanlage   = Nein\n| Beleuchtungstage     = \n| Rodelverleih         = [[Prantner Alm (Gasthaus)]]\n| Gütesiegel           = Nein\n| Webauskunft          =\n| Telefonauskunft      = +39-3334-656009 (Prantner Alm)\n| Bild                 = Rodelbahn_Prantner_Alm_2014-01-08.JPG\n| In Übersichtskarte   = Ja\n| Forumid              = 186\n}}\nDie [[Prantner Alm (Gasthaus)|\'\'\'Prantner Alm\'\'\']] liegt hochromantisch zwischen dem südtiroler Wipptal und dem Pfitschertal mit einem wunderbaren Aussichtspanorama in die südlichen Stubaier Alpen, das Pflerschtal und die nördlichen Sarntaler Alpen. Sie ist eines der beliebten ganzjährigen Ausflugsziele ganz nahe der Stadt Sterzing und somit recht einfach und schnell zu erreichen. Die Rodelbahn wird mit einem Skidoo und einer Pistenraupe perfekt in Schuss gehalten.\n\n\'\'\'Lage:\'\'\' Im Pfitschertal in der Nähe von Sterzing\n\n* {{Position oben}}\n* {{Position unten}}\n* {{Höhenunterschied}}\n* {{Bahnlänge}}\n* {{Gehzeit}}\n* \'\'\'Beleuchtung\'\'\': Nein\n* \'\'\'Rodelverleih\'\'\': \nDie [[Prantner Alm]] hat einige Leihrodeln (die meisten der Marke Bachmann), die gegen eine günstige Gebühr von € 2,-- in Anspruch genommen und dann am Rodelbahnende abgestellt werden können. Mit dem Skidoo werden diese dann wieder bergauf gebracht.\n* \'\'\'Schneelage - Auskunft\'\'\':\n** +39/3334656009 (Prantner Alm)\n* \'\'\'Betreiber\'\'\': Prantner Alm\n* \'\'\'Hütten\'\'\':\n** [[Prantner Alm (Gasthaus)]]\n* \'\'\'Siehe auch:\'\'\'\n** [http://www.prantneralm.com/ Homepage der Prantner Alm]\n** [http://www.almenrausch.at/touren/rodelbahnen-winterwanderwege/suedtirol/ferienregion-eisacktal/tour/prantner-alm1223.html Prantner Alm auf \'\'\'almenrausch.at\'\'\']\n\n\n{{Buttonleiste|Bericht=Ja|ForumId=1861|video=http://www.youtube.com/watch?v=P4D36JmuGSY|Wetter=Ja|Korrektur=Seite}}\n{{Clear}}\n\n\n== Landkarte ==\n<wrmap lat=\"46.92108495\" lon=\"11.47134045\" zoom=\"14\">\n\n<gasthaus name=\"Prantner Alm\" wiki=\"Prantner Alm (Gasthaus)\">46.927459 N 11.477678 E</gasthaus>\n<parkplatz>46.916595 N 11.462524 E</parkplatz>\n\n<rodelbahn>\n46.927398 N 11.477941 E\n46.927003 N 11.479529 E\n46.925559 N 11.481300 E\n46.924937 N 11.480677 E\n46.924504 N 11.477770 E\n46.924013 N 11.476042 E\n46.923280 N 11.474851 E\n46.923193 N 11.473124 E\n46.922262 N 11.471054 E\n46.920738 N 11.469101 E\n46.920056 N 11.468672 E\n46.919521 N 11.470174 E\n46.919148 N 11.469959 E\n46.918210 N 11.467996 E\n46.916744 N 11.467052 E\n46.915806 N 11.465914 E\n46.915205 N 11.465657 E\n46.914941 N 11.465871 E\n46.914970 N 11.465550 E\n46.915733 N 11.465249 E\n46.917037 N 11.465818 E\n46.915564 N 11.463618 E\n46.915132 N 11.463404 E\n46.914567 N 11.464026 E\n46.915132 N 11.462985 E\n46.915938 N 11.462674 E\n46.916715 N 11.463597 E\n</rodelbahn>\n\n</wrmap>\n{{Landkarte Legende}}<br/>{{GoogleMaps Hinweis}}\n\n\n== Anreise mit öffentlichen Verkehrsmitteln ==\nNicht gerade einfach, aber möglich:\nMit der Eisenbahn geht es bis zum Bahnhof Sterzing. Von dort fährt dann der Citybus Sterzing \'\'\'täglich\'\'\' (auch Sonn- und Feiertags) zwei Mal am Vormittag und zwei Mal am Nachmittag hinauf nach \'\'\'Schmuders zur Jausenstation Braunhof\'\'\'. Ab da geht man noch eine halbe Stunde zum unteren Rodelbahnende.\n\n\n== Anreise mit dem Auto ==\nÜber die Autobahn \'\'\'A22\'\'\' bis Sterzing, dann am Kreisverkehr vor Sterzing die Ausfahrt in Richtung Pfitschertal nehmen. Im Ort Wiesen bei der Kreuzung nach Schmuders links weg und immer bergauf einige Kilometer über die Jausenstation Braunhof bis zum recht großen, gebührenfreien Parkplatz am Ende der Straße; dort beginnt direkt die Rodelbahn zur [[Prantner Alm (Gasthaus)|\'\'\'Prantner Alm\'\'\']].\nDer Parkplatz bietet für ca. 60 Autos Platz und ist kostenlos.\n\n* \'\'\'Parkplatz\'\'\': {{Parkplatz|46.916595 N 11.462524 E| }}\n* \'\'\'Entfernung\'\'\':\n** von \'\'\'Sterzing\'\'\': 7.1 km\n** von \'\'\'Innsbruck\'\'\' (Hauptbahnhof): 64 km (über \'\'\'A13\'\'\')\n** von \'\'\'Bozen\'\'\': 75.9 km\n\n\n{{Rodelbahnzustand|Forumlink=186}}\n\n[[Kategorie:Rodelbahn]]','utf-8');
INSERT INTO `text` VALUES (14906,'== Allgemeines ==\n{{Rodelbahnbox\n| Position             = 47.076187 N 9.739380 E\n| Position oben        = 47.072226 N 9.749328 E\n| Höhe oben            = 1483\n| Position unten       = 47.09391 N 9.7357 E\n| Höhe unten           = 1007\n| Länge                = 5000\n| Schwierigkeit        = \n| Lawinen              = gelegentlich\n| Betreiber            = \n| Öffentliche Anreise  = Ja\n| Aufstieg möglich     = Ja\n| Gehzeit              = 80\n| Aufstieg getrennt    = Ja\n| Aufstiegshilfe       = Nein\n| Beleuchtungsanlage   = Nein\n| Beleuchtungstage     = \n| Rodelverleih         = Ja\n| Gütesiegel           = \n| Webauskunft          = \n| Telefonauskunft      = +43-6769562502 (Schattenlaganthütte)\n| Bild                 = Rodelbahn Schattenlagant 2017-12-27.JPG\n| In Übersichtskarte   = Ja\n| Forumid              = 64\n}}\nDie rund 5 km lange Bahn erstreckt sich unter dem herrlichen Panorama des Rätikons, am Fuße des Lünersees. In der beeindruckenden Berglandschaft sieht man beim \"Kesselfall\" des Alvierbaches ab und zu sogar Eiskletterer. Die Bahn verläuft auf dem Schattenlagantweg, am Ortsende von Brand. Sie ist breit angelegt und abwechlsungsreich in der Streckenführung  - sie führt zB über nette Brücken. Vielleicht das einzige Manko: Wie der Name Schattenlagant schon andeutet bekommt die Bahn nur selten Sonne ab - dafür ist sie recht schneesicher.<br/>  Ein kleines Stück kann man einen getrennten Weg aufwärts gehen. Für Autos gilt auf der Rodelbahn im Winter Fahrverbot, allerdings dürfen Angestellte der Illwerke zum Stausee fahren. Wenn der Wirt selbst fährt, um etwa Leihrodeln von unten wieder nach oben zu bringen, gibt er in der Hütte Bescheid.  \nEmpfohlen wir die Lawinensituation zu beachten - fallweise wird die Bahn kurzfristig gesperrt.\n\n* {{Position oben}}\n* {{Position unten}}\n* {{Höhenunterschied}}\n* {{Bahnlänge}}\n* {{Gehzeit}}\n* \'\'\'Beleuchtung\'\'\': Nein\n* \'\'\'Rodelverleih\'\'\': Rodelverleih oben auf der Hütte: 6.- Euro. Ca. 35 Rodeln vorhanden.\n* \'\'\'Schneelage - Auskunft\'\'\': \n** 05559/555 (TV Brand)\n** 0676/9562502 ([[Schattenlaganthütte (Gasthaus)|Schattenlaganthütte]])\n* \'\'\'Hütten\'\'\':\n** [[Schattenlaganthütte (Gasthaus)|Schattenlaganthütte]]\n* \'\'\'Andere Rodelbahnen\'\'\':\n* \'\'\'Siehe auch\'\'\':\n** [http://www.onthesnow.de/vorarlberg/brand/schneebericht.html OnTheSnow.com - Aktuelle Schnee- und Wetterberichte Brand]\n** [http://www.tiscover.at/at/guide/5,de,SCH1/objectId,SPF934476at,curr,EUR,parentId,RGN15at,season,at1,selectedEntry,sport/intern.html] (bei www.tiscover.at)\n** [http://www.vorarlberg-alpenregion.at/brandnertal/winter/abseits-der-pisten/rodeln/schattenlagant/ Rodelbahn bei www.vorarlberg-alpenregion.at]\n** [http://www.alpintouren.at/de/touren/rodeln/tourbeschreibung/tourdaten_22853.html] (bei www.alpintouren.at)\n** {{Forumlink|64}}\n\n{{Buttonleiste|Bericht = Ja|ForumId = |Impressionen = |Wetter = Ja|video = |Korrektur = Seite|Korrektur_To=rodelbahn@gmx.net|Korrektur_To_Name=Georg}}\n{{Clear}}\n\n== Landkarte ==\n<wrmap lat=\"47.086137\" lon=\"9.739552\" zoom=\"13\">\n\n<parkplatz>47.095619 N 9.735496 E</parkplatz>\n<gasthaus name=\"Schattenlaganthütte\" wiki=\"Schattenlaganthütte (Gasthaus)\">47.071898 N 9.749261 E</gasthaus>\n\n<rodelbahn>\n47.093866 N 9.735689 E\n47.091594 N 9.735743 E\n47.091265 N 9.735185 E\n47.090535 N 9.735153 E\n47.090396 N 9.734327 E\n47.089439 N 9.733114 E\n47.087810 N 9.733779 E\n47.085801 N 9.736955 E\n47.084830 N 9.737535 E\n47.082521 N 9.735281 E\n47.081754 N 9.734616 E\n47.079270 N 9.734133 E\n47.078897 N 9.733855 E\n47.078401 N 9.733919 E\n47.078137 N 9.734284 E\n47.077918 N 9.734477 E\n47.077714 N 9.734316 E\n47.077546 N 9.734037 E\n47.077305 N 9.734048 E\n47.077188 N 9.734230 E\n47.077356 N 9.734734 E\n47.077575 N 9.735035 E\n47.078393 N 9.736719 E\n47.078196 N 9.736934 E\n47.077750 N 9.736977 E\n47.077568 N 9.737309 E\n47.077524 N 9.737717 E\n47.077568 N 9.738060 E\n47.077385 N 9.738350 E\n47.076976 N 9.738457 E\n47.076589 N 9.738661 E\n47.076055 N 9.740270 E\n47.075580 N 9.741504 E\n47.075609 N 9.741708 E\n47.075792 N 9.741729 E\n47.076625 N 9.741064 E\n47.076735 N 9.740850 E\n47.076910 N 9.740378 E\n47.077575 N 9.739873 E\n47.077801 N 9.739723 E\n47.077933 N 9.739852 E\n47.078145 N 9.740067 E\n47.078298 N 9.740260 E\n47.078306 N 9.740463 E\n47.077407 N 9.741890 E\n47.075631 N 9.743457 E\n47.075485 N 9.744004 E\n47.075361 N 9.745195 E\n47.074930 N 9.745517 E\n47.074616 N 9.745785 E\n47.074236 N 9.746311 E\n47.073819 N 9.746890 E\n47.073746 N 9.746718 E\n47.073600 N 9.746557 E\n47.073300 N 9.745957 E\n47.073118 N 9.745764 E\n47.072796 N 9.746010 E\n47.072592 N 9.746600 E\n47.072723 N 9.747856 E\n47.072599 N 9.748714 E\n47.072372 N 9.749100 E\n47.072204 N 9.749315 E\n47.072066 N 9.749401 E\n</rodelbahn>\n\n</wrmap>\n{{Landkarte Legende}}<br/>{{GoogleMaps Hinweis}}\n\n\n== Anreise mit öffentlichen Verkehrsmitteln ==\nDie Linie 81 der Landbusse fährt von Bludenz nach Brand. In Bludenz etwa vom Bahnhof oder vom Lünersee-Park (Parkmöglichlkeit!) bis zur Station Brand - Palüdbahn; ausserdem fahren Schibusse. Die Haltestelle ist ca. 200 m von der Rodelbahn entfernt.  \n\n* \'\'\'Fahrplan\'\'\':\n** [http://www.vmobil.at/ Vorarlberger Verkehrsverbund]\n\n\n== Anreise mit dem Auto ==\nUnmittelbar vor der Bahn (also vor dem Fahrverbot) darf nicht geparkt werden, da auf der Wiese abgestellte Fahrzeuge Flurschäden anrichten. Im Ort selbst (etwa 200 Meter vom Aufsteig entfernt) bei der Palüdbahn Platz für rund 200 Autos, allerdings von Schifahrern oft belegt. Der Parkplatz ist kostenlos.\n* \'\'\'Parklplatz\'\'\':  {{Parkplatz|47.095677 N 9.73556 E|}} \n* \'\'\'Entfernung\'\'\':\n** Von Bludenz Bahnhof: 13,2 km\n** Von Dornbirn Bahnhof: 54,3 km\n\n\n{{Rodelbahnzustand|Forumlink=64}}\n\n[[Kategorie:Rodelbahn]]','utf-8');
INSERT INTO `text` VALUES (14960,'== Allgemeines ==\n{{Rodelbahnbox\n| Position             = 47.210520 N 11.302868 E\n| Position oben        = 47.203959 N 11.308052 E\n| Höhe oben            = 1808\n| Position unten       = 47.218007 N 11.295303 E\n| Höhe unten           = 1370\n| Länge                = 3200\n| Schwierigkeit        = \n| Lawinen              = kaum\n| Betreiber            = Birgitzer Alm\n| Öffentliche Anreise  = Ja\n| Aufstieg möglich     = Ja\n| Gehzeit              = 90\n| Aufstieg getrennt    = Nein\n| Aufstiegshilfe       = Nein\n| Beleuchtungsanlage   = Nein\n| Beleuchtungstage     = \n| Rodelverleih         = Nein\n| Gütesiegel           = Nein\n| Webauskunft          =\n| Telefonauskunft      = +43-664-5970026 (Birgitzer Alm)\n| Bild                 = Rodelbahn Birgitzer Alm 2007-11-17.jpg\n| In Übersichtskarte   = Ja\n| Forumid              = 44\n}}\nDie Birgitzer Alm ist wegen der relativ geringen Entfernung von Innsbruck und leichten Erreichbarkeit, der moderaten Gehzeit (\"Gehen wir noch schnell auf die Birgitzer Alm?\"), der verhältnismäßig sicheren Schneelage und der freundlichen Wirtsleute viel besucht und beliebt. Im Winter 2010/11 war sie die Rodelbahn, die am meisten Zugriffe auf \'\'www.winterrodeln.org\'\' hatte. Sie als \'\'beliebteste Rodelbahn der Innsbrucker/innen\'\' zu bezeichnen ist sicherlich nicht unbegründet.\n\nAnfang 2008 ereignete sich im unteren Teil der Rodelbahn ein tragischer Rodelunfall mit tödlichem Ausgang. Dies führte neben Anteilnahme zu einer teilweise sehr emotionalen Diskussion mit sehr kontroversen Meinungen zur Sicherheit dieser Rodelbahn in den Einträgen zur Schneelage. Wir wollen dies an dieser Stelle nicht weiter kommentieren, sondern bitten, vorsichtig zu rodeln - nicht nur auf der Birgitzer Alm.\n\nDie Birgitzer Alm Rodelbahn ist eine der Bahnen, die auch von den [http://www.vertriders.com Innsbrucker Vertridern] für winterliche Mountainbiketouren genutzt werden.\n\nLage: Der Startpunkt der Rodelbahn befindet sich auf der \'\'Olympiastraße\'\' (Straße, die von Axams Richtung Axamer Lizum führt) in der Kehre nach dem Gasthaus Adelshof.\n\n* {{Position oben}}\n* {{Position unten}}\n* {{Höhenunterschied}}\n* {{Bahnlänge}}\n* {{Gehzeit}}\n* \'\'\'Beleuchtung\'\'\': Nein\n* \'\'\'Schneelage - Auskunft\'\'\': \n** +43-664-5970026 (Birgitzer Alm)\n* \'\'\'Hütten\'\'\':\n** [[Birgitzer Alm (Gasthaus)]]\n* \'\'\'Andere Rodelbahnen\'\'\':\n** [[Birgitzer Alm (von Birgitz)]]\n** [[Axamer Lizum]]\n* \'\'\'Siehe auch\'\'\':\n** [http://www.youtube.com/watch?v=psQdo5F18fA&list=PLBE00E418700A849E&index=1 Rodelvideo von der Birgitzer Alm]\n** [https://www.almenrausch.at/touren/suchergebnisse/tourdetails/tour/birgitzer-alm-naturrodelbahn763.html Birgitzer Alm bei almenrausch.at]\n** [http://www.mountaineers.at/rodelbahn/birgitzeralm Rodelbahn Birgitzer Alm bei mountaineers.at]\n** [http://www.tiscover.at/at/guide/5,de,SCH1/objectId,SPF29796at,curr,EUR,modulId,guide,season,at2,selectedEntry,home/intern.html Rodelbahninformation von tiscover]\n** [https://www.outdooractive.com/de/route/rodeln/innsbruck-und-umgebung/rodeltour-zur-birgitzer-alm-nahe-innsbruck/1382908/ Birgitzer Alm bei outdooractive.com]\n\n{{Clear}}\n{{Buttonleiste|Bericht=Ja|ForumId=44|Impressionen=Birgitzer Alm/Impressionen|video=http://www.youtube.com/watch?v=psQdo5F18fA&list=PLBE00E418700A849E&index=1|Wetter=Ja|Korrektur=Seite}}\n\n\n== Landkarte ==\n<wrmap lat=\"47.219911\" lon=\"11.299104\" zoom=\"13\">\n\n<gasthaus name=\"Birgitzer Alm\" wiki=\"Birgitzer Alm (Gasthaus)\">47.204023 N 11.307930 E</gasthaus>\n<gasthaus name=\"Axams Adelshof\">47.217085 N 11.286890 E</gasthaus>\n<haltestelle name=\"Axams Abzweige Birgitzer Alm\">47.217805 N 11.294373 E</haltestelle>\n<haltestelle name=\"Axams Adelshof\">47.217479 N 11.287841 E</haltestelle>\n<haltestelle name=\"Birgitz, Gasthof Traube\">47.235847 N 11.300852 E</haltestelle>\n<parkplatz>47.217441 N 11.292858 E</parkplatz>\n\n<alternative>\n47.217971 N 11.294824 E\n47.217776 N 11.293625 E\n47.217748 N 11.291345 E\n47.219089 N 11.293553 E\n47.219399 N 11.294640 E\n47.219805 N 11.295332 E\n47.220354 N 11.295797 E\n47.220724 N 11.296847 E\n47.221368 N 11.297981 E\n47.222144 N 11.300284 E\n47.222681 N 11.302838 E\n47.223027 N 11.303828 E\n47.223051 N 11.304389 E\n47.223230 N 11.304532 E\n47.223695 N 11.304437 E\n47.223850 N 11.304747 E\n47.224363 N 11.307862 E\n47.225378 N 11.305034 E\n47.225521 N 11.305010 E\n47.225998 N 11.305594 E\n47.226249 N 11.305093 E\n47.226332 N 11.303351 E\n47.226452 N 11.303017 E\n47.226368 N 11.302444 E\n47.227287 N 11.303482 E\n47.228290 N 11.305726 E\n47.228636 N 11.307086 E\n47.229065 N 11.307611 E\n47.229134 N 11.308048 E\n47.229353 N 11.307830 E\n47.229426 N 11.304604 E\n47.230153 N 11.304600 E\n47.230788 N 11.304147 E\n47.231306 N 11.303151 E\n47.232087 N 11.302561 E\n47.232679 N 11.301754 E\n</alternative>\n\n<rodelbahn>\n47.203975 N 11.307923 E\n47.205033 N 11.310368 E\n47.205134 N 11.310307 E\n47.205185 N 11.309498 E\n47.205652 N 11.308738 E\n47.206716 N 11.308146 E\n47.206781 N 11.307084 E\n47.207138 N 11.305550 E\n47.206868 N 11.305485 E\n47.206927 N 11.305260 E\n47.207484 N 11.305216 E\n47.208009 N 11.305606 E\n47.208373 N 11.306657 E\n47.208508 N 11.306691 E\n47.210520 N 11.302868 E\n47.210595 N 11.302185 E\n47.212408 N 11.302878 E\n47.212939 N 11.302603 E\n47.213436 N 11.301965 E\n47.213915 N 11.300953 E\n47.213922 N 11.300427 E\n47.213566 N 11.299628 E\n47.213617 N 11.299263 E\n47.214165 N 11.299451 E\n47.214946 N 11.300488 E\n47.215629 N 11.302192 E\n47.215599 N 11.303350 E\n47.215997 N 11.304616 E\n47.216416 N 11.305282 E\n47.216576 N 11.305185 E\n47.216729 N 11.303490 E\n47.216984 N 11.302374 E\n47.217749 N 11.300668 E\n47.218128 N 11.296044 E\n47.217971 N 11.294824 E\n</rodelbahn>\n\n</wrmap>\n{{Landkarte Legende}}<br/>{{GoogleMaps Hinweis}}\n\n\n== Anreise mit öffentlichen Verkehrsmitteln ==\nIm Winter gibt es untertags stündlich vom Innsbrucker Busbahnhof aus Postbusse (Linie L1) über Kematen und Axams direkt zum unteren Rodelbahnbeginn der Birgitzer Alm (Haltestelle \"Axams Abzw Birgitzer Alm\"). Dort bleibt auch die 30 Minuten versetzt von Götzens startende Linie L2 stehen. Beide Linien bedienen diese Haltestelle aber nur für die Hinfahrt. Wer öffentlich anreist, kann bis Birgitz rodeln und hat so circa eine doppelt so lange Abfahrt (siehe [[Birgitzer Alm (von Birgitz)]]). Dort ist die Haltestelle für die Rückfahrt \"Birgitz Gh Traube\". Wenn das nicht möglich ist, z.B wegen Schneemangel, dann kann statt der Haltestelle \"Axams Abzw Birgitzer Alm\" die Haltestelle \"Axams Adelshof\" für die Rückfahrt benutzt werden (man muss dann ca. 200 m straßenabwärts gehen).\n\n* {{Haltestelle|Axams|Abzw Birgitzer Alm|47.217726 N 11.29472 E|1370}}: Line L1 und Linie L2\n** {{Fahrplan Abfahrtsmonitor VVT|Axams|Abzw Birgitzer Alm}}\n** {{Fahrplan Hinfahrt VVT|Axams|Abzw Birgitzer Alm}}\n** Hier ist \'\'keine Rückfahrt\'\' Richtung Tal möglich, sondern bei \"Axams Adelshof\".\n* {{Haltestelle|Axams|Adelshof|47.217479 N 11.287841 E| }}: Line L1 und Linie L2\n** {{Fahrplan Abfahrtsmonitor VVT|Axams|Adelshof}}\n** {{Fahrplan Rückfahrt VVT|Axams|Adelshof}}\n* {{Haltestelle|Birgitz|Gh Traube|47.235847 N 11.300852 E| }}: Linie L1 und 4162\n** {{Fahrplan Abfahrtsmonitor VVT|Birgitz|Gh Traube}}\n** {{Fahrplan Rückfahrt VVT|Birgitz|Gh Traube}}\n* \'\'\'Fahrplan\'\'\':\n** {{Fahrplan Linie VVT|L1|Innsbruck - Völs - Kematen - Axamer Lizum}} (Linie L1)\n** {{Fahrplan Linie VVT|L2|Götzner Bahn - Götzens - Birgitz - Axams - Axamer Lizum}} (Linie L2)\n** {{Fahrplan Linie VVT|4162|Innsbruck - Götzens - Birgitz - Axams - Grinzens}}\n** [[:Datei:Rodelbus_Axamer_Lizum.pdf|Fahrplan Rodelbus Axamer Lizum]]\n\n\n== Anreise mit dem Auto ==\nVon Innsbruck: Variante 1: Innsbruck -> Götzens -> Birgitz -> Axams -> Richtung Axamer Lizum -> Adelshof (in einer Linkskuve), hier noch kurz der Straße folgen - Parkplatz.  Variante 2: Innsbruck -> Autobahn Richtung Arlberg -> Kematen -> Axams -> Richtung Axamer Lizum -> Adelshof -> Parkplatz.  Nachdem der Parkplatz vergrößert wurde, sind unter der Woche genug Parkplätze vorhanden. Am Wochenende wird es nur manchmal knapp.\n\n* \'\'\'Parkplatz\'\'\': {{Parkplatz|47.217809 N 11.294321 E|1370}}\n* \'\'\'Entfernung\'\'\':\n** von \'\'\'Innsbruck\'\'\' (Hauptbahnhof): 16.6 km\n\n\n{{Rodelbahnzustand|Forumlink=44}}\n\n[[Kategorie:Rodelbahn]]','utf-8');
INSERT INTO `text` VALUES (14961,'== Allgemeines ==\n{{Rodelbahnbox\n| Position             = 47.194483 N 11.098946 E\n| Position oben        = 47.188444 N 11.099407 E\n| Höhe oben            = 1666\n| Position unten       = 47.201107 N 11.100918 E\n| Höhe unten           = 1515\n| Länge                = 1600\n| Schwierigkeit        = leicht\n| Lawinen              = selten\n| Betreiber            = \n| Öffentliche Anreise  = Ja\n| Aufstieg möglich     = Ja\n| Gehzeit              = 30\n| Aufstieg getrennt    = Ja\n| Aufstiegshilfe       = Nein\n| Beleuchtungsanlage   = Ja\n| Beleuchtungstage     = 7\n| Rodelverleih         = Haus Holzer; St. Sigmund 46 (4€/Tag)\n| Gütesiegel           =\n| Webauskunft          = \n| Telefonauskunft      = +43-664-3254697 (Gleirsch Alm)\n| Bild                 = Rodelbahn_Gleirschalm_2014-03-22.JPG\n| In Übersichtskarte   = Ja\n| Forumid              = 21\n}}\n\'\'Kurz - familienfreundlich - kindertauglich\'\'. Diese sehr kurze Rodelbahn hat für ca. 2/3 der Bahnlänge einen eigenen Aufstieg, außer am Anfang und am Ende. Der getrennte Aufstieg ist als \'\'Winterweg\'\' sehr gut beschildert. Auf der Rodelbahn gilt ein allgemeines Fahrverbot, ausgenommen Berechtigte zu bestimmten Zeiten. Diese für Berechtigte erlaubten Fahrzeiten decken sich mit dem Rodelverbot von \'\'\'6<sup>00</sup>-11<sup>00</sup>\'\'\' Uhr und von \'\'\'16<sup>00</sup> - 18<sup>00</sup>\'\'\' Uhr.\n\n{{Bergsteigerdörfer|Link=http://www.bergsteigerdoerfer.at/696-0-Bergsteigerdorf-Sellraintal.html|VarText=Das gesamte Sellraintal mit den Orten Sellrain, Gries im Sellrain und St.Sigmund sowie den zugehörigen Weilern wurde im \'\'\'Sommer 2013\'\'\' in die Riege der \'\'\'Bergsteigerdörfer\'\'\' aufgenommen. Diese vom Alpenverein initiierte Initiative zeichnet Orte aus, die sich für einen naturverbundenen, sanften Tourismus entschieden haben und die strengen Kriterien für die Aufnahme erfüllen. Natürlich passt auch der Rodelbreitensport perfekt in dieses Konzept. Weitere Informationen zu den Bergsteigerdörfern der Region Sellraintal finden sie [http://www.bergsteigerdoerfer.at/696-0-Bergsteigerdorf-Sellraintal.html hier] und natürlich auch auf den Seiten von \'\'\'Winterrodeln.org\'\'\'!}} \n\n{{Tiroler Naturrodelbahn Gütesiegel|Erstverleihung=2017|Verlängerung=|Forum=|Thread=|Anlagename=Naturrodelbahn Gleirsch|Organisation=Tourismusverband Innsbruck und seine Feriendörfer}}\n\n* {{Position oben}}\n* {{Position unten}}\n* {{Höhenunterschied}}\n* {{Bahnlänge}}\n* {{Gehzeit}}\n* \'\'\'Rodelzeiten\'\'\': Rodelverbot von \'\'\'6<sup>00</sup>-11<sup>00</sup>\'\'\' Uhr und von \'\'\'16<sup>00</sup> - 18<sup>00</sup>\'\'\' Uhr.\n* \'\'\'Beleuchtung\'\'\': Die Rodelbahn ist täglich beleuchtet, unabhängig von den Öffnungszeiten der Hütte.\n* \'\'\'Rodelverleih\'\'\':  \n** Rodelverleih Haus Holzer; Sport & Freizeit; St. Sigmund 46 , AT-6184, St. Sigmund im Sellrain; +43-664-9347501; Kosten: 4 Euro/Tag (\'\'Stand: März 2014\'\')\n* \'\'\'Schneelage - Auskunft\'\'\': \n** +43-664-3254697 (Gleirsch Alm)\n* \'\'\'Hütten\'\'\':\n** [[Gleirschalm (Gasthaus)]]\n* \'\'\'Siehe auch\'\'\':\n** [https://www.outdooractive.com/de/route/rodeln/innsbruck-und-umgebung/st.-sigmund-im-sellrain/1395198/ St. Sigmund im Sellrain bei outdooractive.com]\n** [http://www.almenrausch.at/rodelbahnen/rodeln_tirol/gleirschalm/gleirschalm.html Rodelbahn Gleirschalm bei almenrausch.at]\n** [http://www.mountaineers.at/rodelbahn/gleirschalm Rodelbahn Gleirschalm bei mountaineers.at]\n\n\n{{Buttonleiste|Bericht=Ja|ForumId=21|Impressionen=Gleirschalm/Impressionen|Wetter=Ja|Korrektur=Seite}}\n{{Clear}}\n\n== Landkarte ==\n<wrmap lat=\"47.198869\" lon=\"11.102543\" zoom=\"14\">\n\n<haltestelle name=\"St.Sigmund im Sellrain Gleirschtal\">47.201033 N 11.100951 E</haltestelle>\n<parkplatz>47.200823 N 11.101072 E</parkplatz>\n<gasthaus name=\"Gleirschalm\" wiki=\"Gleirschalm (Gasthaus)\">47.188882 N 11.099097 E</gasthaus>\n\n<gehweg>\n47.197838 N 11.099236 E\n47.197802 N 11.098910 E\n</gehweg>\n\n<gehweg>\n47.197838 N 11.099236 E\n47.197199 N 11.099121 E\n47.195191 N 11.102040 E\n47.194705 N 11.101918 E\n47.193019 N 11.099816 E\n47.192331 N 11.098447 E\n</gehweg>\n\n<rodelbahn>\n47.198092 N 11.098727 E\n47.200819 N 11.100706 E\n</rodelbahn>\n\n<rodelbahn>\n47.197948 N 11.098858 E\n47.198092 N 11.098727 E\n</rodelbahn>\n\n<rodelbahn>\n47.188903 N 11.098958 E\n47.190604 N 11.098076 E\n47.193797 N 11.098447 E\n47.194435 N 11.098955 E\n47.194714 N 11.097673 E\n47.196289 N 11.098019 E\n47.197948 N 11.098858 E\n</rodelbahn>\n\n</wrmap>\n{{Landkarte Legende}}<br/>{{GoogleMaps Hinweis}}\n\n\n== Anreise mit öffentlichen Verkehrsmitteln ==\nVon Innsbruck fährt die Linie 4166 über Völs, Kematen, Sellrain und Gries nach St. Sigmund und weiter bis ins Kühtai. Die Haltestelle heißt \'\'St. Sigmund im Sellrain - Gleirschtal\'\'.  Die Rodelbahn ist sehr gut mit dem Bus erreichbar. Die Fahrzeit ab Innsbruck Hauptbahnhof beträgt 54 Minuten. Die Haltestelle liegt an der Landesstraße etwa 200 m unterhalb (talauswärts) des Rodelbahnanfangs. Es gibt keine regelmäßigen (z.B. stündlichen) Busse ins Kühtai. Genaue Angaben bitte dem Fahrplan entnehmen. Da keine eigenen Skibusse ins Kühtai geführt werden, muss man an schönen Ferientagen mit vollen Bussen rechnen.\n\n* {{Haltestelle|St. Sigmund im Sellrain|Gleirschtal|47.201107 N 11.100918 E|1515}}\n** {{Fahrplan Abfahrtsmonitor VVT|St. Sigmund im Sellrain|Gleirschtal}}\n** {{Fahrplan Hinfahrt VVT|St. Sigmund im Sellrain|Gleirschtal}}\n** {{Fahrplan Rückfahrt VVT|St. Sigmund im Sellrain|Gleirschtal}}\n* \'\'\'Fahrplan\'\'\':\n** {{Fahrplan Linie VVT|4166|Innsbruck - Kematen - Gries - St. Sigmund - Kühtai}}\n\n\n== Anreise mit dem Auto ==\nEtwas 70 gebührenpflichtige Parkplätze sind vorhanden, können aber an schönen Feiertagen knapp werden. Kleingeld nicht vergessen! <br/>\nParkgebühr (Abgabepflicht von 5:00 bis 18:00): \'\'\'4 Euro\'\'\' pro Tag bzw. \'\'\'8\'\'\' Euro für 2 bis max. 10 Tage.\n* \'\'\'Parkplatz\'\'\': {{Parkplatz|47.201107 N 11.100918 E|1515}}\n* \'\'\'Entfernung\'\'\':\n** von \'\'\'Innsbruck\'\'\' (Hauptbahnhof): 29.5 km\n\n\n{{Rodelbahnzustand|Forumlink=21}}\n\n[[Kategorie:Rodelbahn]]','utf-8');
INSERT INTO `text` VALUES (15017,'{{Gasthausbox\n| Position          = 47.130667 N 11.406072 E\n| Höhe              = 1638\n| Betreiber         = \n| Sitzplätze        = \n| Übernachtung      = Ja\n| Rauchfrei         = Ja\n| Rodelverleih      = Ja\n| Handyempfang      = Nein\n| Homepage          = https://www.mariawaldrast.at\n| E-Mail            = info@mariawaldrast.at\n| Telefon           = +43-5273-6219; +43-664-4130879\n| Bild              = Gasthaus_Maria_Waldrast_2011-01-09.jpg\n| Rodelbahnen       = [[Maria Waldrast]]\n}}\nMaria Waldrast ist ein beliebter Wallfahrtsort, der idyllisch am Fuße der Serles liegt (von dort aus startet im Sommer auch der beliebteste Aufstieg auf diesen Berg). Die Legende um die Entstehung kann in den Links unten nachgelesen werden. Das Klostergasthaus hat zwei geräumige Stuben mit Selbstbedienung. Die Sonnenterrasse hat 150, teilweise überdachte Sitzplätze.\nIn der Küche werden bevorzugt Produkte der eigenen Landwirtschaft, Jagd und Fischerei verarbeitet (die Rinder verbringen den Sommer vor der Haustüre der Waldraster Alm).\nDie Landwirtschaft ermöglicht neben der Produktion lokaler Lebensmittel (Tiroler Almochsen, Tiroler Landschweine) auch die CO2 neutrale Beschickung der Hackschnitzelanlage mit nachwachsendem Rohstoff aus dem nahe gelegenen Bergwald. Auch der Strom für die Waldrast wird lokal erzeugt. Ein eigenes Wasserkraftwerk sorgt dafür, dass man in einem Haus mit 500-jähriger Geschichte und exponierter Lage, den modernen Komfort und die Infrastruktur des 21. Jahrhunderts genießen kann.\nDem Wasser der Maria Waldrast Quelle (die auch im Winter fließt) wird eine Heilwirkung nachgesagt. Details zu Maria Waldrast und zum Restaurant gibt es auf der [https://www.mariawaldrast.at Homepage der Maria Waldrast]\n\n* \'\'\'Öffnungszeiten\'\'\': Dienstag bis Sonntag von 09:00 bis 17:00 Uhr, warme Küche bis 21:30. Montag Ruhetag.\n* \'\'\'Handy - Empfang bei der Hütte\'\'\':<br/>Zu beachten ist, dass der Empfang von der Wetterlage und vom verwendeten Mobiltelefon abhängt.<br/>Stand: 2013-12-20\n** A1: Nein\n** T-Mobile/Telering: Nein\n** Drei: Nein\n* \'\'\'Besitzer/Pächter\'\'\': \n* \'\'\'Postanschrift\'\'\':  6143 Matrei am Brenner; Österreich\n* \'\'\'Siehe auch\'\'\':\n** [http://www.serviten.de/oesterreich/KLOESTER/K_WALDRAST/HAUPTTEIL_K_WALDRAST.HTML Der Wallfahrtsort Maria Waldrast]\n** [http://www.sagen.at/texte/sagen/oesterreich/tirol/allgemein/raff/maria_waldrast.htm Die Legende von Maria Waldrast]\n* \'\'\'Rodelbahn\'\'\':\n** [[Maria Waldrast]]\n\n{{Wetterprognose|meteoblue = maria-waldrast_at_13600}}\n{{Clear}}\n{{Buttonleiste|Korrektur=Seite|Korrektur_To=gerhard@nessy.at|Korrektur_To_Name=Gerhard Nesvadba}}\n\n\n[[Kategorie:Gasthaus]]','utf-8');
INSERT INTO `text` VALUES (15032,'== Allgemeines ==\n{{Rodelbahnbox\n| Position             = 47.169552 N 11.156990 E\n| Position oben        = 47.169490 N 11.162070 E\n| Höhe oben            = 2022\n| Position unten       = 47.171528 N 11.144047 E\n| Höhe unten           = 1430\n| Länge                = 4580\n| Schwierigkeit        = mittel\n| Lawinen              = kaum\n| Betreiber            = Juifenalm\n| Öffentliche Anreise  = Nein\n| Aufstieg möglich     = Ja\n| Gehzeit              = 105\n| Aufstieg getrennt    = Nein\n| Aufstiegshilfe       = Nein\n| Beleuchtungsanlage   = Nein\n| Beleuchtungstage     = \n| Rodelverleih         = Nein\n| Gütesiegel           = Nein\n| Webauskunft          = \n| Telefonauskunft      = +43-664-5422090 (Juifenalm)\n| Bild                 = Rodelbahn Juifenalm 2009-12-15 ObersterAbschnitt.JPG\n| In Übersichtskarte   = Ja\n| Forumid              = 25\n}}\n{{Button|Neuigkeiten|VarText=<br/>Die \'\'\'Juifenalm\'\'\' hat seit der Wintersaison 2015/16 mit \'\'\'Sylvia und Gotthard Stern\'\'\' neue Pächter!<br/>Siehe dazu auch den Beitrag [https://winterrodeln-forum.org/viewtopic.php?f=25&t=1580 im Forum!] }}\n\nDurch die hohe Lage der Juifenalm ist sie sehr schneesicher. Der lange, wunderschöne Aufstieg führt über eine Forststraße mit mehreren tollen Kurven bis knapp über die Baumgrenze. Früher ein Geheimtipp, heute auch bei allgemein schlechter Schneelage sehr gut besucht.\n\nAchtung: da das Platzangebot in der Hütte begrenzt ist, kann es zu Wartezeiten kommen, bis ein Sitzplatz frei wird. Dies besonders beim Besuch mit Kindern beachten. \n\n{{Bergsteigerdörfer|Link=http://www.bergsteigerdoerfer.at/696-0-Bergsteigerdorf-Sellraintal.html|VarText=Das gesamte Sellraintal mit den Orten Sellrain, Gries im Sellrain und St.Sigmund sowie den zugehörigen Weilern wurde im \'\'\'Sommer 2013\'\'\' in die Riege der \'\'\'Bergsteigerdörfer\'\'\' aufgenommen. Diese vom Alpenverein initiierte Initiative zeichnet Orte aus, die sich für einen naturverbundenen, sanften Tourismus entschieden haben und die strengen Kriterien für die Aufnahme erfüllen. Natürlich passt auch der Rodelbreitensport perfekt in dieses Konzept. Weitere Informationen zu den Bergsteigerdörfern der Region Sellraintal finden sie [http://www.bergsteigerdoerfer.at/696-0-Bergsteigerdorf-Sellraintal.html hier] und natürlich auch auf den Seiten von \'\'\'Winterrodeln.org\'\'\'!}} \n\n{{Button|Hinweis|VarText = <br/>Diese Rodelbahn zählt seit vielen Jahren zu den beliebtesten Strecken auf \'\'\'Winterrodeln.org\'\'\'! <br/>\nWeitere Informationen zur Statistik finden Sie [http://www.winterrodeln.org/wiki/Kategorie:Saisonstatistik hier!] }}\n\nLage: Lüsenstal (Seitental vom Sellraintal, das bei Gries abzweigt).\n\n* {{Position oben}}\n* {{Position unten}}\n* {{Höhenunterschied}}\n* {{Gehzeit}}\n* {{Bahnlänge}}\n* \'\'\'Schneelage - Auskunft\'\'\': \n** +43-664-5422090 (Juifenalm)\n* \'\'\'Hütten\'\'\':\n** [[Juifenalm (Gasthaus)]]\n* \'\'\'Andere Rodelbahnen\'\'\':\n** [[Praxmar]]\n* \'\'\'Siehe auch\'\'\':\n** [https://www.juifenalm.at/ Homepage der Juifenalm]\n** [http://www.youtube.com/playlist?list=PLBE00E418700A849E Rodelvideo von der Juifenalm]\n** [http://www.almenrausch.at/rodelbahnen/rodeln_tirol/juifenalm/juifenalm.htm Juifenalm bei almenrausch.at]\n** [http://www.rodeln.at/rodeln/rodelbahnen/index.php?script=/rodeln/rodelbahnen/wScripts/rodelbahn_anzeigen.php&Id=195&region=7 Juifenalm bei rodeln.at]\n** [https://www.outdooractive.com/de/route/rodeln/innsbruck-und-umgebung/langer-rodelspass-von-der-juifenalm-nach-gries/1358936/ Juifenalm bei outdooractive.com]\n\n{{Buttonleiste|Bericht=Ja|ForumId=25|Impressionen=Juifenalm/Impressionen|Wetter=Ja|Korrektur=Seite}}\n\n== Landkarte ==\n<wrmap height=\"500\" lat=\"47.1710\" lon=\"11.153\" zoom=\"15\">\n<parkplatz name=\"Grosser Parkplatz\">47.170058 N 11.143692 E</parkplatz>\n<gasthaus name=\"Juifenalm\" wiki=\"Juifenalm (Gasthaus)\">47.169377 N 11.162170 E</gasthaus>\n<parkplatz name=\"Kleiner Parkplatz\">47.171891 N 11.145263 E</parkplatz>\n<punkt name=\"Parkautomat\">47.171233 N 11.143850 E</punkt>\n<haltestelle name=\"Bushaltestelle &quot;Juifenau, Gries in Sellrain&quot;\">47.175712 N 11.1456496 E</haltestelle>\n\n<rodelbahn>\n47.171713 N 11.145202 E\n47.173170 N 11.149683 E\n47.172115 N 11.148287 E\n47.170264 N 11.147015 E\n47.169359 N 11.147294 E\n47.168526 N 11.145978 E\n47.166196 N 11.144971 E\n47.167818 N 11.146865 E\n47.166850 N 11.146257 E\n47.166172 N 11.146352 E\n47.165768 N 11.145932 E\n47.167261 N 11.148035 E\n47.167092 N 11.148446 E\n47.167426 N 11.148803 E\n47.167473 N 11.149734 E\n47.168064 N 11.150919 E\n47.169127 N 11.151803 E\n47.166906 N 11.152541 E\n47.166404 N 11.151955 E\n47.166630 N 11.153088 E\n47.167720 N 11.153354 E\n47.167157 N 11.154090 E\n47.166344 N 11.154314 E\n47.168117 N 11.155433 E\n47.169041 N 11.156893 E\n47.169846 N 11.156949 E\n47.170750 N 11.157809 E\n47.171181 N 11.158854 E\n47.169860 N 11.158585 E\n47.170417 N 11.159208 E\n47.171286 N 11.162443 E\n47.170169 N 11.161594 E\n47.169276 N 11.161110 E\n47.169398 N 11.162165 E\n</rodelbahn>\n\n<gehweg>\n47.171286 N 11.143820 E\n47.171713 N 11.145202 E\n</gehweg>\n\n</wrmap>\n{{Landkarte Legende}}<br/>{{GoogleMaps Hinweis}}\n\n== Anreise mit öffentlichen Verkehrsmitteln ==\nEs gibt es einen Bus nach Juifenau, der allerdings nur von Montag bis Samstag eine Rodeltour ermöglicht.\n* {{Haltestelle|Gries im Sellrain|Juifenau|47.175712 N 11.1456496 E|1378}}\n** {{Fahrplan Abfahrtsmonitor VVT|Gries im Sellrain|Juifenau}}\n** {{Fahrplan Hinfahrt VVT|Gries im Sellrain|Juifenau}}\n** {{Fahrplan Rückfahrt VVT|Gries im Sellrain|Juifenau}}\n* \'\'\'Fahrplan\'\'\':\n** {{Fahrplan Linie VVT|4166|Innsbruck <-> Juifenau}}\n\n== Anreise mit dem Auto ==\nInnsbruck auf der Autobahn oder Bundesstraße bis Kematen fahren, dann ins Sellraintal abbiegen, durch Sellrain durch bis nach Gries im Sellraintal. Dort in das Lüsental abbiegen. Hinter dem Ort Juifenau befindet sich der Parkplatz für die Rodelbahn links. Es gibt dort einen unteren, und einen oberen Parkplatz. ACHTUNG: Auf dem kurzen Anstieg zum oberen Parkplatz auf entgegenkommende Rodler achten. TIPP: Sind beide Parkplätze voll, gibt es ab dem unteren Parkplatz auf der Lüsenstalstraße nach 50 m rechts noch einen dritten, größeren Parkplatz. Die Parkplätze sind seit Sommer 2008 allerdings \'\'\'kostenpflichtig\'\'\'; näheres dazu [http://winterrodeln-forum.org/viewtopic.php?f=25&t=7 hier]<br/>\n\'\'\'Parkgebühr 3€/Tag\'\'\'. (Achtung: Der Münzautomat wechselt nicht!)<br/>\n\n* \'\'\'Parkplatz\'\'\': {{Parkplatz|47.171528 N 11.144047 E|1430}}\n* \'\'\'Entfernung\'\'\':\n** von \'\'\'Innsbruck\'\'\' (Hauptbahnhof): 28.2 km\n\n\n{{Rodelbahnzustand|Forumlink=25}}\n\n[[Kategorie:Rodelbahn]]','utf-8');
INSERT INTO `text` VALUES (15104,'== Allgemeines ==\n{{Rodelbahnbox\n| Position             = 46.659931 N 8.053685 E\n| Position oben        =\n| Höhe oben            = 2166\n| Position unten       =\n| Höhe unten           = 1061\n| Länge                = 8600\n| Schwierigkeit        = schwer\n| Lawinen              = selten\n| Betreiber            = Jungfraubahnen Management AG\n| Öffentliche Anreise  = Ja\n| Aufstieg möglich     = Ja\n| Aufstieg getrennt    = Teilweise\n| Gehzeit              = 240\n| Aufstiegshilfe       = Gondel (8:00/8:30 - 16:15/17:00)\n| Beleuchtungsanlage   = Nein\n| Beleuchtungstage     =\n| Rodelverleih         = Intersport Grindelwald\n| Gütesiegel           =\n| Webauskunft          = https://www.jungfrau.ch/de-ch/jungfrau-ski-region/wintersportinfo/\n| Telefonauskunft      = +41-33-8287728 (Schnee-Telefon)\n| Bild                 = Rodelbahn First 2012-01-22.jpg\n| In Übersichtskarte   = Ja\n| Forumid              = 224\n}}\nMit der Gondelbahn geht es über die Zwischenstation Bort (sitzenbleiben!) zur Station Schreckfeld. Dort muss man in die Bahn zur Bergstation First umsteigen. Nach dem Start links neben dem Ausgang folgt rasch ein flacheres Stück an der Talstation  Widderfeld. Dort befinden sich auch Alphütten, vor denen man wunderbar in der Sonne sitzen kann. Nach 500m auf der Rodelbahn dann eine scharfe Linkskurve. Wenn man diese verpassen sollte, geht es fast senkrecht über Felsen auf die Skipiste. Diese wird, wenn ordentlich abgebogen, kurz darauf erreicht und ein Stück des Weges gemeinsam mit den Skifahrern genutzt. Dann muss man wieder den lila-gefärbten Stangen der Rodelbahn-Markierung folgen. Bald ist die Bahnstation Schreckfeld erreicht. Weiter geht es dem Bahntrasse folgend zur Zwischenstation Bort. Dabei wird einmal, an unübersichtlicher Stelle, die Skipiste gekreuzt. Auch ist mit Winterwanderern zu rechnen. Nun hat man die steilsten Bereiche hinter sich gelassen und man nähert sich dem Ortsteil Milibach. Die Rodelstrecke führt zwischen Häusern hindurch, kreuzt zweimal Strassen und endet nahe der Bushaltestelle \"Kirche\". Von dort bringt einen der Linienbus wieder zur Talstation der Firstbahn. Wenn man die Rodelstrecke nicht kennt, sollte man vorsichtig fahren, da die Bahn einige scharfe Kurven und Steilpassagen hat - und leider lässt die Signalisation und Sicherung etwas zu wünschen übrig.\n\nEin Film sagt mehr als tausend Worte: [http://www.youtube.com/watch?v=b-et9-HQN0w Video]\n\n* {{Position oben|46.660020 N 8.053853 E|2166}}\n* {{Position unten|46.625331 N 8.046482 E|1061}}\n* {{Höhenunterschied}}\n* {{Bahnlänge}}\n* {{Gehzeit}}\n* \'\'\'Beleuchtung\'\'\': Nein\n* \'\'\'Rodelverleih\'\'\':\n** Intersport Graf Sport [https://www.grafsport.ch]\n** Intersport Rent-Network Jungfrau Region [http://www.rentnetwork.ch]\n** Intersport Kaufmann Sport [http://www.kaufmann-sport.ch]\n* \'\'\'Schneelage - Auskunft\'\'\':\n** Schneetelefon +41-33-8287728 (Schnee-Telefon)\n** [https://www.jungfrau.ch/de-ch/jungfrau-ski-region/wintersportinfo/ geöffnete Anlagen]\n** [https://meteo.search.ch/snow/grindelwald Schneebericht]\n* \'\'\'Betreiber\'\'\': Jungfraubahnen Management AG\n* \'\'\'Hütten\'\'\':\n** Restaurant Schreckfeld\n** Berghaus Bort [http://www.berghaus-bort.ch]\n* \'\'\'Andere Rodelbahnen\'\'\':\n** [[Grindelwald - Kleine Scheidegg - Eigerrun]]\n** Grindelwald Faulhorn\n** Grindelwald Bussalp\n** [[Grindelwald - Kleine Scheidegg - Wengen]]\n** [[Grindelwald - Männlichen]]\n** Grindelwald Grosse Scheidegg\n** Mürren Gimmeln\n** Mürren Allmendhubel\n** Winteregg Lauterbrunnen\n** Sulwald Isenfluh\n* \'\'\'Siehe auch\'\'\':\n** [http://grindelwald.ch Grindelwald Tourismus]\n** [https://www.jungfrau.ch/de-ch/schlitteln/ Schlitteln Grindelwald]\n** [https://www.holzkreation-schmid.ch/velogemel/die-geschichte Velogemel]\n\n\n{{Buttonleiste|Bericht=Ja|ForumId=224|Impressionen=|video=http://www.youtube.com/watch?v=b-et9-HQN0w|webcam=http://www.swisswebcams.ch/webcam/1010908662-Grindelwald%2C-First-2-%283816-Oberläger%29_Wetter|Korrektur=Seite}}\n{{Clear}}\n\n== Landkarte ==\n<wrmap lat=\"46.641217\" lon=\"8.044018\" zoom=\"13\">\n\n<haltestelle name=\"Grindelwald Bahnhof\">46.624512 N 8.032367 E</haltestelle>\n<haltestelle name=\"Grindelwald Grund\">46.622503 N 8.023712 E</haltestelle>\n<haltestelle name=\"Grindelwald Firstbahn\">46.624224 N 8.041871 E</haltestelle>\n<haltestelle name=\"Grindelwald KIRCHE\">46.625154 N 8.046332 E</haltestelle>\n<haltestelle name=\"Bort\">46.646683 N 8.051646 E</haltestelle>\n<haltestelle name=\"Schreckfeld\">46.658499 N 8.064990 E</haltestelle>\n<parkplatz>46.622869 N 8.022855 E</parkplatz>\n<parkplatz>46.624232 N 8.033158 E</parkplatz>\n<gasthaus name=\"Berghaus Bort\" wiki=\"Bort (Gasthaus)\">46.646316 N 8.052390 E</gasthaus>\n<gasthaus name=\"Restaurant Schreckfeld\" wiki=\"Schreckfeld (Gasthaus)\">46.658956 N 8.065941 E</gasthaus>\n<gasthaus name=\"Rancher Bar\" wiki=\"Rancher (Gasthaus)\">46.627211 N 8.052823 E</gasthaus>\n\n<rodelbahn>\n46.659916 N 8.053835 E\n46.660566 N 8.053620 E\n46.660949 N 8.053019 E\n46.661678 N 8.053429 E\n46.661905 N 8.054834 E\n46.661905 N 8.054834 E\n46.663484 N 8.059188 E\n46.661570 N 8.058673 E\n46.660383 N 8.060282 E\n46.658664 N 8.060575 E\n46.658345 N 8.061003 E\n46.657579 N 8.060370 E\n46.658434 N 8.063259 E\n46.657977 N 8.063082 E\n46.658154 N 8.063911 E\n</rodelbahn>\n\n<rodelbahn>\n46.658154 N 8.063911 E\n46.656497 N 8.061060 E\n46.654376 N 8.059923 E\n46.653297 N 8.058367 E\n46.652426 N 8.057919 E\n46.652470 N 8.056374 E\n46.651582 N 8.057407 E\n46.651486 N 8.057159 E\n46.651324 N 8.057846 E\n46.651107 N 8.057873 E\n46.650923 N 8.056948 E\n46.650422 N 8.056819 E\n46.650910 N 8.055929 E\n46.650569 N 8.053655 E\n46.648853 N 8.054378 E\n46.650072 N 8.051482 E\n46.649776 N 8.050756 E\n46.648296 N 8.051325 E\n46.648208 N 8.051604 E\n46.647276 N 8.051904 E\n46.646592 N 8.051502 E\n46.646226 N 8.052120 E\n46.643811 N 8.050926 E\n46.644709 N 8.052954 E\n46.644182 N 8.055897 E\n46.639926 N 8.055393 E\n46.639307 N 8.054975 E\n46.637358 N 8.055304 E\n46.635708 N 8.054478 E\n46.634308 N 8.054167 E\n46.633742 N 8.053521 E\n46.633354 N 8.055408 E\n46.632025 N 8.055874 E\n46.631371 N 8.056361 E\n46.630338 N 8.055275 E\n46.629558 N 8.054433 E\n46.628386 N 8.053728 E\n46.627023 N 8.052465 E\n46.626304 N 8.052192 E\n46.626090 N 8.051733 E\n46.626131 N 8.051253 E\n46.626676 N 8.050974 E\n46.626593 N 8.050174 E\n46.626062 N 8.048849 E\n46.625530 N 8.047893 E\n</rodelbahn>\n\n<gehweg>\n46.658154 N 8.063911 E\n46.658241 N 8.065028 E\n</gehweg>\n\n<gehweg>\n46.625530 N 8.047893 E\n46.625154 N 8.046332 E\n</gehweg>\n\n\n<lift>\n46.624916 N 8.041761 E\n46.634679 N 8.043169 E\n46.646756 N 8.051765 E\n46.658457 N 8.065165 E\n46.659931 N 8.053685 E\n</lift>\n\n</wrmap>\n{{Landkarte Legende}}<br/>{{GoogleMaps Hinweis}}\n\n== Anreise mit öffentlichen Verkehrsmitteln ==\nDie Skiregion Jungfrau erreicht man ab dem SBB-Bahnhof Interlaken-Ost mit der Zahnradbahn der Berner Oberland-Bahn. Zu jeder halben Stunde fährt man in etwa 30 Minuten nach Grindelwald. Am Bahnhof Grindelwald kann man mit dem Bus (Linie 1 Oberer Gletscher, Linie 2 Gletscherschlucht, Linie 3 Kirche oder Linie 4 Bodmi) 3 Stationen bis zur Haltestelle Firstbahn fahren. Bei einer Übernachtung in Grindelwald ist der öffentliche Busverkehr in der Kurkarte inkludiert.\n\n* {{Haltestelle|Interlaken-Ost|Bahnhof|46.690727 N 7.868987 E| }}\n* {{Haltestelle|Grindelwald|Bahnhof|46.624512 N 8.032367 E| }}\n* {{Haltestelle|Grindelwald|Grund|46.622503 N 8.023712 E| }}\n* {{Haltestelle|Grindelwald|Firstbahn|46.624228 N 8.041823 E| }}\n* {{Haltestelle|Grindelwald|Kirche|46.625144 N 8.046102 E| }} Ende der Rodelbahn\n* \'\'\'Fahrplan\'\'\':\n** [http://www.sbb.ch/home.html SBB]\n** BOB Berner Oberland-Bahn [http://www.jungfrau.ch/tourismus/reiseinfos/fahrplan/jungfraujoch-via-grindelwald/hinfahrt/]\n\n== Anreise mit dem Auto ==\nMan gelangt mit dem Auto von Basel/Zürich/Genf über Bern oder Luzern/Brünig (nicht für Lieferwagen, Wohnwagen geeignet) auf der Autobahn 8 nach Interlaken. In Interlaken Ost (Autobahnausfahrt 26) besteht beim Bahnhof die Möglichkeit, das Auto gegen eine Parkgebühr einen Tag stehen zu lassen. Nach Grindelwald gelangt man dann mit der Berner Oberland-Bahn [http://www.jungfrau.ch/winter/tourismus/reiseinfos/fahrplan/jungfraujoch-via-grindelwald/hinfahrt/ Fahrplan]. \n\nMöchte man jedoch mit dem Auto bis Grindelwald fahren, so nimmt man die Ausfahrt 25.\nIn Grindelwald Dorf bestehen beschränkt Park-Möglichkeiten. Am besten parkiert man deshalb in Grindelwald-Grund; einfach den Strassenschildern \"Grindelwald-Grund\" folgen. Vom Bahnhof Grindelwald-Grund fahren alle paar Minuten Züge zum Bahnhof Grindelwald.\n\n* \'\'\'Parkplatz\'\'\' (Grindelwald Grund, empfohlen): {{Parkplatz|46.622869 N 8.022855 E| }}\n* \'\'\'Parkplatz\'\'\' (Grindelwald Dorf, nur wenig Parkplätze): {{Parkplatz|46.623979 N 8.042913 E| }}\n* \'\'\'Entfernung\'\'\':\n** von \'\'\'Zürich\'\'\' (Hauptbahnhof): 136 km, 1:50 Std.\n** von \'\'\'Innsbruck\'\'\' (Hauptbahnhof): 400 km, 4:40 Std.\n** von \'\'\'München\'\'\' (Hauptbahnhof): 450 km, 5:00 Std.\n\n\n{{Rodelbahnzustand|Forumlink=224}}\n	\n[[Kategorie:Rodelbahn]]','utf-8');

--
-- Table structure for table `user_groups`
--

CREATE TABLE `user_groups` (
  `ug_user` int(10) unsigned NOT NULL DEFAULT 0,
  `ug_group` varbinary(255) NOT NULL DEFAULT '',
  `ug_expiry` varbinary(14) DEFAULT NULL,
  PRIMARY KEY (`ug_user`,`ug_group`),
  KEY `ug_group` (`ug_group`),
  KEY `ug_expiry` (`ug_expiry`)
) ENGINE=InnoDB DEFAULT CHARSET=binary;

--
-- Dumping data for table `user_groups`
--

INSERT INTO `user_groups` VALUES (504,'beauftragte',NULL);
INSERT INTO `user_groups` VALUES (504,'sysop',NULL);

--
-- Table structure for table `wrinncache`
--

CREATE TABLE `wrinncache` (
  `page_id` int(11) NOT NULL,
  `page_title` varchar(255) DEFAULT NULL,
  `position_latitude` double DEFAULT NULL,
  `position_longitude` double DEFAULT NULL,
  `position_elevation` int(11) DEFAULT NULL,
  `operator` varchar(255) DEFAULT NULL,
  `seats` int(11) DEFAULT NULL,
  `overnight` tinyint(1) DEFAULT NULL,
  `overnight_comment` varchar(255) DEFAULT NULL,
  `smoker_area` tinyint(1) DEFAULT NULL,
  `nonsmoker_area` tinyint(1) DEFAULT NULL,
  `sled_rental` tinyint(1) DEFAULT NULL,
  `sled_rental_comment` varchar(255) DEFAULT NULL,
  `mobile_provider` mediumtext DEFAULT NULL,
  `homepage` varchar(255) DEFAULT NULL,
  `email_list` mediumtext DEFAULT NULL,
  `phone_list` mediumtext DEFAULT NULL,
  `image` varchar(255) DEFAULT NULL,
  `sledding_list` mediumtext DEFAULT NULL,
  `under_construction` tinyint(1) DEFAULT NULL,
  PRIMARY KEY (`page_id`)
) ENGINE=InnoDB DEFAULT CHARSET=utf8mb4;

--
-- Dumping data for table `wrinncache`
--

INSERT INTO `wrinncache` VALUES (356,'Maria_Waldrast_(Klostergasthaus)',47.130667,11.406072,1638,NULL,NULL,1,'Ja',0,1,1,'Ja','Nein',NULL,'maria-waldrast@aon.at','+43-5273-6219; +43-664-4130879','Gasthaus_Maria_Waldrast_2011-01-09.jpg','[[Maria Waldrast]]',0);
INSERT INTO `wrinncache` VALUES (357,'Krinnenalpe_(Gasthaus)',47.479777,10.588662,1530,'Martin Rief',NULL,1,'20 Personen',NULL,NULL,NULL,NULL,NULL,'http://www.krinnenalpe-tirol.at','info@krinnenalpe-tirol.at','+43-5675-8189; +43-676-5559000',NULL,'[[Krinnenalplifte]]',1);
INSERT INTO `wrinncache` VALUES (358,'Larstig_Alm_(Gasthaus)',47.143333,11.001333,1777,'Fam. Ludwig Scheiber',NULL,0,NULL,0,1,1,'Ja','A1','Nein','Nein','+43-5255-5178; +43-5255-5590','Gasthaus_Larstig_Alm_2009-02-15.jpg','[[Horlachtal]]',0);
INSERT INTO `wrinncache` VALUES (359,'Lehnberghaus_(Gasthaus)',47.328687,10.926552,1554,'Kai Oliver Hähnel',NULL,NULL,NULL,0,1,1,'Ja','A1','http://www.lehnberghaus.at','info@lehnberghaus.at','+43-676-7905262','Gasthaus_Lehnberghaus_01.jpg','[[Lehnberghaus]]',0);
INSERT INTO `wrinncache` VALUES (360,'Liechtensteinhaus_(Gasthaus)',47.623313,15.833266,1370,NULL,NULL,NULL,NULL,NULL,NULL,NULL,NULL,'A1; T-Mobile/Telering; Orange; Drei','http://www.liechtensteinhaus.at','LiechtensteinhausPolleres@aon.at','+43-2664-2343','Gasthaus_Liechtensteinhaus_01.jpg','[[Hirschenkogel]]',0);
INSERT INTO `wrinncache` VALUES (361,'Lindauer_Hütte_(Gasthaus)',47.034436,9.835684,NULL,NULL,NULL,NULL,NULL,0,1,NULL,NULL,'A1','http://members.aon.at/lindauerhuette','lindauerhuette@aon.at','+43-5559-582; +43-664-5033456','Gasthaus_Lindauer_Hütte_2012-02-18.jpg‎','[[Lindauer Hütte]]',0);
INSERT INTO `wrinncache` VALUES (362,'Meißner_Haus_(Gasthaus)',47.208367,11.488682,1720,'Sven Deppe',NULL,1,'65 Schlafplätze',0,1,NULL,NULL,NULL,'http://www.meissner-haus.at/','info@meissner-haus.at','+43-512-377697','Gasthaus_Meißner_Haus_02.jpg','[[Meißner Haus]]',0);
INSERT INTO `wrinncache` VALUES (363,'Milderaun_Alm_(Gasthaus)',47.08768,11.257011,1675,'Milderaunalm OG',NULL,NULL,NULL,NULL,NULL,1,'Ja',NULL,'Nein','dez.testarossa@a1.net','+43-699-10036813','Gasthaus_Milderaun_Alm_01.jpg','[[Milderaun]]; [[Milderaun (kürzer)]]',1);
INSERT INTO `wrinncache` VALUES (364,'Moonlight-Bar',47.495677136,12.197686555,720,'Gabi Schroll',NULL,0,NULL,1,1,0,NULL,'bob; T-Mobile A; orange AT; 3 AT','http://www.moonlightbar-soell.com/','schroll.gabi@aon.at','+43-664-4036006','Moonlight-Bar 2016-01-18.jpg','[[Söll - Hexenritt]]; [[Söll - Mondrodelbahn]]',0);

--
-- Table structure for table `wrregion`
--

CREATE TABLE `wrregion` (
  `id` int(11) NOT NULL AUTO_INCREMENT,
  `name` varchar(50) DEFAULT NULL,
  `name_url` varchar(50) DEFAULT NULL,
  `page_id` int(11) DEFAULT NULL,
  `border` multipolygon DEFAULT NULL,
  PRIMARY KEY (`id`)
) ENGINE=InnoDB AUTO_INCREMENT=4127 DEFAULT CHARSET=utf8mb4;

--
-- Dumping data for table `wrregion`
--

INSERT INTO `wrregion` VALUES (1,'Innsbruck Ost','innsbruck-ost',NULL,ST_GeomFromText('MULTIPOLYGON(((11.662625876647514 47.36114615720264,11.386522413141336 47.30914653200871,11.413798080834944 47.26810667940387,11.519590950989036 47.283179521469066,11.556433934942582 47.233359389768204,11.616637681600551 47.24015396675181,11.600402931716541 47.13490699537449,11.767157839622337 47.262397982287446,11.662625876647514 47.36114615720264)))'));
INSERT INTO `wrregion` VALUES (2,'Innsbruck West','innsbruck-west',NULL,ST_GeomFromText('MULTIPOLYGON(((11.174667216157225 47.29993638851124,11.002744039559216 47.35242584506434,10.812775940535042 47.339187423975694,10.878114533860169 47.25531443071272,11.053301926648112 47.160349751660306,11.131726374979573 47.027554490317605,11.168127562926722 47.12027930745311,11.270736797859545 47.1592094140582,11.224805266059994 47.196597251942485,11.297717260776727 47.291691362795916,11.174667216157225 47.29993638851124)))'));
INSERT INTO `wrregion` VALUES (3,'Tirol - Oberland - Sonstige','tirol-oberland-sonstige',NULL,ST_GeomFromText('MULTIPOLYGON(((11.276939001819876 47.158848578533394,11.229677496449039 47.19901922214577,11.30366646685766 47.294217230335065,11.178691797358645 47.30181954808825,11.008124556773279 47.35416372600355,11.00702931808064 47.391094154783346,10.90246909215264 47.453528781447204,10.52700182322867 47.54361928542977,10.223254993527535 47.25572723350031,10.165236893262351 46.85977294782786,10.468210835639265 46.86403354289792,10.968074765939084 46.7624906246759,10.901668493925767 47.06167682498618,10.788942108573213 47.206331217942356,10.877079177362011 47.251718657151976,11.048067739811032 47.1564514845081,11.132220833623947 47.0174501660005,11.173740977697735 47.11873119323645,11.276939001819876 47.158848578533394)))'));
INSERT INTO `wrregion` VALUES (4,'Tirol','tirol',397,ST_GeomFromText('MULTIPOLYGON(((10.209389623749994 47.26979573487798,10.142049638014782 46.843076404673894,10.46477098204069 46.860020838455796,10.091142134152983 46.232456074046866,10.58853583286469 45.79774270829807,11.172228581618892 45.65283319082278,12.004477361107362 46.20134568081745,11.936486156985692 46.5164484048865,13.007358447940867 46.76594662997937,12.611664 47.13366,12.125237 47.128539,12.153398 47.294948,12.639825 47.392234,12.591183 47.69433,10.999928680809154 47.449152008955195,10.511459494999976 47.566475107074744,10.209389623749994 47.26979573487798)))'));
INSERT INTO `wrregion` VALUES (5,'Innsbruck','innsbruck',882,ST_GeomFromText('MULTIPOLYGON(((11.312624742412378 47.296337928216566,11.235830346001087 47.199300488963786,11.283799642632971 47.15889855573793,11.42089825912958 47.212580092751885,11.550597270370247 47.22687369661436,11.473878409687156 47.3283881419839,11.312624742412378 47.296337928216566)))'));
INSERT INTO `wrregion` VALUES (6,'Liechtenstein','liechtenstein',1353,ST_GeomFromText('MULTIPOLYGON(((9.539134917582075 47.27590536121872,9.47662031346206 47.205990875573065,9.516234075534737 47.07867888737167,9.630048803041293 47.05558446625887,9.539134917582075 47.27590536121872)))'));
INSERT INTO `wrregion` VALUES (7,'Seefeld, Leutasch','seefeld-leutasch',1354,ST_GeomFromText('MULTIPOLYGON(((11.0172803206226 47.38924350093607,11.018647120961528 47.357309492909906,11.179246160785585 47.30728700419315,11.31319259400054 47.29755490679303,11.473108233655134 47.32952507092146,11.38016581060802 47.44935648938695,11.0172803206226 47.38924350093607)))'));
INSERT INTO `wrregion` VALUES (8,'Tirol - Unterland','tirol-unterland',834,ST_GeomFromText('MULTIPOLYGON(((11.358475 47.484399,12.57827806779303 47.685411308575056,12.625435153748679 47.397608593046805,12.14177406779303 47.30074494725787,12.111768791763462 47.090795290586875,11.58141191404435 47.01003291362185,11.609010638014784 47.23589158627888,11.553685 47.229665,11.358475 47.484399)))'));
INSERT INTO `wrregion` VALUES (9,'Tirol - Oberland','tirol-oberland',833,ST_GeomFromText('MULTIPOLYGON(((11.282980676451956 47.158709632484175,11.233773628933474 47.19901883650557,11.308991029355862 47.29560661744412,11.178692038437168 47.304874991347994,11.013039723970437 47.35582901579727,11.01112490496304 47.39220318637638,10.90738408595565 47.455190696414626,10.527002 47.54859568857584,10.219159 47.257395,10.152130361985218 46.8530506697793,10.46751602958585 46.86232863113464,10.98432523970433 46.75275255685729,11.072118 46.86477,11.176607723970433 47.118173542740784,11.282980676451956 47.158709632484175)))'));
INSERT INTO `wrregion` VALUES (10,'Vorarlberg','vorarlberg',395,ST_GeomFromText('MULTIPOLYGON(((9.547815 47.537522,9.669831828088704 47.40148867237725,9.540880548910652 47.276060515831794,9.632156018873872 47.05640362432868,9.884473 47.005012,9.892154 46.926928,10.130247 46.843724,10.222412 47.364712,9.972798 47.549042,9.547815 47.537522)))'));
INSERT INTO `wrregion` VALUES (11,'Osttirol','osttirol',835,ST_GeomFromText('MULTIPOLYGON(((12.12234289588173 47.01299007324195,12.331671955227039 47.123244183723536,12.602280715522712 47.128774398695505,12.991510895881731 46.7693212400266,12.42649103632524 46.64611124426679,12.12234289588173 47.01299007324195)))'));
INSERT INTO `wrregion` VALUES (12,'Südtirol','südtirol',836,ST_GeomFromText('MULTIPOLYGON(((10.46734158569913 46.85731335412329,10.107319201987448 46.23254362937878,10.598113 45.806866,11.176705 45.666059,11.990829 46.203688,11.921706 46.521146,12.405572 46.631232,12.048999226399157 47.0653400002609,11.199336647096096 46.94660155843849,11.000055 46.733637,10.46734158569913 46.85731335412329)))'));
INSERT INTO `wrregion` VALUES (13,'Niederösterreich','niederösterreich',880,ST_GeomFromText('MULTIPOLYGON(((14.809545 48.698546,15.039957 47.761534,16.089615 47.413355,16.965184 48.150676,16.832056 48.713907,15.041802814016705 49.0116338825315,14.809545 48.698546)))'));
INSERT INTO `wrregion` VALUES (14,'Steiermark','steiermark',396,ST_GeomFromText('MULTIPOLYGON(((13.720566312354809 47.51064,14.077344 47.024213,14.994794568978223 46.922982799226105,15.065756497427135 46.65853681915375,16.012811 46.686275,16.17666 47.474798,15.905285 47.889541,15.336934 47.935624,13.720566312354809 47.51064)))'));
INSERT INTO `wrregion` VALUES (15,'Wien','wien',NULL,ST_GeomFromText('MULTIPOLYGON(((16.218385314207854 48.27303366803858,16.551885434600234 48.32296704414841,16.59453250881921 48.14343359102917,16.218385314207854 48.13660344862053,16.218385314207854 48.27303366803858)))'));
INSERT INTO `wrregion` VALUES (16,'Bayern','bayern',NULL,ST_GeomFromText('MULTIPOLYGON(((10.514113626691367 47.57293702214915,10.992808373657336 47.45510257741005,12.628753532369087 47.71708944193929,12.990847580918837 47.5085468531812,12.768382317784933 48.19392237164467,13.813941923761654 48.768278766013246,11.948109035747946 50.39356716148272,9.250449720879828 50.19058991093444,9.042493114166225 50.083216742088716,9.077152548618491 49.598924206458115,10.111159009777792 49.591435643272824,10.116935582186505 47.7103189164546,9.541947411595478 47.54308405134552,9.9779897487485 47.56256063915566,10.266404393261903 47.34170041600826,10.514113626691367 47.57293702214915)))'));
INSERT INTO `wrregion` VALUES (17,'Baden-Württemberg','baden-württemberg',NULL,ST_GeomFromText('MULTIPOLYGON(((8.420067437127587 49.61296216336109,10.07216714601899 49.56427996228823,10.101742272673793 47.71717778266962,9.531246133433884 47.55660797292076,7.252999834238135 47.63703191135653,8.420067437127587 49.61296216336109)))'));
INSERT INTO `wrregion` VALUES (18,'Salzburg','salzburg',839,ST_GeomFromText('MULTIPOLYGON(((12.605169150197623 47.696934252197984,12.6533239182977 47.388997390186745,12.17050707348333 47.28589962593877,12.141624211439774 47.140717035184686,12.62396800756716 47.14464611522786,13.8052770651486 46.94783633427359,14.051439040291612 47.033355991384475,13.294050406977659 48.02131238638422,12.863695762528675 48.017448557272125,13.01310976962301 47.480427815745394,12.605169150197623 47.696934252197984)))'));
INSERT INTO `wrregion` VALUES (19,'Slowenien','slowenien',NULL,ST_GeomFromText('MULTIPOLYGON(((14.559119764485411 46.41185524302784,13.590099742924105 46.53319486048319,13.720072622120108 45.42528576791028,15.250864310428577 45.43339363033611,16.371519357718547 46.69188831524546,15.104629404893618 46.655155751029284,14.559119764485411 46.41185524302784)))'));
INSERT INTO `wrregion` VALUES (20,'Kärnten','kärnten',837,ST_GeomFromText('MULTIPOLYGON(((12.630556072346488 47.13484026267576,13.816830209966009 46.92713375438015,14.056235670075521 47.01164842313405,14.980809550321329 46.91331995852675,15.050128419225862 46.648285708220776,14.541790047259276 46.421781452744476,12.60420767557967 46.66628027038198,13.025439789972589 46.76514065215135,12.630556072346488 47.13484026267576)))'));
INSERT INTO `wrregion` VALUES (21,'Oberösterreich','oberösterreich',879,ST_GeomFromText('MULTIPOLYGON(((12.794376893624113 48.191996970548786,12.852142617711225 48.0377304295374,13.322933269021194 48.0280733905318,13.704187047996136 47.51756035347985,14.983697836525684 47.85781321357687,14.790182660833855 48.6863535141985,13.845713072009563 48.7663750433743,12.794376893624113 48.191996970548786)))'));
INSERT INTO `wrregion` VALUES (22,'Schweiz','schweiz',881,ST_GeomFromText('MULTIPOLYGON(((5.885763619550997 46.23587182365007,7.234574037390602 47.600762342297784,9.523806201998655 47.54445124281926,9.653214284074718 47.40382933763259,9.474507476471222 47.20702600212191,9.514651543000092 47.07803838616639,9.87876415657914 47.00233785351887,9.882508673324956 46.92329209226118,10.132591275428306 46.83579893948842,10.464225867808253 46.85742977554818,10.073611289121104 46.24429238110684,7.117034956901572 45.886489012671255,5.885763619550997 46.23587182365007)))'));
INSERT INTO `wrregion` VALUES (23,'Tschechien','tschechien',NULL,ST_GeomFromText('MULTIPOLYGON(((14.676095355761806 50.9008704035432,19.054737241564947 49.65318075654756,16.952064884794044 48.70351307601866,15.040019417510619 49.030300368860054,14.79451509014039 48.71113121464767,13.855822073724806 48.793022324820704,12.19794579242467 50.22571034555056,14.676095355761806 50.9008704035432)))'));
INSERT INTO `wrregion` VALUES (24,'Ötztal','ötztal',NULL,ST_GeomFromText('MULTIPOLYGON(((10.975031595419573 46.76313008263557,11.066488710322332 46.86635554459075,11.130916880019187 47.01499236711986,11.046493075402084 47.15557221160545,10.876539156456076 47.250669535489884,10.791364428919767 47.20557555319886,10.90407808652125 47.06326889542301,10.975031595419573 46.76313008263557)))'));
INSERT INTO `wrregion` VALUES (25,'Stubaital','stubaital',NULL,ST_GeomFromText('MULTIPOLYGON(((11.18140619247202 47.11416196172868,11.420075442462453 47.208247127441346,11.403114629100669 47.14699266421198,11.359840712073638 47.07969672998698,11.110248694892565 46.94594028300449,11.18140619247202 47.11416196172868)))'));
INSERT INTO `wrregion` VALUES (26,'Wipptal','wipptal',NULL,ST_GeomFromText('MULTIPOLYGON(((11.112468200377275 46.942317412444574,11.363080646908283 47.07812361948369,11.408111742712329 47.146521167350535,11.423492443309778 47.209638694540246,11.596516877058999 47.227804763158765,11.562262943058146 46.93019246312873,11.112468200377275 46.942317412444574)))'));
INSERT INTO `wrregion` VALUES (27,'Innsbruck Mittelgebirge','innsbruck-mittelgebirge',NULL,ST_GeomFromText('MULTIPOLYGON(((11.285799950994862 47.162718391922056,11.42137440527152 47.21477016028623,11.546709097140573 47.228122809308736,11.509026771480597 47.27760952545045,11.273921826602042 47.24453083320155,11.2399258154088 47.199466060020924,11.285799950994862 47.162718391922056)))'));
INSERT INTO `wrregion` VALUES (28,'Nordtirol','nordtirol',838,ST_GeomFromText('MULTIPOLYGON(((10.212812 47.261667,10.142049638014782 46.843076404673894,10.46477098204069 46.860020838455796,10.992938276029568 46.74384833208415,11.194474027243931 46.95089091231351,12.117415777357557 47.087058524632944,12.153398 47.294948,12.639825 47.392234,12.591183 47.69433,10.989661552059134 47.44683753528545,10.525149 47.556083,10.212812 47.261667)))'));
INSERT INTO `wrregion` VALUES (29,'Schwaz/Zillertal','schwaz-zillertal',NULL,ST_GeomFromText('MULTIPOLYGON(((11.539802290308542 47.50329408254429,11.955621004684453 47.076165617217384,12.131873381559837 47.32148996182304,11.876906350934279 47.56337111779702,11.876906350934279 47.56337111779702,11.539802290308542 47.50329408254429)))'));
INSERT INTO `wrregion` VALUES (30,'Kitzbühel','kitzbühel',NULL,ST_GeomFromText('MULTIPOLYGON(((12.160963579684903 47.32148996182304,12.595605363435853 47.39799363674069,12.561381600935778 47.62337933402255,12.328660015935268 47.577225275421085,12.26021249093512 47.46166196806404,12.060003480309682 47.422312452960874,12.060003480309682 47.422312452960874,12.160963579684903 47.32148996182304)))'));
INSERT INTO `wrregion` VALUES (31,'Kufstein','kufstein',NULL,ST_GeomFromText('MULTIPOLYGON(((11.900862984684332 47.56221643923346,12.052439029159842 47.42166358606527,12.249945362185095 47.46975968537188,12.335504768435284 47.63837063663293,11.900862984684332 47.56221643923346)))'));

--
-- Table structure for table `wrregioncache`
--

CREATE TABLE `wrregioncache` (
  `id` int(11) NOT NULL AUTO_INCREMENT,
  `region_id` int(11) DEFAULT NULL,
  `page_id` int(11) DEFAULT NULL,
  PRIMARY KEY (`id`),
  KEY `region_id` (`region_id`),
  CONSTRAINT `wrregioncache_ibfk_1` FOREIGN KEY (`region_id`) REFERENCES `wrregion` (`id`)
) ENGINE=InnoDB AUTO_INCREMENT=68958 DEFAULT CHARSET=utf8mb4;

--
-- Dumping data for table `wrregioncache`
--

INSERT INTO `wrregioncache` VALUES (48522,4,5);
INSERT INTO `wrregioncache` VALUES (48523,5,5);
INSERT INTO `wrregioncache` VALUES (48524,27,5);
INSERT INTO `wrregioncache` VALUES (48525,28,5);
INSERT INTO `wrregioncache` VALUES (48537,4,228);
INSERT INTO `wrregioncache` VALUES (48538,25,228);
INSERT INTO `wrregioncache` VALUES (48539,28,228);
INSERT INTO `wrregioncache` VALUES (48565,2,237);
INSERT INTO `wrregioncache` VALUES (48566,3,237);
INSERT INTO `wrregioncache` VALUES (48567,4,237);
INSERT INTO `wrregioncache` VALUES (48568,9,237);
INSERT INTO `wrregioncache` VALUES (48569,28,237);
INSERT INTO `wrregioncache` VALUES (48615,2,251);
INSERT INTO `wrregioncache` VALUES (48616,3,251);
INSERT INTO `wrregioncache` VALUES (48617,4,251);
INSERT INTO `wrregioncache` VALUES (48618,9,251);
INSERT INTO `wrregioncache` VALUES (48619,28,251);
INSERT INTO `wrregioncache` VALUES (48718,10,283);
INSERT INTO `wrregioncache` VALUES (48846,4,761);
INSERT INTO `wrregioncache` VALUES (48847,5,761);
INSERT INTO `wrregioncache` VALUES (48848,27,761);
INSERT INTO `wrregioncache` VALUES (48849,28,761);
INSERT INTO `wrregioncache` VALUES (48854,4,793);
INSERT INTO `wrregioncache` VALUES (48855,12,793);
INSERT INTO `wrregioncache` VALUES (48891,4,926);
INSERT INTO `wrregioncache` VALUES (48892,12,926);
INSERT INTO `wrregioncache` VALUES (48893,26,926);
INSERT INTO `wrregioncache` VALUES (49023,22,1417);
INSERT INTO `wrregioncache` VALUES (49124,4,1804);
INSERT INTO `wrregioncache` VALUES (49125,12,1804);

--
-- Table structure for table `wrreport`
--

CREATE TABLE `wrreport` (
  `id` int(11) NOT NULL AUTO_INCREMENT,
  `page_id` int(11) DEFAULT NULL,
  `page_title` varchar(255) DEFAULT NULL,
  `date_report` date DEFAULT NULL,
  `time_report` time DEFAULT NULL,
  `date_entry` datetime DEFAULT NULL,
  `date_invalid` datetime DEFAULT NULL,
  `condition` int(11) DEFAULT NULL,
  `description` mediumtext DEFAULT NULL,
  `author_name` varchar(30) DEFAULT NULL,
  `author_ip` varchar(15) DEFAULT NULL,
  `author_userid` int(11) DEFAULT NULL,
  `author_username` varchar(30) DEFAULT NULL,
  `delete_date` datetime DEFAULT NULL,
  `delete_person_name` varchar(30) DEFAULT NULL,
  `delete_person_ip` varchar(15) DEFAULT NULL,
  `delete_person_userid` int(11) DEFAULT NULL,
  `delete_person_username` varchar(30) DEFAULT NULL,
  `delete_reason_public` mediumtext DEFAULT NULL,
  `delete_invisible` tinyint(1) DEFAULT NULL,
  PRIMARY KEY (`id`),
  KEY `idx_author` (`author_userid`,`condition`,`delete_date`),
  KEY `idx_page` (`page_title`,`date_invalid`),
  KEY `idx_date_invalid` (`date_invalid`),
  KEY `idx_date_entry` (`date_entry`)
) ENGINE=InnoDB AUTO_INCREMENT=25774 DEFAULT CHARSET=utf8mb4;

--
-- Dumping data for table `wrreport`
--

INSERT INTO `wrreport` VALUES (19587,793,'Prantner Alm','2017-03-19','13:00:00','2017-03-19 18:56:07','2017-03-28 18:56:07',NULL,'Obere Hälfte der Rodelbahn gut rodelbar! untere Hälfte teilweise aper und weich. Essen wie immer top!','CHARLY',NULL,NULL,NULL,NULL,NULL,NULL,NULL,NULL,NULL,NULL);
INSERT INTO `wrreport` VALUES (19588,251,'Juifenalm','2017-03-20','15:00:00','2017-03-20 23:17:08','2017-03-29 23:17:08',4,'Wärme und Regen haben innerhalb von drei Tagen die Superbahn in ein Stückwerk verwandelt. Trotzdem mit der Rodel gerade noch schneller als zu Fuß! Das war für uns definitiv der heurige Rodelabschluß! Oben auf der Alm sonnig, warm, windstill und beste Bedienung: das gibt es auch in der rodelfreien Zeit!','Ramon',NULL,NULL,NULL,NULL,NULL,NULL,NULL,NULL,NULL,NULL);
INSERT INTO `wrreport` VALUES (19589,1804,'Haunold','2017-03-21',NULL,'2017-03-22 07:07:57','2017-03-31 07:07:57',1,'Kaum zu glauben, aber die Bahn war bestens präpariert,  mit viel Kunstschnee,  und die rasante Abfahrt hat richtig Spass gemacht. Ab mittags wird der Schnee dann natürlich immer weicher. Einziger Nachteil: der unfreundliche Wirt auf der Haunold Hütte.','Brigitte',NULL,NULL,NULL,NULL,NULL,NULL,NULL,NULL,NULL,NULL);
INSERT INTO `wrreport` VALUES (19590,761,'Pleisenhütte Axamer Lizum','2017-03-22',NULL,'2017-03-22 18:26:20','2017-03-31 18:26:20',4,'Leider gibt es schon mehrere apere Stellen nun auch im oberen Bereich. Für geübte Rodler sicher zu umfahren. Durch die hohen Temperaturen ziemlich weich. Vielleicht kommt Frau Holle nochmal in Fahrt ......','Gudrun - Pleisenwirtin',NULL,NULL,NULL,NULL,NULL,NULL,NULL,NULL,NULL,NULL);
INSERT INTO `wrreport` VALUES (19591,228,'Brandstatt Alm','2017-03-25','21:30:00','2017-03-25 23:06:12','2017-04-03 23:06:12',4,'es war am abend schon etwas durchgefroren, allerdings rinnt die bahn derzeit einfach davon. von der brandstatt bis zur auffang alm geht es noch großteils durchgängig und flott dahin, absteigen muss man trotzdem einige male. runter dann zum parkplatz josef halten sich rodel- und fußwegabschnitte die wage. für einen saisonabschluss war es jedoch immer noch sehr lohnenswert! auch die gastfreundschaft auf der brandstattalm ist einzigartig. bis zum 2. april ist die alm noch geöffnet, allerdings nur untertags bis 17:00 uhr!!!','steffl',NULL,NULL,NULL,NULL,NULL,NULL,NULL,NULL,NULL,NULL);
INSERT INTO `wrreport` VALUES (19592,761,'Pleisenhütte Axamer Lizum','2017-03-26',NULL,'2017-03-26 06:03:59','2017-04-04 06:03:59',5,'Inzwischen sind zu viele apere Stellen. So früh wie dieses Jahr mussten wir die Bahn noch nie schließen. Hütte aller Voraussicht noch bis 17.4. ( Ostermontag ) geöffnet. Früh Frühjahrswanderungen.....','Gudrun - Pleisenwirtin',NULL,NULL,NULL,NULL,NULL,NULL,NULL,NULL,NULL,NULL);
INSERT INTO `wrreport` VALUES (19593,237,'Gleirschalm','2017-03-26',NULL,'2017-03-26 23:25:28','2017-04-04 23:25:28',5,'Auch bei unserer Bahn hat das Tauwetter ganze Arbeit geleistet.Ein Dank den vielen Rodlern für euren Besuch. Trotzdem haben wir noch am Sa.1.4 und So 2.4. sowie vom Sa. 8.4 bis Di 18.4. Geöffnet. Wandern ist auch schön. ','Gleirschalm',NULL,NULL,NULL,NULL,NULL,NULL,NULL,NULL,NULL,NULL);
INSERT INTO `wrreport` VALUES (19594,5,'Birgitzer Alm (vom Adelshof)','2017-03-26','12:00:00','2017-03-27 00:04:08','2017-04-05 00:04:08',NULL,'He sers i bims da josef und i bin a mandl vong rodelsickness her!','Da Josef',NULL,NULL,NULL,'2017-04-28 21:27:21','Philipp',NULL,1,'Philipp','Nonsens',0);
INSERT INTO `wrreport` VALUES (19595,5,'Birgitzer Alm (vom Adelshof)','2017-03-28','14:00:00','2017-03-28 18:26:20','2017-04-06 18:26:20',3,'Nach den unglaublich ergiebigen Schneefällen und kalten Temperaturen der letzten Tage mußte ich einfach nochmal die Rodel auspacken und mein Glück versuchen - uind es hat sich gelohnt!\n<p>\nMan muß gleich vorausschicken... das Befahren der Rodelbahn ist derzeit nur <b>ab der Mittelstation</b> (Kreuz) sinnvoll möglich, da ab hier die Tourengeher den vielen Schnee einigermaßen geplättet haben. Es ist jede Menge Schnee gefallen und noch vorhanden, bis ganz unten, Wahnsinn! \nUnd absurd: Der obere Teil von der Alm bis kurz vor dem Kreuz geht praktisch nicht, da zu viel Tiefschnee liegt!<br>Die gesamte Strecke (ab dem Kreuz) hatte ausreichend Schnee ohne durchkommende Steine, (noch) keine aperen Stellen, keine Mugel, war allerdings natürlich nicht geräumt und entsprechend muß man relativ genau die Spur halten, aber man wird mit einer flotten Abfahrt belohnt!\n<br><br>\nNatürlich dürfte der ganze Zauber schnell wieder vorbei sein, aber diese Wochenende gehts bestimmt noch!\n\nAlso, wer das beste aus dem Schneewunder machen möchte,  und auf eine Hütteneinkehr verzichten kann (geschlossen), der soll seine Rodel auspacken und noch die letzten Rodel-Tage auskosten!<br><br>\nAb Mittelteil also ein gutes <b>Mittelmäßig</b>, was sich sogar in ein Gut verbessern könnte, sollten mehr Leute herunterfahren und damit die Piste \"planieren\". ','Nicolas',NULL,124,'Nicolas',NULL,NULL,NULL,NULL,NULL,NULL,NULL);
INSERT INTO `wrreport` VALUES (19596,1417,'Grindelwald - First','2017-03-28','16:00:00','2017-03-30 01:24:49','2017-04-08 01:24:49',2,'Die Strecke First-Schreckfeld ist gut befahrbar. Trotz warmer Temperaturen/Sonne. Die Station Schreckfeld kann jedoch nicht mehr direkt angefahren werden. Hier muss man fussgaengig einen kleinen Aufstieg (Bruecke) begehen. Abfahrt nach Bort nicht mehr moeglich. Schnee fehlt.','alemannenrodel',NULL,328,'Alemannenrodel',NULL,NULL,NULL,NULL,NULL,NULL,NULL);

--
-- Table structure for table `wrreportcache`
--

CREATE TABLE `wrreportcache` (
  `page_id` int(11) NOT NULL,
  `page_title` varchar(255) DEFAULT NULL,
  `report_id` int(11) DEFAULT NULL,
  `date_report` date DEFAULT NULL,
  `condition` int(11) DEFAULT NULL,
  `description` mediumtext DEFAULT NULL,
  `author_name` varchar(30) DEFAULT NULL,
  `author_username` varchar(30) DEFAULT NULL,
  PRIMARY KEY (`page_id`)
) ENGINE=InnoDB DEFAULT CHARSET=utf8mb4;

--
-- Dumping data for table `wrreportcache`
--


--
-- Table structure for table `wrsledruncache`
--

CREATE TABLE `wrsledruncache` (
  `page_id` int(11) NOT NULL,
  `page_title` varchar(255) DEFAULT NULL,
  `name_url` varchar(255) DEFAULT NULL,
  `position_latitude` double DEFAULT NULL,
  `position_longitude` double DEFAULT NULL,
  `top_latitude` double DEFAULT NULL,
  `top_longitude` double DEFAULT NULL,
  `top_elevation` int(11) DEFAULT NULL,
  `bottom_latitude` double DEFAULT NULL,
  `bottom_longitude` double DEFAULT NULL,
  `bottom_elevation` int(11) DEFAULT NULL,
  `length` int(11) DEFAULT NULL,
  `difficulty` int(11) DEFAULT NULL,
  `avalanches` int(11) DEFAULT NULL,
  `operator` varchar(255) DEFAULT NULL,
  `public_transport` int(11) DEFAULT NULL,
  `walkup_possible` tinyint(1) DEFAULT NULL,
  `walkup_time` int(11) DEFAULT NULL,
  `walkup_separate` double DEFAULT NULL,
  `walkup_separate_comment` varchar(255) DEFAULT NULL,
  `lift` tinyint(1) DEFAULT NULL,
  `lift_details` varchar(255) DEFAULT NULL,
  `night_light` double DEFAULT NULL,
  `night_light_comment` varchar(255) DEFAULT NULL,
  `night_light_days` int(11) DEFAULT NULL,
  `night_light_days_comment` varchar(255) DEFAULT NULL,
  `sled_rental` tinyint(1) DEFAULT NULL,
  `sled_rental_comment` varchar(255) DEFAULT NULL,
  `cachet` varchar(255) DEFAULT NULL,
  `information_web` varchar(255) DEFAULT NULL,
  `information_phone` varchar(255) DEFAULT NULL,
  `image` varchar(255) DEFAULT NULL,
  `show_in_overview` tinyint(1) DEFAULT NULL,
  `forum_id` int(11) DEFAULT NULL,
  `under_construction` tinyint(1) DEFAULT NULL,
  PRIMARY KEY (`page_id`)
) ENGINE=InnoDB DEFAULT CHARSET=utf8mb4;

--
-- Dumping data for table `wrsledruncache`
--

INSERT INTO `wrsledruncache` VALUES (5,'Birgitzer_Alm_(vom_Adelshof)',NULL,47.21052,11.302868,47.203959,11.308052,1808,47.218007,11.295303,1370,3200,NULL,1,'Birgitzer Alm',6,1,90,0,NULL,0,NULL,0,NULL,NULL,NULL,0,NULL,'Nein',NULL,'+43-664-5970026 (Birgitzer Alm)','Rodelbahn Birgitzer Alm 2007-11-17.jpg',1,44,0);
INSERT INTO `wrsledruncache` VALUES (228,'Brandstatt_Alm',NULL,47.111253,11.261659,47.107308,11.258417,1780,47.116256,11.249898,1360,3510,NULL,1,'Brandstatt Alm',5,1,75,0,NULL,0,NULL,0,NULL,NULL,NULL,1,'Ja','Nein','http://www.brandstatt-alm.at','+43-664-3715044 (Brandstatt Alm)','Rodelbahn_Brandstattalm_2014-01-06.JPG',1,34,0);
INSERT INTO `wrsledruncache` VALUES (237,'Gleirschalm',NULL,47.194483,11.098946,47.188444,11.099407,1666,47.201107,11.100918,1515,1600,1,2,NULL,6,1,30,1,NULL,0,NULL,1,NULL,7,NULL,1,'Haus Holzer; St. Sigmund 46 (4€/Tag)','Nein',NULL,'+43-664-3254697 (Gleirsch Alm)','Rodelbahn_Gleirschalm_2014-03-22.JPG',1,21,0);
INSERT INTO `wrsledruncache` VALUES (251,'Juifenalm',NULL,47.169552,11.15699,47.16949,11.16207,2022,47.171528,11.144047,1430,4580,2,1,'Juifenalm',5,1,105,0,NULL,0,NULL,0,NULL,NULL,NULL,0,NULL,'Nein',NULL,'+43-664-5422090 (Juifenalm)','Rodelbahn Juifenalm 2009-12-15 ObersterAbschnitt.JPG',1,25,0);
INSERT INTO `wrsledruncache` VALUES (761,'Pleisenhütte_Axamer_Lizum',NULL,47.197153,11.292548,47.196139,11.292143,1808,47.196621,11.301152,1555,2000,1,1,NULL,6,1,50,0,NULL,0,NULL,0,NULL,NULL,NULL,1,'Ja','Nein',NULL,'+43-664-1971861 (Pleisenhütte)','Rodelbahn_Pleisenhuette_20100315.JPG',1,132,0);
INSERT INTO `wrsledruncache` VALUES (793,'Prantner_Alm',NULL,46.9225331,11.4718152,46.9273984,11.4779414,1831,46.9167146,11.4635969,1540,3700,NULL,1,'Prantner Alm',4,1,60,0,NULL,0,NULL,0,NULL,NULL,NULL,1,'[[Prantner Alm (Gasthaus)]]','Nein',NULL,'+39-3334-656009 (Prantner Alm)','Rodelbahn_Prantner_Alm_2014-01-08.JPG',1,186,0);
INSERT INTO `wrsledruncache` VALUES (926,'Hühnerspiel',NULL,46.943136,11.465,46.942239,11.468819,1866,46.953256,11.459509,1305,4560,3,1,'Nein',4,1,100,0,NULL,0,NULL,0,NULL,NULL,NULL,0,NULL,'Nein','Nein','+39-335-5666181 (Hühnerspielhütte)','Rodelbahn_Hühnerspiel_2011-02-06.jpg',1,171,0);
INSERT INTO `wrsledruncache` VALUES (1417,'Grindelwald_-_First',NULL,46.659931,8.053685,NULL,NULL,2166,NULL,NULL,1061,8600,3,2,'Jungfraubahnen Management AG',6,1,240,0.5,NULL,1,'Gondel (8:00/8:30 - 16:15/17:00)',0,NULL,NULL,NULL,1,'Intersport Grindelwald',NULL,'https://www.jungfrau.ch/de-ch/jungfrau-ski-region/wintersportinfo/','+41-33-8287728 (Schnee-Telefon)','Rodelbahn First 2012-01-22.jpg',1,224,0);
INSERT INTO `wrsledruncache` VALUES (1804,'Haunold',NULL,46.72396929,12.26995826,46.71796379,12.27819264,1494,46.73022048,12.2783643,1182,2500,2,1,'Sextner Dolomiten AG',NULL,0,NULL,0,'Aufstieg nicht erlaubt',1,'Sessellift',NULL,NULL,NULL,NULL,1,'Talstation Haunold Sessellift','Nein','http://www.s-dolomiten.com/de/bergbahnen-skigebiet/skiregion/rodelbahnen.html','+39-0474-710355 (Sextner Dolomiten AG)',NULL,1,NULL,1);



